-- https://www.phpmyadmin.net/
--

START TRANSACTION;



--
-- Database: `linkpaym_v1`
--

-- --------------------------------------------------------

--
-- Table structure for table `beritas`
--

CREATE TABLE `beritas` (
  `id` bigint(20) UNSIGNED NOT NULL,
  `path` varchar(255) DEFAULT NULL,
  `tipe` varchar(255) NOT NULL,
  `deskripsi` text DEFAULT NULL,
  `created_at` timestamp NULL DEFAULT NULL,
  `updated_at` timestamp NULL DEFAULT NULL
) ENGINE=InnoDB DEFAULT CHARSET=utf8mb4 COLLATE=utf8mb4_unicode_ci;

--
-- Dumping data for table `beritas`
--

INSERT INTO `beritas` (`id`, `path`, `tipe`, `deskripsi`, `created_at`, `updated_at`) VALUES
(277, '/assets/banner/1716443615_ee67bf8b83ed37b0f175.png', 'popupp', '&lt;p&gt;SELL SOURCE CODE 150RB&lt;/p&gt;&lt;p&gt;ORDER: 0821-1306-4552&lt;/p&gt;', '2025-04-01 11:15:58', '2025-04-01 11:15:58'),
(279, '/assets/banner/banner-neobank-bj.webp', 'banner', '&lt;p&gt;banner&lt;/p&gt;', '2025-04-01 11:49:10', '2025-04-01 11:49:10');

-- --------------------------------------------------------

--
-- Table structure for table `custom_inputs`
--

CREATE TABLE `custom_inputs` (
  `id` bigint(20) UNSIGNED NOT NULL,
  `kategori_id` varchar(255) CHARACTER SET utf8mb4 COLLATE utf8mb4_unicode_ci NOT NULL,
  `field_1` varchar(255) CHARACTER SET utf8mb4 COLLATE utf8mb4_unicode_ci NOT NULL,
  `field_2` varchar(255) CHARACTER SET utf8mb4 COLLATE utf8mb4_unicode_ci DEFAULT NULL,
  `field_select_title` varchar(5000) CHARACTER SET utf8mb4 COLLATE utf8mb4_unicode_ci DEFAULT NULL,
  `field_select` varchar(5000) CHARACTER SET utf8mb4 COLLATE utf8mb4_unicode_ci DEFAULT NULL
) ENGINE=InnoDB DEFAULT CHARSET=latin1 COLLATE=latin1_swedish_ci;



-- --------------------------------------------------------

--
-- Table structure for table `data_joki`
--

CREATE TABLE `data_joki` (
  `id` bigint(20) UNSIGNED NOT NULL,
  `order_id` text NOT NULL,
  `email_joki` text NOT NULL,
  `password_joki` text NOT NULL,
  `loginvia_joki` text NOT NULL,
  `nickname_joki` varchar(225) CHARACTER SET utf8mb4 COLLATE utf8mb4_unicode_ci NOT NULL,
  `request_joki` varchar(225) CHARACTER SET utf8mb4 COLLATE utf8mb4_unicode_ci NOT NULL,
  `catatan_joki` text CHARACTER SET utf8mb4 COLLATE utf8mb4_unicode_ci NOT NULL,
  `tglmain_joki` varchar(225) CHARACTER SET utf8mb4 COLLATE utf8mb4_unicode_ci NOT NULL,
  `jambooking_joki` varchar(225) CHARACTER SET utf8mb4 COLLATE utf8mb4_unicode_ci NOT NULL,
  `qty` bigint(30) DEFAULT NULL,
  `status_joki` text NOT NULL,
  `created_at` timestamp NULL DEFAULT NULL,
  `updated_at` timestamp NULL DEFAULT NULL
) ENGINE=MyISAM DEFAULT CHARSET=latin1 COLLATE=latin1_swedish_ci;

-- --------------------------------------------------------

--
-- Table structure for table `data_vilog`
--

CREATE TABLE `data_vilog` (
  `userid` varchar(225) NOT NULL,
  `serverid` varchar(225) NOT NULL,
  `email` varchar(225) NOT NULL,
  `password` varchar(255) NOT NULL,
  `pilihlogin` varchar(255) NOT NULL,
  `status_vilog` text CHARACTER SET utf8mb4 COLLATE utf8mb4_swedish_ci NOT NULL,
  `created_at` timestamp NULL DEFAULT NULL,
  `updated_at` timestamp NULL DEFAULT NULL
) ENGINE=InnoDB DEFAULT CHARSET=latin1 COLLATE=latin1_swedish_ci;

-- --------------------------------------------------------

--
-- Table structure for table `deposits`
--

CREATE TABLE `deposits` (
  `id` bigint(20) UNSIGNED NOT NULL,
  `order_id` varchar(255) NOT NULL,
  `username` varchar(255) NOT NULL,
  `metode` varchar(255) NOT NULL,
  `no_pembayaran` varchar(255) NOT NULL,
  `jumlah` bigint(20) NOT NULL,
  `status` enum('Success','Pending') NOT NULL,
  `created_at` timestamp NULL DEFAULT NULL,
  `updated_at` timestamp NULL DEFAULT NULL
) ENGINE=InnoDB DEFAULT CHARSET=utf8mb4 COLLATE=utf8mb4_unicode_ci;

-- --------------------------------------------------------

--
-- Table structure for table `failed_jobs`
--

CREATE TABLE `failed_jobs` (
  `id` bigint(20) UNSIGNED NOT NULL,
  `uuid` varchar(255) NOT NULL,
  `connection` text NOT NULL,
  `queue` text NOT NULL,
  `payload` longtext NOT NULL,
  `exception` longtext NOT NULL,
  `failed_at` timestamp NOT NULL DEFAULT current_timestamp()
) ENGINE=InnoDB DEFAULT CHARSET=utf8mb4 COLLATE=utf8mb4_unicode_ci;

-- --------------------------------------------------------

--
-- Table structure for table `kategoris`
--

CREATE TABLE `kategoris` (
  `id` bigint(20) UNSIGNED NOT NULL,
  `nama` varchar(255) NOT NULL,
  `sub_nama` varchar(225) NOT NULL,
  `kode` varchar(255) DEFAULT NULL,
  `brand` text DEFAULT NULL,
  `status` varchar(255) NOT NULL DEFAULT 'active',
  `thumbnail` varchar(255) NOT NULL,
  `banner` varchar(255) NOT NULL,
  `tipe` varchar(255) NOT NULL DEFAULT 'game',
  `server_id` tinyint(1) NOT NULL DEFAULT 0,
  `petunjuk` varchar(255) DEFAULT NULL,
  `deskripsi_game` text DEFAULT NULL,
  `deskripsi_field` text DEFAULT NULL,
  `keterangan_input_satu` varchar(255) DEFAULT NULL,
  `keterangan_input_dua` varchar(255) DEFAULT NULL,
  `placeholder_satu` varchar(255) DEFAULT NULL,
  `placeholder_dua` varchar(255) DEFAULT NULL,
  `created_at` timestamp NULL DEFAULT NULL,
  `updated_at` timestamp NULL DEFAULT NULL
) ENGINE=InnoDB DEFAULT CHARSET=utf8mb4 COLLATE=utf8mb4_unicode_ci;

--
-- Dumping data for table `kategoris`
--

INSERT INTO `kategoris` (`id`, `nama`, `sub_nama`, `kode`, `brand`, `status`, `thumbnail`, `banner`, `tipe`, `server_id`, `petunjuk`, `deskripsi_game`, `deskripsi_field`, `keterangan_input_satu`, `keterangan_input_dua`, `placeholder_satu`, `placeholder_dua`, `created_at`, `updated_at`) VALUES
(8507, 'MOBILE LEGENDS', 'Moonton', 'mobile-legends', 'MLBB', 'active', '/assets/thumbnail/b7fe0c2d447e4d061e1927472bd4fceed2c69f93.webp', '/assets/banner_game/20240514_161823.png', 'populer', 0, '/assets/petunjuk/16759351881649738625ML.jpg', '&lt;p&gt;Topup diamonds mobile legends harga paling murah.&lt;/p&gt;&lt;p&gt;Cara Topup :&lt;/p&gt;&lt;ol&gt;&lt;li&gt;Masukkan ID &amp; Server&lt;/li&gt;&lt;li&gt;Pilih nominal&lt;/li&gt;&lt;li&gt;Pilih metode pembayaran&lt;/li&gt;&lt;li&gt;Tulis kode promo (Jika ada)&lt;/li&gt;&lt;li&gt;Masukkan No. whatsapp&lt;/li&gt;&lt;li&gt;Klik pesan sekarang &amp; lakukan pembayaran&lt;/li&gt;&lt;li&gt;Selesai&lt;/li&gt;&lt;/ol&gt;', 'Contoh: 123455789 (12345) maka ID = 123456789 dan Server = 12345', 'User ID', 'Server', 'Ketikan ID', 'Ketikan Server', '2023-03-22 08:39:08', '2024-07-28 01:27:24'),
(8509, 'FREE FIRE', 'Garena', 'free-fire', 'FREE FIRE', 'active', '/assets/thumbnail/c732d17b8805dfe1f899ad95781d60b9bfdf7b52.webp', '/assets/banner_game/t7.jpg', 'populer', 0, NULL, '&lt;p&gt;Topup diamonds Free Fire harga paling murah.&lt;/p&gt;&lt;p&gt;Cara Topup :&lt;/p&gt;&lt;ol&gt;&lt;li style=&quot;box-sizing: border-box;&quot;&gt;&lt;font style=&quot;box-sizing: border-box;&quot;&gt;&lt;span style=&quot;box-sizing: border-box;&quot;&gt;Masukkan ID &lt;/span&gt;&lt;/font&gt;&lt;/li&gt;&lt;li style=&quot;box-sizing: border-box;&quot;&gt;&lt;font style=&quot;box-sizing: border-box;&quot;&gt;&lt;span style=&quot;box-sizing: border-box;&quot;&gt;Pilih nominal&lt;/span&gt;&lt;/font&gt;&lt;/li&gt;&lt;li style=&quot;box-sizing: border-box;&quot;&gt;&lt;font style=&quot;box-sizing: border-box;&quot;&gt;&lt;span style=&quot;box-sizing: border-box;&quot;&gt;Pilih metode pembayaran&lt;/span&gt;&lt;/font&gt;&lt;/li&gt;&lt;li style=&quot;box-sizing: border-box;&quot;&gt;&lt;font style=&quot;box-sizing: border-box;&quot;&gt;&lt;span style=&quot;box-sizing: border-box;&quot;&gt;Tulis kode promo (Jika ada)&lt;/span&gt;&lt;/font&gt;&lt;/li&gt;&lt;li style=&quot;box-sizing: border-box;&quot;&gt;&lt;font style=&quot;box-sizing: border-box;&quot;&gt;&lt;span style=&quot;box-sizing: border-box;&quot;&gt;Masukkan No. whatsapp&lt;/span&gt;&lt;/font&gt;&lt;/li&gt;&lt;li style=&quot;box-sizing: border-box;&quot;&gt;&lt;font style=&quot;box-sizing: border-box;&quot;&gt;&lt;span style=&quot;box-sizing: border-box;&quot;&gt;Klik pesan sekarang &amp; lakukan pembayaran&lt;/span&gt;&lt;/font&gt;&lt;/li&gt;&lt;li style=&quot;box-sizing: border-box;&quot;&gt;&lt;font style=&quot;box-sizing: border-box;&quot;&gt;&lt;span style=&quot;box-sizing: border-box;&quot;&gt;Diamonds otomatis masuk ke akun game kamu&lt;/span&gt;&lt;/font&gt;&lt;/li&gt;&lt;/ol&gt;', 'Contoh : 123456798', 'User ID', NULL, 'Ketikan UID', NULL, '2023-03-23 13:55:05', '2024-07-28 01:27:39'),
(8511, 'PUBG MOBILE', 'Tencent Games', 'pubg-mobile-tp', 'PUBG MOBILE', 'active', '/assets/thumbnail/71e8b7b803ff7b54b582ed66fd50fe28fafc8bb6.webp', '/assets/banner_game/neww.jpg', 'populer', 0, NULL, '&lt;p&gt;Top up UC PUBG Mobile harga paling murah, aman, cepat, dan terpercaya hanya di Ramstopup.id&lt;/p&gt;&lt;p&gt;Cara Topup :&lt;/p&gt;&lt;ol&gt;&lt;li style=&quot;box-sizing: border-box;&quot;&gt;&lt;font style=&quot;box-sizing: border-box;&quot;&gt;&lt;span style=&quot;box-sizing: border-box;&quot;&gt;Masukkan ID &lt;/span&gt;&lt;/font&gt;&lt;/li&gt;&lt;li style=&quot;box-sizing: border-box;&quot;&gt;&lt;font style=&quot;box-sizing: border-box;&quot;&gt;&lt;span style=&quot;box-sizing: border-box;&quot;&gt;Pilih nominal&lt;/span&gt;&lt;/font&gt;&lt;/li&gt;&lt;li style=&quot;box-sizing: border-box;&quot;&gt;&lt;font style=&quot;box-sizing: border-box;&quot;&gt;&lt;span style=&quot;box-sizing: border-box;&quot;&gt;Pilih metode pembayaran&lt;/span&gt;&lt;/font&gt;&lt;/li&gt;&lt;li style=&quot;box-sizing: border-box;&quot;&gt;&lt;font style=&quot;box-sizing: border-box;&quot;&gt;&lt;span style=&quot;box-sizing: border-box;&quot;&gt;Tulis kode promo (Jika ada)&lt;/span&gt;&lt;/font&gt;&lt;/li&gt;&lt;li style=&quot;box-sizing: border-box;&quot;&gt;&lt;font style=&quot;box-sizing: border-box;&quot;&gt;&lt;span style=&quot;box-sizing: border-box;&quot;&gt;Masukkan No. whatsapp&lt;/span&gt;&lt;/font&gt;&lt;/li&gt;&lt;li style=&quot;box-sizing: border-box;&quot;&gt;&lt;font style=&quot;box-sizing: border-box;&quot;&gt;&lt;span style=&quot;box-sizing: border-box;&quot;&gt;Klik pesan sekarang &amp; lakukan pembayaran&lt;/span&gt;&lt;/font&gt;&lt;/li&gt;&lt;li style=&quot;box-sizing: border-box;&quot;&gt;&lt;font style=&quot;box-sizing: border-box;&quot;&gt;&lt;span style=&quot;box-sizing: border-box;&quot;&gt;UC otomatis masuk ke akun game kamu&lt;/span&gt;&lt;/font&gt;&lt;/li&gt;&lt;/ol&gt;', 'Silahkan ketik UID PUBG anda pada kolom di atas Untuk mencari UID, silahkan cek di profil PUBG anda', 'User ID', NULL, 'Ketikan UID', NULL, '2023-03-23 13:59:49', '2024-07-28 01:27:55'),
(8629, 'Valorant', 'Riot Games', 'VALO', NULL, 'active', '/assets/thumbnail/8b8f09049cd554167f6e9788fba89ed30061422c.jpeg', '/assets/banner_game/20240414_123556.jpg', 'game', 0, NULL, '&lt;p&gt;Topup point Valorant harga paling murah, aman, cepat dan terpercaya hanya di Ramstopup.id&lt;/p&gt;&lt;p&gt;Cara topup :&lt;/p&gt;&lt;ol&gt;&lt;li&gt;Masukkan Data Akun&lt;/li&gt;&lt;li&gt;Pilih Nominal&lt;/li&gt;&lt;li&gt;Pilih Pembayaran&lt;/li&gt;&lt;li&gt;Masukkan Kode Promo (jika ada)&lt;/li&gt;&lt;li&gt;Isi Detail Kontak&lt;/li&gt;&lt;li&gt;Klik Pesan Sekarang dan lakukan Pembayaran&lt;/li&gt;&lt;li&gt;Selesai&lt;/li&gt;&lt;/ol&gt;', 'Contoh : Ramstopup#123', NULL, NULL, NULL, NULL, '2024-05-10 01:44:08', '2024-07-28 01:29:24'),
(8632, 'ARENA OF VALOR', 'Garena', 'arena-of-valor', NULL, 'active', '/assets/thumbnail/40466f2dae0d91d258a4b80cade0b4b75aa2e788.jpg', '/assets/banner_game/20240414_123518.jpg', 'populer', 0, NULL, '&lt;p&gt;Topup Arena Of Valor harga paling murah, aman, cepat dan terpercaya.&lt;/p&gt;&lt;p&gt;Cata Topup :&lt;/p&gt;&lt;ol&gt;&lt;li&gt;Masukkan Data Akun&lt;/li&gt;&lt;li&gt;Pilih Nominal&lt;/li&gt;&lt;li&gt;Pilih Metode Pembayaran&lt;/li&gt;&lt;li&gt;Isi Kode Promo (jika ada)&lt;/li&gt;&lt;li&gt;Isi Detaik Kontak&lt;/li&gt;&lt;li&gt;Klik Pesan Sekarang dan lakukan Pembayaran&lt;/li&gt;&lt;li&gt;Selesai&lt;/li&gt;&lt;/ol&gt;', 'Contoh : 123456789', NULL, NULL, NULL, NULL, '2024-05-11 17:04:23', '2024-07-28 01:29:44'),
(8633, 'One Punch Man', 'FingerFun', 'one-punch-man', NULL, 'active', '/assets/thumbnail/ea7a8a1ad784435d8d987785a2197e2f317cd224.jpeg', '/assets/banner_game/20240414_123641 (1).jpg', 'game', 0, NULL, '&lt;p&gt;Topup coupon One Punch Man : The Strongest harga paling murah, aman, cepat &amp; terpercaya&lt;/p&gt;&lt;p&gt;Cara Topup :&lt;/p&gt;&lt;ol&gt;&lt;li&gt;Masukkan Data Akun&lt;/li&gt;&lt;li&gt;Pilih Nominal&lt;/li&gt;&lt;li&gt;Pilih Pembayaran&lt;/li&gt;&lt;li&gt;Isi Kode Promo (jika ada)&lt;/li&gt;&lt;li&gt;Isi Detail Kontak&lt;/li&gt;&lt;li&gt;Klik Pesan Sekarang dan lakukan Pembayaran&lt;/li&gt;&lt;li&gt;Selesai&lt;/li&gt;&lt;/ol&gt;', 'Contoh UID: 12345679_123456 dan SID: 123456', NULL, NULL, NULL, NULL, '2024-05-12 11:26:47', '2024-07-28 01:23:06'),
(8634, 'Metal Slug : Awakening', 'VNGGAMES', 'metal-slug', NULL, 'active', '/assets/thumbnail/e0c2b8c5591979815c118198d6d7fa4820081d8c.webp', '/assets/banner_game/file-1703496690-ljek1d8u-67-metal-slug-awkening-4-1.png', 'game', 0, NULL, '&lt;div&gt; Top up Metal slug Awakening harga paling murah, aman, cepat, dan terpercaya.&lt;br&gt;&lt;br&gt;Cara topup :&lt;br&gt;1) Masukkan Data Akun&lt;br&gt;2) Pilih Nominal&lt;br&gt;3) Pilih Pembayaran&lt;br&gt;4) Masukkan Kode Promo (jika ada)&lt;br&gt;5) Isi Detail Kontak&lt;br&gt;6) Klik Pesan Sekarang dan lakukan Pembayaran&lt;br&gt;7) Selesai &lt;/div&gt;', 'Contoh : 23475012345678910', NULL, NULL, NULL, NULL, '2024-05-13 08:12:43', '2024-07-28 01:30:26'),
(8635, 'Sausage Man', 'X. D. Network', 'sausage-man', NULL, 'active', '/assets/thumbnail/074b6ef5f339c6c8ba74b9ec1d298cfc1efa4988.jpeg', '/assets/banner_game/sausage-man.webp', 'game', 0, NULL, '&lt;div&gt; Top up candies harga paling murah, aman, cepat, dan terpercaya.&lt;br&gt;&lt;br&gt;Cara topup :&lt;br&gt;1) Masukkan Data Akun&lt;br&gt;2) Pilih Nominal&lt;br&gt;3) Pilih Pembayaran&lt;br&gt;4) Masukkan Kode Promo (jika ada)&lt;br&gt;5) Isi Detail Kontak&lt;br&gt;6) Klik Pesan Sekarang dan lakukan Pembayaran&lt;br&gt;7) Selesai &lt;/div&gt;', 'Klik avatar yang terletak di pojok kiri atas layar utama. Anda dapat menemukan ID Karakter Anda tepat di bawah karakter sosis Anda.', NULL, NULL, NULL, NULL, '2024-05-14 01:18:02', '2024-07-28 01:30:50'),
(8636, 'FC Mobile', 'EA Sports', 'fc-mobile', NULL, 'active', '/assets/thumbnail/980a5358bf1e9ccacb0cfaa460d63aa15bc0d541.webp', '/assets/banner_game/fc-mobile-2.webp', 'game', 0, NULL, '&lt;p&gt;Topup FC Mobile harga paling murah, aman, cepat dan terpercaya&lt;/p&gt;&lt;p&gt;Cara Topup:&lt;/p&gt;&lt;ol&gt;&lt;li&gt;Masukkan Data Akun&lt;/li&gt;&lt;li&gt;Pilih Nominal Yang Kamu Inginkan&lt;/li&gt;&lt;li&gt;Pilih Metode Pembayaran&lt;/li&gt;&lt;li&gt;Isi Kode Promo (jika ada)&lt;/li&gt;&lt;li&gt;Isi Detail Kontak&lt;/li&gt;&lt;li&gt;Klik Pesan Sekarang dan lakukan Pembayaran&lt;/li&gt;&lt;li&gt;Selesai&lt;/li&gt;&lt;/ol&gt;', '', NULL, NULL, NULL, NULL, '2024-05-14 01:24:14', '2024-07-03 00:16:22'),
(8637, 'Undawn', 'Garena', 'garena-undawn', NULL, 'active', '/assets/thumbnail/271f99f3e47720b04f627d024fe3e4b077695f04.jpg', '/assets/banner_game/garena-undawn-2.webp', 'game', 0, NULL, '&lt;p&gt;Topup FC Mobile harga paling murah, aman, cepat dan terpercaya&lt;/p&gt;&lt;p&gt;Cara Topup:&lt;/p&gt;&lt;ol&gt;&lt;li&gt;Masukkan Data Akun&lt;/li&gt;&lt;li&gt;Pilih Nominal Yang Kamu Inginkan&lt;/li&gt;&lt;li&gt;Pilih Metode Pembayaran&lt;/li&gt;&lt;li&gt;Isi Kode Promo (jika ada)&lt;/li&gt;&lt;li&gt;Isi Detail Kontak&lt;/li&gt;&lt;li&gt;Klik Pesan Sekarang dan lakukan Pembayaran&lt;/li&gt;&lt;li&gt;Selesai&lt;/li&gt;&lt;/ol&gt;', '', NULL, NULL, NULL, NULL, '2024-05-14 01:26:22', '2024-07-05 05:15:34'),
(8642, 'Call of Duty MOBILE', 'Garena', 'call-of-duty-mobile', NULL, 'active', '/assets/thumbnail/ebf2c22ade852b9b8e3ebb4198495c6afdb66ac4.webp', '/assets/banner_game/codmm.webp', 'game', 0, NULL, '&lt;p&gt;TopUp CODM cash point Call Of Duty Mobile paling murah, aman, cepat dan terpercaya&lt;/p&gt;&lt;p&gt;Cara TopUp:&lt;/p&gt;&lt;ol&gt;&lt;li&gt;Masukkan Data Akun&lt;/li&gt;&lt;li&gt;Pilih Nominal&lt;/li&gt;&lt;li&gt;Pilih Pembayaran&lt;/li&gt;&lt;li&gt;Isi Kode Promo (jika ada)&lt;/li&gt;&lt;li&gt;Isi Detail Kontak&lt;/li&gt;&lt;li&gt;Klik Pesan Sekarang dan lakukan Pembayaran&lt;/li&gt;&lt;li&gt;Selesai&lt;/li&gt;&lt;/ol&gt;', 'Contoh : 123456789', NULL, NULL, NULL, NULL, '2024-05-24 22:51:33', '2024-07-24 19:26:44'),
(8647, 'Genshin Impact', 'HoYoverse', 'genshin-impact', NULL, 'active', '/assets/thumbnail/3a87b3622e913a33cb27bf22f333523406df0fe8.webp', '/assets/banner_game/6658bb159caed_genshim-impact_11zon.webp', 'populer', 0, NULL, '&lt;p&gt;Top up crystal Genshin Impact harga paling murah, aman, cepat dan terpercaya hanya di Ramstopup.id&lt;/p&gt;&lt;p&gt;Cara Topup :&lt;/p&gt;&lt;ol&gt;&lt;li style=&quot;box-sizing: border-box;&quot;&gt;&lt;font style=&quot;box-sizing: border-box;&quot;&gt;&lt;span style=&quot;box-sizing: border-box;&quot;&gt;Masukkan Data Akun&lt;/span&gt;&lt;/font&gt;&lt;/li&gt;&lt;li style=&quot;box-sizing: border-box;&quot;&gt;&lt;font style=&quot;box-sizing: border-box;&quot;&gt;&lt;span style=&quot;box-sizing: border-box;&quot;&gt;Pilih nominal&lt;/span&gt;&lt;/font&gt;&lt;/li&gt;&lt;li style=&quot;box-sizing: border-box;&quot;&gt;&lt;font style=&quot;box-sizing: border-box;&quot;&gt;&lt;span style=&quot;box-sizing: border-box;&quot;&gt;Pilih metode pembayaran&lt;/span&gt;&lt;/font&gt;&lt;/li&gt;&lt;li style=&quot;box-sizing: border-box;&quot;&gt;&lt;font style=&quot;box-sizing: border-box;&quot;&gt;&lt;span style=&quot;box-sizing: border-box;&quot;&gt;Tulis kode promo (Jika ada)&lt;/span&gt;&lt;/font&gt;&lt;/li&gt;&lt;li style=&quot;box-sizing: border-box;&quot;&gt;&lt;font style=&quot;box-sizing: border-box;&quot;&gt;&lt;span style=&quot;box-sizing: border-box;&quot;&gt;Masukkan No. whatsapp&lt;/span&gt;&lt;/font&gt;&lt;/li&gt;&lt;li style=&quot;box-sizing: border-box;&quot;&gt;&lt;font style=&quot;box-sizing: border-box;&quot;&gt;&lt;span style=&quot;box-sizing: border-box;&quot;&gt;Klik pesan sekarang &amp; lakukan pembayaran&lt;/span&gt;&lt;/font&gt;&lt;/li&gt;&lt;li style=&quot;box-sizing: border-box;&quot;&gt;&lt;font style=&quot;box-sizing: border-box;&quot;&gt;&lt;span style=&quot;box-sizing: border-box;&quot;&gt;Selesai&lt;/span&gt;&lt;/font&gt;&lt;/li&gt;&lt;/ol&gt;', 'Contoh : UID = 123456789, Server = Asia', NULL, NULL, NULL, NULL, '2024-05-30 17:44:53', '2024-07-28 01:31:44'),
(8648, '8 BALL POOL', 'Miniclip', '8-ball-pool', NULL, 'active', '/assets/thumbnail/d911798779648a6395c72f1152c5e14598a6297f.jpeg', '/assets/banner_game/6659b27f524c3_bffa674c-39fc-426d-bdad-f2c0e5d03175_11zon.webp', 'game', 0, NULL, '&lt;p&gt;Top up 8 Ball Pool harga paling murah, aman, cepat, dan terpercaya hanya di Ramstopup.id . &lt;/p&gt;&lt;p&gt;Cara Topup :&lt;/p&gt;&lt;ol&gt;&lt;li&gt;Masukkan ID &amp; Server&lt;/li&gt;&lt;li&gt;Pilih nominal&lt;/li&gt;&lt;li&gt;Pilih metode pembayaran&lt;/li&gt;&lt;li&gt;Tulis kode promo (Jika ada)&lt;/li&gt;&lt;li&gt;Masukkan No. whatsapp&lt;/li&gt;&lt;li&gt;Klik pesan sekarang &amp; lakukan pembayaran&lt;/li&gt;&lt;li&gt;Selesai&lt;/li&gt;&lt;/ol&gt;', '', NULL, NULL, NULL, NULL, '2024-05-31 11:20:31', '2024-07-28 01:32:45'),
(8665, 'Honor of Kings', 'Tencent Games', 'honor-of-kings-tp', NULL, 'active', '/assets/thumbnail/c663f0b4e66b14e1ac02582c6e5938dc82074f3c.jpg', '/assets/banner_game/1715855104516_180811.jpeg', 'populer', 0, NULL, '&lt;div&gt; Top up Honor Of Kings harga paling murah, aman, cepat, dan terpercaya.&lt;br&gt;&lt;br&gt;Cara topup :&lt;br&gt;1) Masukkan Data Akun&lt;br&gt;2) Pilih Nominal&lt;br&gt;3) Pilih Pembayaran&lt;br&gt;4) Masukkan Kode Promo (jika ada)&lt;br&gt;5) Isi Detail Kontak&lt;br&gt;6) Klik Pesan Sekarang dan lakukan Pembayaran&lt;br&gt;7) Selesai &lt;/div&gt;', 'Contoh : 123456789010', NULL, NULL, NULL, NULL, '2024-07-03 13:50:15', '2024-07-28 01:33:17'),
(8666, 'Clash Royale', 'Supercell', 'clash-royale', NULL, 'active', '/assets/thumbnail/20240506_093854_25_11zon.jpg', '/assets/banner_game/20240506_093854_25_11zon.jpg', 'game', 0, NULL, '&lt;div&gt; Top up Clash Royale harga paling murah, aman, cepat, dan terpercaya.&lt;br&gt;&lt;br&gt;Cara topup :&lt;br&gt;1) Masukkan Data Akun&lt;br&gt;2) Pilih Nominal&lt;br&gt;3) Pilih Pembayaran&lt;br&gt;4) Masukkan Kode Promo (jika ada)&lt;br&gt;5) Isi Detail Kontak&lt;br&gt;6) Klik Pesan Sekarang dan lakukan Pembayaran&lt;br&gt;7) Selesai &lt;/div&gt;', '', NULL, NULL, NULL, NULL, '2024-07-05 05:18:47', '2024-07-28 01:34:16'),
(8669, 'Telkomsel', 'telkomsel', 'pulsa-telkomswl', NULL, 'active', '/assets/thumbnail/cctv-10-design-template-54f48f424e5edb6626af12d8e4ce39b3_screen.jpg', '/assets/banner_game/800px-Flag_of_Indonesia.svg.png', 'pulsa', 0, NULL, '&lt;p&gt;Deskripsi game&lt;/p&gt;', 'Deskripsi field', NULL, NULL, NULL, NULL, '2025-04-08 04:29:02', '2025-04-08 04:29:02'),
(8671, 'Joki', 'Joki', 'joki', NULL, 'active', '/assets/thumbnail/LaporTrans.jpg', '/assets/banner_game/Pembelajaran-Coding-di-SD-Pentingnya-Mengembangkan-Keterampilan-Digital-Sejak-Dini-.jpeg', 'populer', 0, NULL, '&lt;p&gt;Joki&lt;/p&gt;', 'Joki', NULL, NULL, NULL, NULL, '2025-04-11 09:42:28', '2025-04-11 09:42:28');

-- --------------------------------------------------------

--
-- Table structure for table `layanans`
--

CREATE TABLE `layanans` (
  `id` bigint(20) UNSIGNED NOT NULL,
  `kategori_id` varchar(255) NOT NULL,
  `layanan` varchar(255) NOT NULL,
  `provider_id` varchar(255) NOT NULL,
  `harga` bigint(20) NOT NULL,
  `harga_member` bigint(20) NOT NULL,
  `harga_platinum` bigint(20) NOT NULL,
  `harga_gold` bigint(20) NOT NULL,
  `harga_flash_sale` bigint(20) DEFAULT 0,
  `profit` int(11) NOT NULL,
  `profit_member` int(11) NOT NULL,
  `profit_platinum` int(11) NOT NULL,
  `profit_gold` int(11) NOT NULL,
  `is_flash_sale` tinyint(4) NOT NULL DEFAULT 0,
  `judul_flash_sale` text DEFAULT NULL,
  `banner_flash_sale` text DEFAULT NULL,
  `stock_flash_sale` int(11) DEFAULT NULL,
  `expired_flash_sale` datetime DEFAULT NULL,
  `catatan` longtext NOT NULL,
  `status` varchar(255) NOT NULL,
  `provider` varchar(255) NOT NULL,
  `product_logo` varchar(255) DEFAULT NULL,
  `created_at` timestamp NULL DEFAULT NULL,
  `updated_at` timestamp NULL DEFAULT NULL
) ENGINE=InnoDB DEFAULT CHARSET=utf8mb4 COLLATE=utf8mb4_unicode_ci;

--
-- Dumping data for table `layanans`
--

INSERT INTO `layanans` (`id`, `kategori_id`, `layanan`, `provider_id`, `harga`, `harga_member`, `harga_platinum`, `harga_gold`, `harga_flash_sale`, `profit`, `profit_member`, `profit_platinum`, `profit_gold`, `is_flash_sale`, `judul_flash_sale`, `banner_flash_sale`, `stock_flash_sale`, `expired_flash_sale`, `catatan`, `status`, `provider`, `product_logo`, `created_at`, `updated_at`) VALUES
(6948, '8507', 'Demo Produk', 'DM1', 10500, 10500, 10500, 10500, 5000, 5, 5, 5, 5, 1, 'Flash Sale Demo', '', 50, '2025-04-30 12:00:00', '', 'available', 'manual', '', NULL, NULL),
(6949, '8509', 'Free Fire 5 Diamonds', 'FF5', 11000, 11000, 11000, 11000, 5000, 10, 10, 10, 10, 1, 'Diskon Spesial', '', 100, '2025-04-19 07:00:00', '', 'available', 'manual', '', NULL, NULL),
(6950, '8670', 'Joki Bintang 1', 'JK01', 11000, 11000, 11000, 11000, 0, 10, 10, 10, 10, 0, '', '', 0, '1970-01-01 07:00:00', '', 'available', 'manual', '', NULL, NULL);

-- --------------------------------------------------------

--
-- Table structure for table `methods`
--

CREATE TABLE `methods` (
  `id` int(11) NOT NULL,
  `name` varchar(55) CHARACTER SET utf8mb4 COLLATE utf8mb4_general_ci NOT NULL,
  `images` varchar(250) CHARACTER SET utf8mb4 COLLATE utf8mb4_general_ci NOT NULL,
  `code` varchar(100) CHARACTER SET utf8mb4 COLLATE utf8mb4_general_ci NOT NULL,
  `keterangan` varchar(250) CHARACTER SET utf8mb4 COLLATE utf8mb4_general_ci NOT NULL,
  `tipe` varchar(225) CHARACTER SET utf8mb4 COLLATE utf8mb4_general_ci NOT NULL,
  `payment` varchar(255) CHARACTER SET utf8mb4 COLLATE utf8mb4_unicode_ci NOT NULL,
  `created_at` timestamp NULL DEFAULT NULL,
  `updated_at` timestamp NULL DEFAULT NULL
) ENGINE=MyISAM DEFAULT CHARSET=latin1 COLLATE=latin1_swedish_ci;

--
-- Dumping data for table `methods`
--

INSERT INTO `methods` (`id`, `name`, `images`, `code`, `keterangan`, `tipe`, `payment`, `created_at`, `updated_at`) VALUES
(68, 'OVO', '/assets/thumbnail/f367ae56-ef1d-404d-959b-337e057966be.webp', 'OVOPUSH', 'Dicek Otomatis', 'e-walet', 'tokopay', '2023-09-07 07:26:22', '2024-09-13 11:47:36'),
(84, 'BNI Virtual Account', '/assets/thumbnail/7e064360-0b28-4ab7-ba4a-070e5b44910c.webp', 'BNIVA', 'Dicek Otomatis', 'virtual-account', 'tokopay', '2024-05-20 18:43:02', '2024-07-28 01:05:45'),
(45, 'ALFAMART', '/assets/thumbnail/fad50d38-fcef-41c4-8748-77b21d363090.webp', 'ALFAMART', 'Dicek Otomatis', 'convenience-store', 'tokopay', '2023-02-07 09:21:07', '2024-09-13 11:41:33'),
(46, 'INDOMARET', '/assets/thumbnail/5ad59de08cb178e08ff5a33449755e76.webp', 'INDOMARET', 'Dicek Otomatis', 'convenience-store', 'tokopay', '2023-02-07 09:21:46', '2024-09-13 11:41:39'),
(51, 'QRIS', '/assets/thumbnail/228eaf51-3975-494b-a2d1-12e48a5113a3.webp', 'QRISREALTIME', 'Dicek Otomatis', 'qris', 'tokopay', '2023-03-06 06:59:32', '2024-09-13 11:41:11'),
(104, 'DANA', '/assets/thumbnail/Logo_dana_blue.svg.png', 'DANA', 'Proses Otomatis', 'e-walet', 'tokopay', '2024-07-25 13:35:18', '2024-07-28 01:06:43'),
(55, 'SHOPEEPAY', '/assets/thumbnail/c1c40b81-c303-4119-a83c-34d51b72c1e6.webp', 'SHOPEEPAY', 'Dicek Otomatis', 'e-walet', 'tokopay', '2023-03-30 18:45:05', '2024-09-11 22:55:15'),
(85, 'BRI Virtual Account', '/assets/thumbnail/d839dcdf-1066-4308-a573-f8945f06639b.webp', 'BRIVA', 'Dicek Otomatis', 'virtual-account', 'tokopay', '2024-05-20 18:46:36', '2024-07-28 01:05:56'),
(65, 'BCA Virtual Account', '/assets/thumbnail/1b81fdd5-c37a-4c00-b9ab-3bbe3ef67138.webp', 'BCAVA', 'Dicek Otomatis', 'virtual-account', 'tokopay', '2023-03-30 18:57:37', '2024-09-13 11:41:56'),
(72, 'GOPAY', '/assets/thumbnail/5a3ead88-914d-46f1-8969-f5a73443a0fa.webp', 'GOPAY', 'Dicek Otomatis', 'e-walet', 'tokopay', '2023-12-05 19:15:12', '2024-07-28 01:05:03'),
(92, 'Saldo', '/assets/thumbnail/4bbil.webp', 'SALDO', 'Dicek Otomatis', 'SALDO', '', '2024-06-03 19:10:49', '2024-06-03 19:10:49'),
(73, 'LINKAJA', '/assets/thumbnail/9f852d9b-bb51-4272-8115-690ddc3c2d9f.webp', 'LINKAJA', 'Dicek Otomatis', 'e-walet', 'tokopay', '2023-12-05 19:15:42', '2024-07-28 01:05:18'),
(94, 'MANDIRI Virtual Account', '/assets/thumbnail/b2e45d21-006b-428d-b1bd-aa26987139b2.webp', 'MANDIRIVA', 'Dicek Otomatis', 'virtual-account', 'tokopay', '2024-06-05 04:26:26', '2024-07-28 01:06:33');

-- --------------------------------------------------------

--
-- Table structure for table `migrations`
--

CREATE TABLE `migrations` (
  `id` int(10) UNSIGNED NOT NULL,
  `migration` varchar(255) NOT NULL,
  `batch` int(11) NOT NULL
) ENGINE=InnoDB DEFAULT CHARSET=utf8mb4 COLLATE=utf8mb4_unicode_ci;

--
-- Dumping data for table `migrations`
--

INSERT INTO `migrations` (`id`, `migration`, `batch`) VALUES
(1, '2014_10_12_000000_create_users_table', 1),
(2, '2014_10_12_100000_create_password_resets_table', 1),
(3, '2019_08_19_000000_create_failed_jobs_table', 1),
(4, '2019_12_14_000001_create_personal_access_tokens_table', 1),
(5, '2022_01_26_082220_create_kategoris_table', 1),
(6, '2022_01_26_102949_create_layanans_table', 1),
(11, '2022_01_29_111105_create_pembelians_table', 2),
(12, '2022_01_29_111703_create_pembayarans_table', 2),
(13, '2022_02_01_152716_create_ovos_table', 3),
(14, '2022_02_01_152824_create_history__ovos_table', 3),
(15, '2022_02_01_155618_create_gojeks_table', 4),
(16, '2022_02_01_155927_create_history__gojeks_table', 4),
(17, '2022_02_02_081840_create_methode_pembayarans_table', 5),
(18, '2022_02_02_084003_create_beritas_table', 6),
(19, '2022_04_08_133307_create_layanan_ppobs_table', 7),
(20, '2022_04_27_141044_create_deposits_table', 8),
(21, '2024_04_30_002540_add_google2fa_secret_to_users_table', 9);

-- --------------------------------------------------------

--
-- Table structure for table `pakets`
--

CREATE TABLE `pakets` (
  `id` bigint(20) UNSIGNED NOT NULL,
  `nama` varchar(255) NOT NULL,
  `created_at` timestamp NULL DEFAULT NULL,
  `updated_at` timestamp NULL DEFAULT NULL
) ENGINE=InnoDB DEFAULT CHARSET=utf8mb4 COLLATE=utf8mb4_unicode_ci;

--
-- Dumping data for table `pakets`
--

INSERT INTO `pakets` (`id`, `nama`, `created_at`, `updated_at`) VALUES
(91, 'Special Items', '2023-12-07 04:46:49', '2023-12-11 13:01:54'),
(92, 'Weekly', '2023-12-07 06:03:13', '2024-07-24 23:14:33'),
(93, 'Paket Mini', '2023-12-07 06:36:55', '2023-12-07 06:36:55'),
(94, 'Paket Semi Sultan', '2023-12-07 06:39:49', '2023-12-07 06:39:49'),
(95, 'Paket Sultan', '2023-12-07 06:39:55', '2023-12-07 06:39:55'),
(96, 'Blessing of the Welkin Moon', '2023-12-07 08:13:27', '2023-12-07 08:13:27'),
(97, 'Genesis Crystals', '2023-12-07 08:13:42', '2023-12-07 08:13:42'),
(99, 'Region Global', '2023-12-07 08:32:05', '2024-09-14 11:26:01'),
(100, 'AOV Vouchers', '2023-12-07 10:29:57', '2023-12-07 10:29:57'),
(101, 'Valorant Points', '2023-12-07 10:40:17', '2023-12-07 10:40:17'),
(102, 'COD Points', '2023-12-07 11:44:03', '2023-12-07 11:48:54'),
(103, 'Membership (No Bind Garena)', '2023-12-07 12:19:15', '2023-12-07 12:19:15'),
(104, 'RC (All Bind)', '2023-12-07 12:19:43', '2023-12-07 13:17:29'),
(105, 'RC (No Bind Garena)', '2023-12-07 12:19:55', '2023-12-07 13:17:21'),
(106, 'Ruby Topup', '2023-12-07 15:16:23', '2023-12-07 15:16:23'),
(107, 'Candies Topup', '2023-12-07 16:15:25', '2023-12-07 16:15:25'),
(108, 'Gems Topup', '2023-12-07 16:35:49', '2023-12-07 16:35:49'),
(109, 'Wild Cores Topup', '2023-12-07 17:22:27', '2023-12-07 17:22:39'),
(110, 'Oneiric Shard', '2023-12-07 17:37:02', '2023-12-07 17:37:02'),
(111, 'Pulsa Reguler', '2023-12-07 17:58:33', '2023-12-07 17:58:33'),
(112, 'Pulsa Transfer', '2023-12-07 17:58:40', '2023-12-07 17:58:40'),
(113, 'Cash', '2023-12-07 18:13:15', '2023-12-07 18:13:15'),
(114, 'Coins', '2023-12-07 18:13:19', '2023-12-07 18:13:19'),
(115, 'Star Credits', '2023-12-07 18:34:33', '2023-12-07 18:34:33'),
(116, 'Coupon Topup', '2023-12-08 05:33:20', '2023-12-08 05:33:20'),
(117, 'FC Points', '2023-12-08 05:43:20', '2023-12-08 05:43:20'),
(118, 'Tokens and Gems Topup', '2023-12-08 07:37:59', '2023-12-08 07:37:59'),
(119, 'Crystals', '2023-12-08 07:56:59', '2023-12-08 07:56:59'),
(120, 'B-Chips', '2023-12-08 07:57:04', '2023-12-08 07:57:04'),
(121, 'Tokens Topup', '2023-12-08 08:23:29', '2023-12-08 08:23:29'),
(123, 'Supplies and Pack', '2023-12-08 19:00:07', '2023-12-08 19:00:07'),
(124, 'Voucher', '2023-12-10 11:35:49', '2023-12-10 11:35:49'),
(128, 'Saldo E-Money', '2023-12-10 17:48:35', '2023-12-10 17:48:35'),
(129, 'Zems', '2023-12-10 18:14:25', '2023-12-10 18:14:25'),
(130, 'Diamonds', '2023-12-12 11:15:44', '2023-12-12 11:15:44'),
(131, 'Credits Topup', '2023-12-16 14:02:26', '2023-12-16 14:02:26'),
(132, 'FMP Points', '2023-12-28 16:26:57', '2023-12-28 16:26:57'),
(133, 'Golds Topup', '2024-01-03 11:30:05', '2024-01-03 11:30:05'),
(134, 'Basic', '2024-01-05 08:32:39', '2024-01-05 08:32:39'),
(135, 'Standard', '2024-01-05 08:32:47', '2024-01-05 08:32:47'),
(136, 'Premium', '2024-01-05 08:33:14', '2024-01-05 08:33:14'),
(137, 'NC', '2024-01-07 08:16:42', '2024-01-07 08:16:42'),
(138, 'Echoes Topup', '2024-01-11 03:13:42', '2024-01-11 03:13:42'),
(139, 'Jewels Topup', '2024-01-11 03:14:19', '2024-01-11 03:14:19'),
(140, 'Nyan Berry Topup', '2024-01-11 03:25:13', '2024-01-11 03:25:13'),
(141, 'Package', '2024-01-11 03:26:08', '2024-01-11 03:26:08'),
(142, 'Star Quartz', '2024-01-11 07:51:16', '2024-01-11 07:51:16'),
(144, 'Android', '2024-01-16 02:03:49', '2024-01-16 02:03:49'),
(145, 'IOS', '2024-01-16 02:03:53', '2024-01-16 02:03:53'),
(146, '🎨 Coin', '2024-06-28 12:05:43', '2024-06-28 12:05:43'),
(147, '🎃 Cash', '2024-06-28 12:06:17', '2024-06-28 12:06:17'),
(149, 'Royale Pass', '2024-07-02 04:41:24', '2024-09-14 14:52:28'),
(150, 'Region Indo', '2024-07-02 04:41:33', '2024-09-14 11:25:14'),
(152, 'ML Vilog', '2024-07-02 20:32:41', '2024-07-02 20:32:41'),
(153, 'Tes', '2024-07-24 20:22:11', '2024-07-24 20:22:11'),
(154, 'Murah Bangett', '2024-07-24 23:01:14', '2024-07-24 23:01:14'),
(155, 'Top Up', '2024-07-24 23:05:27', '2024-09-25 11:29:04'),
(156, 'Membership', '2024-07-25 01:19:31', '2024-07-25 01:19:31'),
(157, 'Top Up Instant', '2024-07-28 01:14:14', '2024-09-14 17:28:01'),
(158, 'Joki Rank / Star', '2024-08-09 18:31:28', '2024-08-09 18:31:28'),
(159, 'DM', '2024-09-13 15:42:13', '2024-09-13 15:42:13'),
(160, 'Ruby', '2024-09-13 22:28:49', '2024-09-13 22:28:49'),
(161, 'Paket Internet', '2024-09-25 19:02:50', '2024-09-25 19:02:50'),
(162, 'Joki Classic / Win', '2024-09-26 12:32:46', '2024-09-26 12:33:07');

-- --------------------------------------------------------

--
-- Table structure for table `paket_layanans`
--

CREATE TABLE `paket_layanans` (
  `id` int(10) UNSIGNED NOT NULL,
  `paket_id` int(10) UNSIGNED NOT NULL,
  `layanan_id` int(10) UNSIGNED NOT NULL,
  `product_logo` varchar(225) NOT NULL,
  `created_at` timestamp NULL DEFAULT NULL,
  `updated_at` timestamp NULL DEFAULT NULL
) ENGINE=MyISAM DEFAULT CHARSET=latin1 COLLATE=latin1_swedish_ci;

--
-- Dumping data for table `paket_layanans`
--

INSERT INTO `paket_layanans` (`id`, `paket_id`, `layanan_id`, `product_logo`, `created_at`, `updated_at`) VALUES
(2973, 92, 5140, '/assets/product_logo/mtz6r7GYm3D2YXL.webp', '2024-07-24 23:15:18', '2024-07-24 23:15:18'),
(2955, 148, 4949, '/assets/product_logo/yctTGNJgPl61XwO.webp', '2024-07-24 19:18:55', '2024-07-24 19:18:55'),
(2956, 148, 4950, '/assets/product_logo/yctTGNJgPl61XwO.webp', '2024-07-24 19:18:55', '2024-07-24 19:18:55'),
(2957, 148, 4951, '/assets/product_logo/yctTGNJgPl61XwO.webp', '2024-07-24 19:18:55', '2024-07-24 19:18:55'),
(2958, 153, 4955, '/assets/product_logo/ZtYxN5wkKUNND0G.png', '2024-07-24 20:23:12', '2024-07-24 20:23:12'),
(2959, 130, 4971, '/assets/product_logo/h9yyyzIYj4T5X82.webp', '2024-07-24 21:02:06', '2024-07-24 21:02:06'),
(2960, 130, 4956, '/assets/product_logo/h9yyyzIYj4T5X82.webp', '2024-07-24 21:02:06', '2024-07-24 21:02:06'),
(2961, 130, 4958, '/assets/product_logo/h9yyyzIYj4T5X82.webp', '2024-07-24 21:02:06', '2024-07-24 21:02:06'),
(2962, 130, 4963, '/assets/product_logo/h9yyyzIYj4T5X82.webp', '2024-07-24 21:02:06', '2024-07-24 21:02:06'),
(2963, 130, 4968, '/assets/product_logo/h9yyyzIYj4T5X82.webp', '2024-07-24 21:02:06', '2024-07-24 21:02:06'),
(2964, 130, 4970, '/assets/product_logo/h9yyyzIYj4T5X82.webp', '2024-07-24 21:02:06', '2024-07-24 21:02:06'),
(2965, 130, 4972, '/assets/product_logo/h9yyyzIYj4T5X82.webp', '2024-07-24 21:02:06', '2024-07-24 21:02:06'),
(2966, 130, 4973, '/assets/product_logo/h9yyyzIYj4T5X82.webp', '2024-07-24 21:02:06', '2024-07-24 21:02:06'),
(2967, 130, 4974, '/assets/product_logo/h9yyyzIYj4T5X82.webp', '2024-07-24 21:02:06', '2024-07-24 21:02:06'),
(2968, 130, 4975, '/assets/product_logo/h9yyyzIYj4T5X82.webp', '2024-07-24 21:02:06', '2024-07-24 21:02:06'),
(2969, 130, 4957, '/assets/product_logo/h9yyyzIYj4T5X82.webp', '2024-07-24 21:02:06', '2024-07-24 21:02:06'),
(2970, 130, 4959, '/assets/product_logo/h9yyyzIYj4T5X82.webp', '2024-07-24 21:02:06', '2024-07-24 21:02:06'),
(2971, 130, 4960, '/assets/product_logo/h9yyyzIYj4T5X82.webp', '2024-07-24 21:02:06', '2024-07-24 21:02:06'),
(2972, 130, 4961, '/assets/product_logo/h9yyyzIYj4T5X82.webp', '2024-07-24 21:02:06', '2024-07-24 21:02:06'),
(2974, 92, 5141, '/assets/product_logo/mtz6r7GYm3D2YXL.webp', '2024-07-24 23:15:18', '2024-07-24 23:15:18'),
(2975, 92, 5142, '/assets/product_logo/mtz6r7GYm3D2YXL.webp', '2024-07-24 23:15:18', '2024-07-24 23:15:18'),
(2976, 92, 5144, '/assets/product_logo/mtz6r7GYm3D2YXL.webp', '2024-07-24 23:15:18', '2024-07-24 23:15:18'),
(2977, 92, 5145, '/assets/product_logo/mtz6r7GYm3D2YXL.webp', '2024-07-24 23:15:18', '2024-07-24 23:15:18'),
(2993, 155, 5056, '/assets/product_logo/qgvftTSd48Xhmnp.webp', '2024-07-24 23:43:56', '2024-07-24 23:43:56'),
(2979, 154, 5007, '/assets/product_logo/W6FJtQ4Xb02zofz.webp', '2024-07-24 23:18:00', '2024-07-24 23:18:00'),
(2980, 154, 4966, '/assets/product_logo/W6FJtQ4Xb02zofz.webp', '2024-07-24 23:18:00', '2024-07-24 23:18:00'),
(2981, 154, 5017, '/assets/product_logo/W6FJtQ4Xb02zofz.webp', '2024-07-24 23:18:00', '2024-07-24 23:18:00'),
(2982, 154, 5021, '/assets/product_logo/W6FJtQ4Xb02zofz.webp', '2024-07-24 23:18:00', '2024-07-24 23:18:00'),
(2983, 154, 5042, '/assets/product_logo/W6FJtQ4Xb02zofz.webp', '2024-07-24 23:18:00', '2024-07-24 23:18:00'),
(2984, 154, 4979, '/assets/product_logo/W6FJtQ4Xb02zofz.webp', '2024-07-24 23:18:00', '2024-07-24 23:18:00'),
(2985, 154, 5064, '/assets/product_logo/W6FJtQ4Xb02zofz.webp', '2024-07-24 23:18:00', '2024-07-24 23:18:00'),
(2986, 154, 4993, '/assets/product_logo/W6FJtQ4Xb02zofz.webp', '2024-07-24 23:18:00', '2024-07-24 23:18:00'),
(2987, 154, 5081, '/assets/product_logo/W6FJtQ4Xb02zofz.webp', '2024-07-24 23:18:00', '2024-07-24 23:18:00'),
(2988, 154, 5084, '/assets/product_logo/W6FJtQ4Xb02zofz.webp', '2024-07-24 23:18:00', '2024-07-24 23:18:00'),
(2989, 154, 5006, '/assets/product_logo/W6FJtQ4Xb02zofz.webp', '2024-07-24 23:18:00', '2024-07-24 23:18:00'),
(2990, 154, 5012, '/assets/product_logo/W6FJtQ4Xb02zofz.webp', '2024-07-24 23:18:00', '2024-07-24 23:18:00'),
(2991, 154, 5019, '/assets/product_logo/W6FJtQ4Xb02zofz.webp', '2024-07-24 23:18:00', '2024-07-24 23:18:00'),
(2992, 154, 5029, '/assets/product_logo/W6FJtQ4Xb02zofz.webp', '2024-07-24 23:18:00', '2024-07-24 23:18:00'),
(2994, 155, 4977, '/assets/product_logo/qgvftTSd48Xhmnp.webp', '2024-07-24 23:43:56', '2024-07-24 23:43:56'),
(2995, 155, 5139, '/assets/product_logo/qgvftTSd48Xhmnp.webp', '2024-07-24 23:43:56', '2024-07-24 23:43:56'),
(2996, 155, 4981, '/assets/product_logo/qgvftTSd48Xhmnp.webp', '2024-07-24 23:43:56', '2024-07-24 23:43:56'),
(2997, 155, 4984, '/assets/product_logo/qgvftTSd48Xhmnp.webp', '2024-07-24 23:43:56', '2024-07-24 23:43:56'),
(2998, 155, 4987, '/assets/product_logo/qgvftTSd48Xhmnp.webp', '2024-07-24 23:43:56', '2024-07-24 23:43:56'),
(2999, 155, 5070, '/assets/product_logo/qgvftTSd48Xhmnp.webp', '2024-07-24 23:43:56', '2024-07-24 23:43:56'),
(3000, 155, 4990, '/assets/product_logo/qgvftTSd48Xhmnp.webp', '2024-07-24 23:43:56', '2024-07-24 23:43:56'),
(3001, 155, 5077, '/assets/product_logo/qgvftTSd48Xhmnp.webp', '2024-07-24 23:43:56', '2024-07-24 23:43:56'),
(3002, 155, 4998, '/assets/product_logo/qgvftTSd48Xhmnp.webp', '2024-07-24 23:43:56', '2024-07-24 23:43:56'),
(3003, 155, 5005, '/assets/product_logo/qgvftTSd48Xhmnp.webp', '2024-07-24 23:43:56', '2024-07-24 23:43:56'),
(3004, 155, 5008, '/assets/product_logo/qgvftTSd48Xhmnp.webp', '2024-07-24 23:43:56', '2024-07-24 23:43:56'),
(3005, 155, 5010, '/assets/product_logo/qgvftTSd48Xhmnp.webp', '2024-07-24 23:43:56', '2024-07-24 23:43:56'),
(3006, 155, 5024, '/assets/product_logo/qgvftTSd48Xhmnp.webp', '2024-07-24 23:43:56', '2024-07-24 23:43:56'),
(3007, 155, 5114, '/assets/product_logo/qgvftTSd48Xhmnp.webp', '2024-07-24 23:43:56', '2024-07-24 23:43:56'),
(3008, 155, 5033, '/assets/product_logo/qgvftTSd48Xhmnp.webp', '2024-07-24 23:43:56', '2024-07-24 23:43:56'),
(3009, 155, 5037, '/assets/product_logo/qgvftTSd48Xhmnp.webp', '2024-07-24 23:43:56', '2024-07-24 23:43:56'),
(3010, 155, 5121, '/assets/product_logo/qgvftTSd48Xhmnp.webp', '2024-07-24 23:43:56', '2024-07-24 23:43:56'),
(3011, 155, 5040, '/assets/product_logo/qgvftTSd48Xhmnp.webp', '2024-07-24 23:43:56', '2024-07-24 23:43:56'),
(3012, 155, 5041, '/assets/product_logo/qgvftTSd48Xhmnp.webp', '2024-07-24 23:43:56', '2024-07-24 23:43:56'),
(3013, 155, 5046, '/assets/product_logo/qgvftTSd48Xhmnp.webp', '2024-07-24 23:43:56', '2024-07-24 23:43:56'),
(3014, 155, 5127, '/assets/product_logo/qgvftTSd48Xhmnp.webp', '2024-07-24 23:43:56', '2024-07-24 23:43:56'),
(3015, 155, 5130, '/assets/product_logo/qgvftTSd48Xhmnp.webp', '2024-07-24 23:43:56', '2024-07-24 23:43:56'),
(3016, 155, 5131, '/assets/product_logo/qgvftTSd48Xhmnp.webp', '2024-07-24 23:43:56', '2024-07-24 23:43:56'),
(3017, 155, 5136, '/assets/product_logo/qgvftTSd48Xhmnp.webp', '2024-07-24 23:43:56', '2024-07-24 23:43:56'),
(3018, 155, 5137, '/assets/product_logo/qgvftTSd48Xhmnp.webp', '2024-07-24 23:43:56', '2024-07-24 23:43:56'),
(3019, 155, 5060, '/assets/product_logo/qgvftTSd48Xhmnp.webp', '2024-07-24 23:43:56', '2024-07-24 23:43:56'),
(3020, 155, 5067, '/assets/product_logo/qgvftTSd48Xhmnp.webp', '2024-07-24 23:43:56', '2024-07-24 23:43:56'),
(3021, 155, 4992, '/assets/product_logo/qgvftTSd48Xhmnp.webp', '2024-07-24 23:43:56', '2024-07-24 23:43:56'),
(3022, 155, 4994, '/assets/product_logo/qgvftTSd48Xhmnp.webp', '2024-07-24 23:43:56', '2024-07-24 23:43:56'),
(3023, 155, 5000, '/assets/product_logo/qgvftTSd48Xhmnp.webp', '2024-07-24 23:43:56', '2024-07-24 23:43:56'),
(3024, 155, 5085, '/assets/product_logo/qgvftTSd48Xhmnp.webp', '2024-07-24 23:43:56', '2024-07-24 23:43:56'),
(3025, 155, 5086, '/assets/product_logo/qgvftTSd48Xhmnp.webp', '2024-07-24 23:43:56', '2024-07-24 23:43:56'),
(3026, 155, 5096, '/assets/product_logo/qgvftTSd48Xhmnp.webp', '2024-07-24 23:43:56', '2024-07-24 23:43:56'),
(3027, 155, 5091, '/assets/product_logo/xw7vLkORtDGWgPO.webp', '2024-07-24 23:45:25', '2024-07-24 23:45:25'),
(3028, 155, 4967, '/assets/product_logo/xw7vLkORtDGWgPO.webp', '2024-07-24 23:45:25', '2024-07-24 23:45:25'),
(3029, 155, 5018, '/assets/product_logo/xw7vLkORtDGWgPO.webp', '2024-07-24 23:45:25', '2024-07-24 23:45:25'),
(3030, 155, 5102, '/assets/product_logo/xw7vLkORtDGWgPO.webp', '2024-07-24 23:45:25', '2024-07-24 23:45:25'),
(3031, 155, 5104, '/assets/product_logo/xw7vLkORtDGWgPO.webp', '2024-07-24 23:45:25', '2024-07-24 23:45:25'),
(3032, 155, 5105, '/assets/product_logo/xw7vLkORtDGWgPO.webp', '2024-07-24 23:45:25', '2024-07-24 23:45:25'),
(3033, 155, 5025, '/assets/product_logo/xw7vLkORtDGWgPO.webp', '2024-07-24 23:45:25', '2024-07-24 23:45:25'),
(3034, 155, 5108, '/assets/product_logo/xw7vLkORtDGWgPO.webp', '2024-07-24 23:45:25', '2024-07-24 23:45:25'),
(3035, 155, 5109, '/assets/product_logo/xw7vLkORtDGWgPO.webp', '2024-07-24 23:45:25', '2024-07-24 23:45:25'),
(3036, 155, 5031, '/assets/product_logo/xw7vLkORtDGWgPO.webp', '2024-07-24 23:45:25', '2024-07-24 23:45:25'),
(3037, 155, 5117, '/assets/product_logo/xw7vLkORtDGWgPO.webp', '2024-07-24 23:45:25', '2024-07-24 23:45:25'),
(3038, 155, 5120, '/assets/product_logo/xw7vLkORtDGWgPO.webp', '2024-07-24 23:45:25', '2024-07-24 23:45:25'),
(3039, 155, 5126, '/assets/product_logo/xw7vLkORtDGWgPO.webp', '2024-07-24 23:45:25', '2024-07-24 23:45:25'),
(3040, 155, 5125, '/assets/product_logo/xw7vLkORtDGWgPO.webp', '2024-07-24 23:45:25', '2024-07-24 23:45:25'),
(3041, 155, 5047, '/assets/product_logo/xw7vLkORtDGWgPO.webp', '2024-07-24 23:45:25', '2024-07-24 23:45:25'),
(3042, 155, 5134, '/assets/product_logo/xw7vLkORtDGWgPO.webp', '2024-07-24 23:45:25', '2024-07-24 23:45:25'),
(3043, 155, 5133, '/assets/product_logo/xw7vLkORtDGWgPO.webp', '2024-07-24 23:45:25', '2024-07-24 23:45:25'),
(3044, 155, 5138, '/assets/product_logo/xw7vLkORtDGWgPO.webp', '2024-07-24 23:45:25', '2024-07-24 23:45:25'),
(3045, 156, 5256, '/assets/product_logo/rgoqlzoUlSYjOSA.webp', '2024-07-25 01:23:03', '2024-07-25 01:23:03'),
(3046, 156, 5257, '/assets/product_logo/eQynhebs5PuXvIY.webp', '2024-07-25 01:23:32', '2024-07-25 01:23:32'),
(3047, 156, 5254, '/assets/product_logo/7CAmtbd1pWfyGMK.webp', '2024-07-25 01:24:04', '2024-07-25 01:24:04'),
(3048, 156, 5255, '/assets/product_logo/RP0Reu4meqXTuty.webp', '2024-07-25 01:24:48', '2024-07-25 01:24:48'),
(3049, 155, 5169, '/assets/product_logo/uJtLgfHbEJAERB9.webp', '2024-07-25 01:25:57', '2024-07-25 01:25:57'),
(3050, 155, 5182, '/assets/product_logo/uJtLgfHbEJAERB9.webp', '2024-07-25 01:25:57', '2024-07-25 01:25:57'),
(3051, 155, 5224, '/assets/product_logo/uJtLgfHbEJAERB9.webp', '2024-07-25 01:25:57', '2024-07-25 01:25:57'),
(3052, 155, 5198, '/assets/product_logo/uJtLgfHbEJAERB9.webp', '2024-07-25 01:25:57', '2024-07-25 01:25:57'),
(3053, 155, 5242, '/assets/product_logo/uJtLgfHbEJAERB9.webp', '2024-07-25 01:25:57', '2024-07-25 01:25:57'),
(3054, 155, 5175, '/assets/product_logo/uJtLgfHbEJAERB9.webp', '2024-07-25 01:25:57', '2024-07-25 01:25:57'),
(3055, 155, 5147, '/assets/product_logo/uJtLgfHbEJAERB9.webp', '2024-07-25 01:25:57', '2024-07-25 01:25:57'),
(3056, 155, 5153, '/assets/product_logo/uJtLgfHbEJAERB9.webp', '2024-07-25 01:25:57', '2024-07-25 01:25:57'),
(3057, 155, 5155, '/assets/product_logo/uJtLgfHbEJAERB9.webp', '2024-07-25 01:25:57', '2024-07-25 01:25:57'),
(3058, 155, 5192, '/assets/product_logo/uJtLgfHbEJAERB9.webp', '2024-07-25 01:25:57', '2024-07-25 01:25:57'),
(3059, 155, 5193, '/assets/product_logo/uJtLgfHbEJAERB9.webp', '2024-07-25 01:25:57', '2024-07-25 01:25:57'),
(3060, 155, 5194, '/assets/product_logo/uJtLgfHbEJAERB9.webp', '2024-07-25 01:25:57', '2024-07-25 01:25:57'),
(3061, 155, 5196, '/assets/product_logo/uJtLgfHbEJAERB9.webp', '2024-07-25 01:25:57', '2024-07-25 01:25:57'),
(3062, 155, 5233, '/assets/product_logo/uJtLgfHbEJAERB9.webp', '2024-07-25 01:25:57', '2024-07-25 01:25:57'),
(3063, 155, 5235, '/assets/product_logo/uJtLgfHbEJAERB9.webp', '2024-07-25 01:25:57', '2024-07-25 01:25:57'),
(3064, 155, 5165, '/assets/product_logo/uJtLgfHbEJAERB9.webp', '2024-07-25 01:25:57', '2024-07-25 01:25:57'),
(3065, 155, 5204, '/assets/product_logo/uJtLgfHbEJAERB9.webp', '2024-07-25 01:25:57', '2024-07-25 01:25:57'),
(3066, 155, 5172, '/assets/product_logo/uJtLgfHbEJAERB9.webp', '2024-07-25 01:25:57', '2024-07-25 01:25:57'),
(3067, 155, 5173, '/assets/product_logo/uJtLgfHbEJAERB9.webp', '2024-07-25 01:25:57', '2024-07-25 01:25:57'),
(3068, 155, 5174, '/assets/product_logo/uJtLgfHbEJAERB9.webp', '2024-07-25 01:25:57', '2024-07-25 01:25:57'),
(3069, 155, 5212, '/assets/product_logo/uJtLgfHbEJAERB9.webp', '2024-07-25 01:25:57', '2024-07-25 01:25:57'),
(3070, 155, 5215, '/assets/product_logo/mjSCjeezGTUH1PR.webp', '2024-07-25 01:27:24', '2024-07-25 01:27:24'),
(3071, 155, 5180, '/assets/product_logo/mjSCjeezGTUH1PR.webp', '2024-07-25 01:27:24', '2024-07-25 01:27:24'),
(3072, 155, 5217, '/assets/product_logo/mjSCjeezGTUH1PR.webp', '2024-07-25 01:27:24', '2024-07-25 01:27:24'),
(3073, 155, 5185, '/assets/product_logo/mjSCjeezGTUH1PR.webp', '2024-07-25 01:27:24', '2024-07-25 01:27:24'),
(3074, 155, 5222, '/assets/product_logo/mjSCjeezGTUH1PR.webp', '2024-07-25 01:27:24', '2024-07-25 01:27:24'),
(3075, 155, 5187, '/assets/product_logo/mjSCjeezGTUH1PR.webp', '2024-07-25 01:27:24', '2024-07-25 01:27:24'),
(3076, 155, 5190, '/assets/product_logo/mjSCjeezGTUH1PR.webp', '2024-07-25 01:27:24', '2024-07-25 01:27:24'),
(3077, 155, 5195, '/assets/product_logo/mjSCjeezGTUH1PR.webp', '2024-07-25 01:27:24', '2024-07-25 01:27:24'),
(3078, 155, 5202, '/assets/product_logo/mjSCjeezGTUH1PR.webp', '2024-07-25 01:27:24', '2024-07-25 01:27:24'),
(3079, 155, 5177, '/assets/product_logo/mjSCjeezGTUH1PR.webp', '2024-07-25 01:27:24', '2024-07-25 01:27:24'),
(3080, 155, 5167, '/assets/product_logo/mjSCjeezGTUH1PR.webp', '2024-07-25 01:27:24', '2024-07-25 01:27:24'),
(3081, 155, 5178, '/assets/product_logo/mjSCjeezGTUH1PR.webp', '2024-07-25 01:27:24', '2024-07-25 01:27:24'),
(3082, 155, 5261, '/assets/product_logo/RjBsaGehdBlbQJg.webp', '2024-07-25 01:45:27', '2024-07-25 01:45:27'),
(3083, 155, 5265, '/assets/product_logo/RjBsaGehdBlbQJg.webp', '2024-07-25 01:45:27', '2024-07-25 01:45:27'),
(3084, 155, 5260, '/assets/product_logo/RjBsaGehdBlbQJg.webp', '2024-07-25 01:45:27', '2024-07-25 01:45:27'),
(3085, 155, 5262, '/assets/product_logo/RjBsaGehdBlbQJg.webp', '2024-07-25 01:45:27', '2024-07-25 01:45:27'),
(3086, 155, 5263, '/assets/product_logo/RjBsaGehdBlbQJg.webp', '2024-07-25 01:45:27', '2024-07-25 01:45:27'),
(3087, 155, 5264, '/assets/product_logo/RjBsaGehdBlbQJg.webp', '2024-07-25 01:45:27', '2024-07-25 01:45:27'),
(3088, 155, 5266, '/assets/product_logo/RjBsaGehdBlbQJg.webp', '2024-07-25 01:45:27', '2024-07-25 01:45:27'),
(3089, 155, 5268, '/assets/product_logo/RjBsaGehdBlbQJg.webp', '2024-07-25 01:45:27', '2024-07-25 01:45:27'),
(3090, 155, 5259, '/assets/product_logo/RjBsaGehdBlbQJg.webp', '2024-07-25 01:45:27', '2024-07-25 01:45:27'),
(3091, 155, 5267, '/assets/product_logo/RjBsaGehdBlbQJg.webp', '2024-07-25 01:45:27', '2024-07-25 01:45:27'),
(3092, 155, 5258, '/assets/product_logo/RjBsaGehdBlbQJg.webp', '2024-07-25 01:45:27', '2024-07-25 01:45:27'),
(3093, 155, 5272, '/assets/product_logo/uU2LahBerWvdxjh.webp', '2024-07-25 14:26:18', '2024-07-25 14:26:18'),
(3094, 155, 5275, '/assets/product_logo/uU2LahBerWvdxjh.webp', '2024-07-25 14:26:18', '2024-07-25 14:26:18'),
(3095, 155, 5270, '/assets/product_logo/uU2LahBerWvdxjh.webp', '2024-07-25 14:26:18', '2024-07-25 14:26:18'),
(3096, 155, 5273, '/assets/product_logo/uU2LahBerWvdxjh.webp', '2024-07-25 14:26:18', '2024-07-25 14:26:18'),
(3097, 155, 5276, '/assets/product_logo/uU2LahBerWvdxjh.webp', '2024-07-25 14:26:18', '2024-07-25 14:26:18'),
(3098, 155, 5269, '/assets/product_logo/uU2LahBerWvdxjh.webp', '2024-07-25 14:26:18', '2024-07-25 14:26:18'),
(3099, 155, 5271, '/assets/product_logo/uU2LahBerWvdxjh.webp', '2024-07-25 14:26:18', '2024-07-25 14:26:18'),
(3100, 155, 5274, '/assets/product_logo/uU2LahBerWvdxjh.webp', '2024-07-25 14:26:18', '2024-07-25 14:26:18'),
(3101, 155, 5280, '/assets/product_logo/yZzlCGT5V31d5lb.webp', '2024-07-25 14:27:57', '2024-07-25 14:27:57'),
(3102, 155, 5278, '/assets/product_logo/yZzlCGT5V31d5lb.webp', '2024-07-25 14:27:57', '2024-07-25 14:27:57'),
(3103, 155, 5284, '/assets/product_logo/yZzlCGT5V31d5lb.webp', '2024-07-25 14:27:57', '2024-07-25 14:27:57'),
(3104, 155, 5285, '/assets/product_logo/yZzlCGT5V31d5lb.webp', '2024-07-25 14:27:57', '2024-07-25 14:27:57'),
(3105, 155, 5286, '/assets/product_logo/yZzlCGT5V31d5lb.webp', '2024-07-25 14:27:57', '2024-07-25 14:27:57'),
(3106, 155, 5282, '/assets/product_logo/yZzlCGT5V31d5lb.webp', '2024-07-25 14:27:57', '2024-07-25 14:27:57'),
(3107, 155, 5283, '/assets/product_logo/yZzlCGT5V31d5lb.webp', '2024-07-25 14:27:57', '2024-07-25 14:27:57'),
(3108, 155, 5287, '/assets/product_logo/yZzlCGT5V31d5lb.webp', '2024-07-25 14:27:57', '2024-07-25 14:27:57'),
(3109, 155, 5277, '/assets/product_logo/yZzlCGT5V31d5lb.webp', '2024-07-25 14:27:57', '2024-07-25 14:27:57'),
(3110, 155, 5279, '/assets/product_logo/yZzlCGT5V31d5lb.webp', '2024-07-25 14:27:57', '2024-07-25 14:27:57'),
(3111, 155, 5281, '/assets/product_logo/yZzlCGT5V31d5lb.webp', '2024-07-25 14:27:57', '2024-07-25 14:27:57'),
(3112, 155, 5289, '/assets/product_logo/1pyNolX2omgkcYC.webp', '2024-07-25 14:29:12', '2024-07-25 14:29:12'),
(3113, 155, 5295, '/assets/product_logo/1pyNolX2omgkcYC.webp', '2024-07-25 14:29:12', '2024-07-25 14:29:12'),
(3114, 155, 5298, '/assets/product_logo/1pyNolX2omgkcYC.webp', '2024-07-25 14:29:12', '2024-07-25 14:29:12'),
(3115, 155, 5290, '/assets/product_logo/1pyNolX2omgkcYC.webp', '2024-07-25 14:29:12', '2024-07-25 14:29:12'),
(3116, 155, 5293, '/assets/product_logo/1pyNolX2omgkcYC.webp', '2024-07-25 14:29:12', '2024-07-25 14:29:12'),
(3117, 155, 5294, '/assets/product_logo/1pyNolX2omgkcYC.webp', '2024-07-25 14:29:12', '2024-07-25 14:29:12'),
(3118, 155, 5296, '/assets/product_logo/1pyNolX2omgkcYC.webp', '2024-07-25 14:29:12', '2024-07-25 14:29:12'),
(3119, 155, 5288, '/assets/product_logo/1pyNolX2omgkcYC.webp', '2024-07-25 14:29:12', '2024-07-25 14:29:12'),
(3120, 155, 5291, '/assets/product_logo/1pyNolX2omgkcYC.webp', '2024-07-25 14:29:12', '2024-07-25 14:29:12'),
(3121, 155, 5292, '/assets/product_logo/1pyNolX2omgkcYC.webp', '2024-07-25 14:29:12', '2024-07-25 14:29:12'),
(3122, 155, 5297, '/assets/product_logo/1pyNolX2omgkcYC.webp', '2024-07-25 14:29:12', '2024-07-25 14:29:12'),
(3123, 155, 5302, '/assets/product_logo/EUJHm9agNT7G2Op.webp', '2024-07-25 14:31:59', '2024-07-25 14:31:59'),
(3124, 155, 5304, '/assets/product_logo/EUJHm9agNT7G2Op.webp', '2024-07-25 14:31:59', '2024-07-25 14:31:59'),
(3125, 155, 5299, '/assets/product_logo/EUJHm9agNT7G2Op.webp', '2024-07-25 14:31:59', '2024-07-25 14:31:59'),
(3126, 155, 5300, '/assets/product_logo/EUJHm9agNT7G2Op.webp', '2024-07-25 14:31:59', '2024-07-25 14:31:59'),
(3127, 155, 5301, '/assets/product_logo/EUJHm9agNT7G2Op.webp', '2024-07-25 14:31:59', '2024-07-25 14:31:59'),
(3128, 155, 5303, '/assets/product_logo/EUJHm9agNT7G2Op.webp', '2024-07-25 14:31:59', '2024-07-25 14:31:59'),
(3129, 155, 5306, '/assets/product_logo/EUJHm9agNT7G2Op.webp', '2024-07-25 14:31:59', '2024-07-25 14:31:59'),
(3130, 155, 5305, '/assets/product_logo/EUJHm9agNT7G2Op.webp', '2024-07-25 14:31:59', '2024-07-25 14:31:59'),
(3131, 155, 5312, '/assets/product_logo/y67tESkm2TLmBPk.webp', '2024-07-25 14:33:07', '2024-07-25 14:33:07'),
(3132, 155, 5308, '/assets/product_logo/y67tESkm2TLmBPk.webp', '2024-07-25 14:33:07', '2024-07-25 14:33:07'),
(3133, 155, 5310, '/assets/product_logo/y67tESkm2TLmBPk.webp', '2024-07-25 14:33:07', '2024-07-25 14:33:07'),
(3134, 155, 5313, '/assets/product_logo/y67tESkm2TLmBPk.webp', '2024-07-25 14:33:07', '2024-07-25 14:33:07'),
(3135, 155, 5307, '/assets/product_logo/y67tESkm2TLmBPk.webp', '2024-07-25 14:33:07', '2024-07-25 14:33:07'),
(3136, 155, 5309, '/assets/product_logo/y67tESkm2TLmBPk.webp', '2024-07-25 14:33:07', '2024-07-25 14:33:07'),
(3137, 155, 5311, '/assets/product_logo/y67tESkm2TLmBPk.webp', '2024-07-25 14:33:07', '2024-07-25 14:33:07'),
(3138, 155, 5314, '/assets/product_logo/y67tESkm2TLmBPk.webp', '2024-07-25 14:33:07', '2024-07-25 14:33:07'),
(3139, 155, 5318, '/assets/product_logo/n2ljwt9xvtJaxwz.png', '2024-07-25 14:33:37', '2024-07-25 14:33:37'),
(3140, 155, 5323, '/assets/product_logo/n2ljwt9xvtJaxwz.png', '2024-07-25 14:33:37', '2024-07-25 14:33:37'),
(3141, 155, 5315, '/assets/product_logo/n2ljwt9xvtJaxwz.png', '2024-07-25 14:33:37', '2024-07-25 14:33:37'),
(3142, 155, 5326, '/assets/product_logo/n2ljwt9xvtJaxwz.png', '2024-07-25 14:33:37', '2024-07-25 14:33:37'),
(3143, 155, 5324, '/assets/product_logo/n2ljwt9xvtJaxwz.png', '2024-07-25 14:33:37', '2024-07-25 14:33:37'),
(3144, 155, 5319, '/assets/product_logo/n2ljwt9xvtJaxwz.png', '2024-07-25 14:33:37', '2024-07-25 14:33:37'),
(3145, 155, 5327, '/assets/product_logo/n2ljwt9xvtJaxwz.png', '2024-07-25 14:33:37', '2024-07-25 14:33:37'),
(3146, 155, 5316, '/assets/product_logo/n2ljwt9xvtJaxwz.png', '2024-07-25 14:33:37', '2024-07-25 14:33:37'),
(3147, 155, 5321, '/assets/product_logo/n2ljwt9xvtJaxwz.png', '2024-07-25 14:33:37', '2024-07-25 14:33:37'),
(3148, 155, 5322, '/assets/product_logo/n2ljwt9xvtJaxwz.png', '2024-07-25 14:33:37', '2024-07-25 14:33:37'),
(3149, 155, 5320, '/assets/product_logo/n2ljwt9xvtJaxwz.png', '2024-07-25 14:33:37', '2024-07-25 14:33:37'),
(3150, 155, 5325, '/assets/product_logo/n2ljwt9xvtJaxwz.png', '2024-07-25 14:33:37', '2024-07-25 14:33:37'),
(3151, 155, 5317, '/assets/product_logo/n2ljwt9xvtJaxwz.png', '2024-07-25 14:33:37', '2024-07-25 14:33:37'),
(3152, 155, 5328, '/assets/product_logo/n2ljwt9xvtJaxwz.png', '2024-07-25 14:33:37', '2024-07-25 14:33:37'),
(3153, 155, 5361, '/assets/product_logo/W5yAQT5UtF9uxI7.webp', '2024-07-28 00:51:15', '2024-07-28 00:51:15'),
(3154, 155, 5346, '/assets/product_logo/W5yAQT5UtF9uxI7.webp', '2024-07-28 00:51:15', '2024-07-28 00:51:15'),
(3155, 155, 5350, '/assets/product_logo/W5yAQT5UtF9uxI7.webp', '2024-07-28 00:51:15', '2024-07-28 00:51:15'),
(3156, 155, 5357, '/assets/product_logo/W5yAQT5UtF9uxI7.webp', '2024-07-28 00:51:15', '2024-07-28 00:51:15'),
(3157, 155, 5358, '/assets/product_logo/W5yAQT5UtF9uxI7.webp', '2024-07-28 00:51:15', '2024-07-28 00:51:15'),
(3158, 155, 5344, '/assets/product_logo/W5yAQT5UtF9uxI7.webp', '2024-07-28 00:51:15', '2024-07-28 00:51:15'),
(3159, 155, 5369, '/assets/product_logo/W5yAQT5UtF9uxI7.webp', '2024-07-28 00:51:15', '2024-07-28 00:51:15'),
(3160, 155, 5345, '/assets/product_logo/W5yAQT5UtF9uxI7.webp', '2024-07-28 00:51:15', '2024-07-28 00:51:15'),
(3161, 155, 5347, '/assets/product_logo/W5yAQT5UtF9uxI7.webp', '2024-07-28 00:51:15', '2024-07-28 00:51:15'),
(3162, 155, 5336, '/assets/product_logo/W5yAQT5UtF9uxI7.webp', '2024-07-28 00:51:15', '2024-07-28 00:51:15'),
(3163, 155, 5337, '/assets/product_logo/W5yAQT5UtF9uxI7.webp', '2024-07-28 00:51:15', '2024-07-28 00:51:15'),
(3164, 155, 5356, '/assets/product_logo/W5yAQT5UtF9uxI7.webp', '2024-07-28 00:51:15', '2024-07-28 00:51:15'),
(3165, 155, 5341, '/assets/product_logo/W5yAQT5UtF9uxI7.webp', '2024-07-28 00:51:15', '2024-07-28 00:51:15'),
(3166, 155, 5334, '/assets/product_logo/W5yAQT5UtF9uxI7.webp', '2024-07-28 00:51:15', '2024-07-28 00:51:15'),
(3167, 155, 5329, '/assets/product_logo/W5yAQT5UtF9uxI7.webp', '2024-07-28 00:51:15', '2024-07-28 00:51:15'),
(3168, 155, 5374, '/assets/product_logo/W5yAQT5UtF9uxI7.webp', '2024-07-28 00:51:15', '2024-07-28 00:51:15'),
(3169, 155, 5372, '/assets/product_logo/W5yAQT5UtF9uxI7.webp', '2024-07-28 00:51:15', '2024-07-28 00:51:15'),
(3170, 155, 5370, '/assets/product_logo/W5yAQT5UtF9uxI7.webp', '2024-07-28 00:51:15', '2024-07-28 00:51:15'),
(3171, 155, 5330, '/assets/product_logo/fvuC7inlVA1jo6T.webp', '2024-07-28 00:52:20', '2024-07-28 00:52:20'),
(3172, 155, 5359, '/assets/product_logo/fvuC7inlVA1jo6T.webp', '2024-07-28 00:52:20', '2024-07-28 00:52:20'),
(3173, 155, 5360, '/assets/product_logo/fvuC7inlVA1jo6T.webp', '2024-07-28 00:52:20', '2024-07-28 00:52:20'),
(3174, 155, 5362, '/assets/product_logo/fvuC7inlVA1jo6T.webp', '2024-07-28 00:52:20', '2024-07-28 00:52:20'),
(3175, 155, 5363, '/assets/product_logo/fvuC7inlVA1jo6T.webp', '2024-07-28 00:52:20', '2024-07-28 00:52:20'),
(3176, 155, 5364, '/assets/product_logo/fvuC7inlVA1jo6T.webp', '2024-07-28 00:52:20', '2024-07-28 00:52:20'),
(3177, 155, 5365, '/assets/product_logo/fvuC7inlVA1jo6T.webp', '2024-07-28 00:52:20', '2024-07-28 00:52:20'),
(3178, 155, 5367, '/assets/product_logo/fvuC7inlVA1jo6T.webp', '2024-07-28 00:52:20', '2024-07-28 00:52:20'),
(3179, 155, 5349, '/assets/product_logo/fvuC7inlVA1jo6T.webp', '2024-07-28 00:52:20', '2024-07-28 00:52:20'),
(3180, 155, 5342, '/assets/product_logo/hPg5yNyeIx9nCzZ.webp', '2024-07-28 00:52:59', '2024-07-28 00:52:59'),
(3181, 155, 5375, '/assets/product_logo/hPg5yNyeIx9nCzZ.webp', '2024-07-28 00:52:59', '2024-07-28 00:52:59'),
(3182, 155, 5335, '/assets/product_logo/hPg5yNyeIx9nCzZ.webp', '2024-07-28 00:52:59', '2024-07-28 00:52:59'),
(3183, 155, 5373, '/assets/product_logo/hPg5yNyeIx9nCzZ.webp', '2024-07-28 00:52:59', '2024-07-28 00:52:59'),
(3184, 155, 5340, '/assets/product_logo/hPg5yNyeIx9nCzZ.webp', '2024-07-28 00:52:59', '2024-07-28 00:52:59'),
(3185, 155, 5338, '/assets/product_logo/hPg5yNyeIx9nCzZ.webp', '2024-07-28 00:52:59', '2024-07-28 00:52:59'),
(3186, 155, 5371, '/assets/product_logo/hPg5yNyeIx9nCzZ.webp', '2024-07-28 00:52:59', '2024-07-28 00:52:59'),
(3187, 155, 5331, '/assets/product_logo/hPg5yNyeIx9nCzZ.webp', '2024-07-28 00:52:59', '2024-07-28 00:52:59'),
(3188, 155, 5333, '/assets/product_logo/hPg5yNyeIx9nCzZ.webp', '2024-07-28 00:52:59', '2024-07-28 00:52:59'),
(3189, 155, 5343, '/assets/product_logo/hPg5yNyeIx9nCzZ.webp', '2024-07-28 00:52:59', '2024-07-28 00:52:59'),
(3190, 155, 5339, '/assets/product_logo/hPg5yNyeIx9nCzZ.webp', '2024-07-28 00:52:59', '2024-07-28 00:52:59'),
(3191, 155, 5332, '/assets/product_logo/hPg5yNyeIx9nCzZ.webp', '2024-07-28 00:52:59', '2024-07-28 00:52:59'),
(3192, 155, 5366, '/assets/product_logo/hPg5yNyeIx9nCzZ.webp', '2024-07-28 00:52:59', '2024-07-28 00:52:59'),
(3193, 155, 5368, '/assets/product_logo/hPg5yNyeIx9nCzZ.webp', '2024-07-28 00:52:59', '2024-07-28 00:52:59'),
(3194, 155, 5348, '/assets/product_logo/hPg5yNyeIx9nCzZ.webp', '2024-07-28 00:52:59', '2024-07-28 00:52:59'),
(3195, 155, 5351, '/assets/product_logo/hPg5yNyeIx9nCzZ.webp', '2024-07-28 00:52:59', '2024-07-28 00:52:59'),
(3196, 155, 5352, '/assets/product_logo/hPg5yNyeIx9nCzZ.webp', '2024-07-28 00:52:59', '2024-07-28 00:52:59'),
(3197, 155, 5353, '/assets/product_logo/hPg5yNyeIx9nCzZ.webp', '2024-07-28 00:52:59', '2024-07-28 00:52:59'),
(3198, 155, 5354, '/assets/product_logo/hPg5yNyeIx9nCzZ.webp', '2024-07-28 00:52:59', '2024-07-28 00:52:59'),
(3199, 155, 5355, '/assets/product_logo/hPg5yNyeIx9nCzZ.webp', '2024-07-28 00:52:59', '2024-07-28 00:52:59'),
(3200, 91, 5524, '/assets/product_logo/c8BWAfP75YUCrO1.webp', '2024-07-28 01:01:49', '2024-07-28 01:01:49'),
(3201, 91, 5525, '/assets/product_logo/c8BWAfP75YUCrO1.webp', '2024-07-28 01:01:49', '2024-07-28 01:01:49'),
(3202, 91, 5526, '/assets/product_logo/c8BWAfP75YUCrO1.webp', '2024-07-28 01:01:49', '2024-07-28 01:01:49'),
(3203, 91, 5527, '/assets/product_logo/c8BWAfP75YUCrO1.webp', '2024-07-28 01:01:49', '2024-07-28 01:01:49'),
(3204, 91, 5528, '/assets/product_logo/c8BWAfP75YUCrO1.webp', '2024-07-28 01:01:49', '2024-07-28 01:01:49'),
(3205, 91, 5478, '/assets/product_logo/5eA4AUMOdgnNdb2.png', '2024-07-28 01:02:18', '2024-07-28 01:02:18'),
(3627, 157, 6059, '/assets/product_logo/utZvb6idtGLeKzC.webp', '2024-09-14 13:00:02', '2024-09-14 13:00:02'),
(3207, 98, 5398, '/assets/product_logo/UEx3U1dOuuInzHf.png', '2024-07-28 01:09:30', '2024-07-28 01:09:30'),
(3208, 98, 5400, '/assets/product_logo/UEx3U1dOuuInzHf.png', '2024-07-28 01:09:30', '2024-07-28 01:09:30'),
(3209, 98, 5405, '/assets/product_logo/UEx3U1dOuuInzHf.png', '2024-07-28 01:09:30', '2024-07-28 01:09:30'),
(3210, 98, 5407, '/assets/product_logo/UEx3U1dOuuInzHf.png', '2024-07-28 01:09:30', '2024-07-28 01:09:30'),
(3211, 98, 5394, '/assets/product_logo/UEx3U1dOuuInzHf.png', '2024-07-28 01:09:30', '2024-07-28 01:09:30'),
(3212, 98, 5395, '/assets/product_logo/UEx3U1dOuuInzHf.png', '2024-07-28 01:09:30', '2024-07-28 01:09:30'),
(3213, 98, 5396, '/assets/product_logo/UEx3U1dOuuInzHf.png', '2024-07-28 01:09:30', '2024-07-28 01:09:30'),
(3214, 98, 5397, '/assets/product_logo/UEx3U1dOuuInzHf.png', '2024-07-28 01:09:30', '2024-07-28 01:09:30'),
(3215, 98, 5399, '/assets/product_logo/UEx3U1dOuuInzHf.png', '2024-07-28 01:09:30', '2024-07-28 01:09:30'),
(3216, 98, 5401, '/assets/product_logo/UEx3U1dOuuInzHf.png', '2024-07-28 01:09:30', '2024-07-28 01:09:30'),
(3217, 98, 5402, '/assets/product_logo/UEx3U1dOuuInzHf.png', '2024-07-28 01:09:30', '2024-07-28 01:09:30'),
(3218, 98, 5403, '/assets/product_logo/UEx3U1dOuuInzHf.png', '2024-07-28 01:09:30', '2024-07-28 01:09:30'),
(3219, 98, 5406, '/assets/product_logo/UEx3U1dOuuInzHf.png', '2024-07-28 01:09:30', '2024-07-28 01:09:30'),
(3220, 98, 5408, '/assets/product_logo/UEx3U1dOuuInzHf.png', '2024-07-28 01:09:30', '2024-07-28 01:09:30'),
(3221, 101, 5413, '/assets/product_logo/8BW7qBmgiD4YBVq.png', '2024-07-28 01:10:12', '2024-07-28 01:10:12'),
(3222, 101, 5416, '/assets/product_logo/8BW7qBmgiD4YBVq.png', '2024-07-28 01:10:12', '2024-07-28 01:10:12'),
(3223, 101, 5417, '/assets/product_logo/8BW7qBmgiD4YBVq.png', '2024-07-28 01:10:12', '2024-07-28 01:10:12'),
(3224, 101, 5418, '/assets/product_logo/8BW7qBmgiD4YBVq.png', '2024-07-28 01:10:12', '2024-07-28 01:10:12'),
(3225, 101, 5409, '/assets/product_logo/8BW7qBmgiD4YBVq.png', '2024-07-28 01:10:12', '2024-07-28 01:10:12'),
(3226, 101, 5411, '/assets/product_logo/8BW7qBmgiD4YBVq.png', '2024-07-28 01:10:12', '2024-07-28 01:10:12'),
(3227, 101, 5410, '/assets/product_logo/8BW7qBmgiD4YBVq.png', '2024-07-28 01:10:12', '2024-07-28 01:10:12'),
(3228, 101, 5412, '/assets/product_logo/8BW7qBmgiD4YBVq.png', '2024-07-28 01:10:12', '2024-07-28 01:10:12'),
(3229, 101, 5414, '/assets/product_logo/8BW7qBmgiD4YBVq.png', '2024-07-28 01:10:12', '2024-07-28 01:10:12'),
(3230, 101, 5415, '/assets/product_logo/8BW7qBmgiD4YBVq.png', '2024-07-28 01:10:12', '2024-07-28 01:10:12'),
(3231, 101, 5419, '/assets/product_logo/8BW7qBmgiD4YBVq.png', '2024-07-28 01:10:12', '2024-07-28 01:10:12'),
(3232, 101, 5420, '/assets/product_logo/8BW7qBmgiD4YBVq.png', '2024-07-28 01:10:12', '2024-07-28 01:10:12'),
(3233, 100, 5424, '/assets/product_logo/SpREevMO8LCL3Bg.png', '2024-07-28 01:11:10', '2024-07-28 01:11:10'),
(3234, 100, 5427, '/assets/product_logo/SpREevMO8LCL3Bg.png', '2024-07-28 01:11:10', '2024-07-28 01:11:10'),
(3235, 100, 5422, '/assets/product_logo/SpREevMO8LCL3Bg.png', '2024-07-28 01:11:10', '2024-07-28 01:11:10'),
(3236, 100, 5425, '/assets/product_logo/SpREevMO8LCL3Bg.png', '2024-07-28 01:11:10', '2024-07-28 01:11:10'),
(3237, 100, 5428, '/assets/product_logo/SpREevMO8LCL3Bg.png', '2024-07-28 01:11:10', '2024-07-28 01:11:10'),
(3238, 100, 5421, '/assets/product_logo/SpREevMO8LCL3Bg.png', '2024-07-28 01:11:10', '2024-07-28 01:11:10'),
(3239, 100, 5423, '/assets/product_logo/SpREevMO8LCL3Bg.png', '2024-07-28 01:11:10', '2024-07-28 01:11:10'),
(3240, 100, 5426, '/assets/product_logo/SpREevMO8LCL3Bg.png', '2024-07-28 01:11:10', '2024-07-28 01:11:10'),
(3241, 155, 5386, '/assets/product_logo/nHG4qRS59U0WLTQ.png', '2024-07-28 01:12:18', '2024-07-28 01:12:18'),
(3242, 155, 5377, '/assets/product_logo/nHG4qRS59U0WLTQ.png', '2024-07-28 01:12:18', '2024-07-28 01:12:18'),
(3243, 155, 5389, '/assets/product_logo/nHG4qRS59U0WLTQ.png', '2024-07-28 01:12:18', '2024-07-28 01:12:18'),
(3244, 155, 5391, '/assets/product_logo/nHG4qRS59U0WLTQ.png', '2024-07-28 01:12:18', '2024-07-28 01:12:18'),
(3245, 155, 5392, '/assets/product_logo/nHG4qRS59U0WLTQ.png', '2024-07-28 01:12:18', '2024-07-28 01:12:18'),
(3246, 155, 5376, '/assets/product_logo/nHG4qRS59U0WLTQ.png', '2024-07-28 01:12:18', '2024-07-28 01:12:18'),
(3247, 155, 5378, '/assets/product_logo/nHG4qRS59U0WLTQ.png', '2024-07-28 01:12:18', '2024-07-28 01:12:18'),
(3248, 155, 5380, '/assets/product_logo/nHG4qRS59U0WLTQ.png', '2024-07-28 01:12:18', '2024-07-28 01:12:18'),
(3249, 155, 5382, '/assets/product_logo/nHG4qRS59U0WLTQ.png', '2024-07-28 01:12:18', '2024-07-28 01:12:18'),
(3250, 155, 5383, '/assets/product_logo/nHG4qRS59U0WLTQ.png', '2024-07-28 01:12:18', '2024-07-28 01:12:18'),
(3251, 155, 5385, '/assets/product_logo/nHG4qRS59U0WLTQ.png', '2024-07-28 01:12:18', '2024-07-28 01:12:18'),
(3252, 155, 5387, '/assets/product_logo/nHG4qRS59U0WLTQ.png', '2024-07-28 01:12:18', '2024-07-28 01:12:18'),
(3253, 155, 5393, '/assets/product_logo/nHG4qRS59U0WLTQ.png', '2024-07-28 01:12:18', '2024-07-28 01:12:18'),
(3254, 155, 5379, '/assets/product_logo/nHG4qRS59U0WLTQ.png', '2024-07-28 01:12:18', '2024-07-28 01:12:18'),
(3255, 155, 5381, '/assets/product_logo/nHG4qRS59U0WLTQ.png', '2024-07-28 01:12:18', '2024-07-28 01:12:18'),
(3256, 155, 5390, '/assets/product_logo/nHG4qRS59U0WLTQ.png', '2024-07-28 01:12:18', '2024-07-28 01:12:18'),
(3257, 155, 5384, '/assets/product_logo/nHG4qRS59U0WLTQ.png', '2024-07-28 01:12:18', '2024-07-28 01:12:18'),
(3258, 155, 5388, '/assets/product_logo/nHG4qRS59U0WLTQ.png', '2024-07-28 01:12:18', '2024-07-28 01:12:18'),
(3259, 157, 5530, '/assets/product_logo/cxfHDr87VPJM4KO.png', '2024-07-28 01:14:53', '2024-07-28 01:14:53'),
(3260, 157, 5536, '/assets/product_logo/cxfHDr87VPJM4KO.png', '2024-07-28 01:14:53', '2024-07-28 01:14:53'),
(3261, 157, 5531, '/assets/product_logo/cxfHDr87VPJM4KO.png', '2024-07-28 01:14:53', '2024-07-28 01:14:53'),
(3262, 157, 5533, '/assets/product_logo/cxfHDr87VPJM4KO.png', '2024-07-28 01:14:53', '2024-07-28 01:14:53'),
(3263, 157, 5535, '/assets/product_logo/cxfHDr87VPJM4KO.png', '2024-07-28 01:14:53', '2024-07-28 01:14:53'),
(3264, 157, 5537, '/assets/product_logo/cxfHDr87VPJM4KO.png', '2024-07-28 01:14:53', '2024-07-28 01:14:53'),
(3265, 157, 5529, '/assets/product_logo/cxfHDr87VPJM4KO.png', '2024-07-28 01:14:53', '2024-07-28 01:14:53'),
(3266, 157, 5532, '/assets/product_logo/cxfHDr87VPJM4KO.png', '2024-07-28 01:14:53', '2024-07-28 01:14:53'),
(3267, 157, 5534, '/assets/product_logo/cxfHDr87VPJM4KO.png', '2024-07-28 01:14:53', '2024-07-28 01:14:53'),
(3268, 157, 5538, '/assets/product_logo/cxfHDr87VPJM4KO.png', '2024-07-28 01:14:53', '2024-07-28 01:14:53'),
(3269, 157, 5542, '/assets/product_logo/qjnBnZqTKdXvlE4.png', '2024-07-28 01:17:11', '2024-07-28 01:17:11'),
(3270, 157, 5540, '/assets/product_logo/qjnBnZqTKdXvlE4.png', '2024-07-28 01:17:11', '2024-07-28 01:17:11'),
(3271, 157, 5544, '/assets/product_logo/qjnBnZqTKdXvlE4.png', '2024-07-28 01:17:11', '2024-07-28 01:17:11'),
(3272, 157, 5539, '/assets/product_logo/qjnBnZqTKdXvlE4.png', '2024-07-28 01:17:11', '2024-07-28 01:17:11'),
(3273, 157, 5541, '/assets/product_logo/qjnBnZqTKdXvlE4.png', '2024-07-28 01:17:11', '2024-07-28 01:17:11'),
(3274, 157, 5543, '/assets/product_logo/qjnBnZqTKdXvlE4.png', '2024-07-28 01:17:11', '2024-07-28 01:17:11'),
(3275, 157, 5549, '/assets/product_logo/sTHSq1vkOfnWnIK.png', '2024-07-28 01:23:48', '2024-07-28 01:23:48'),
(3276, 157, 5547, '/assets/product_logo/sTHSq1vkOfnWnIK.png', '2024-07-28 01:23:48', '2024-07-28 01:23:48'),
(3277, 157, 5548, '/assets/product_logo/sTHSq1vkOfnWnIK.png', '2024-07-28 01:23:48', '2024-07-28 01:23:48'),
(3278, 157, 5545, '/assets/product_logo/sTHSq1vkOfnWnIK.png', '2024-07-28 01:23:48', '2024-07-28 01:23:48'),
(3279, 157, 5546, '/assets/product_logo/sTHSq1vkOfnWnIK.png', '2024-07-28 01:23:48', '2024-07-28 01:23:48'),
(3280, 157, 5552, '/assets/product_logo/sTHSq1vkOfnWnIK.png', '2024-07-28 01:23:48', '2024-07-28 01:23:48'),
(3281, 157, 5551, '/assets/product_logo/sTHSq1vkOfnWnIK.png', '2024-07-28 01:23:48', '2024-07-28 01:23:48'),
(3282, 157, 5550, '/assets/product_logo/sTHSq1vkOfnWnIK.png', '2024-07-28 01:23:48', '2024-07-28 01:23:48'),
(3283, 157, 5558, '/assets/product_logo/igV5GVdhbIPCwjM.png', '2024-07-28 01:24:44', '2024-07-28 01:24:44'),
(3284, 157, 5554, '/assets/product_logo/igV5GVdhbIPCwjM.png', '2024-07-28 01:24:44', '2024-07-28 01:24:44'),
(3285, 157, 5556, '/assets/product_logo/igV5GVdhbIPCwjM.png', '2024-07-28 01:24:44', '2024-07-28 01:24:44'),
(3286, 157, 5560, '/assets/product_logo/igV5GVdhbIPCwjM.png', '2024-07-28 01:24:44', '2024-07-28 01:24:44'),
(3287, 157, 5553, '/assets/product_logo/igV5GVdhbIPCwjM.png', '2024-07-28 01:24:44', '2024-07-28 01:24:44'),
(3288, 157, 5555, '/assets/product_logo/igV5GVdhbIPCwjM.png', '2024-07-28 01:24:44', '2024-07-28 01:24:44'),
(3289, 157, 5557, '/assets/product_logo/igV5GVdhbIPCwjM.png', '2024-07-28 01:24:44', '2024-07-28 01:24:44'),
(3290, 157, 5559, '/assets/product_logo/igV5GVdhbIPCwjM.png', '2024-07-28 01:24:44', '2024-07-28 01:24:44'),
(3291, 157, 5566, '/assets/product_logo/rJv55qcyXWyMEO8.png', '2024-07-28 01:26:18', '2024-07-28 01:26:18'),
(3292, 157, 5571, '/assets/product_logo/rJv55qcyXWyMEO8.png', '2024-07-28 01:26:18', '2024-07-28 01:26:18'),
(3293, 157, 5563, '/assets/product_logo/rJv55qcyXWyMEO8.png', '2024-07-28 01:26:18', '2024-07-28 01:26:18'),
(3294, 157, 5564, '/assets/product_logo/rJv55qcyXWyMEO8.png', '2024-07-28 01:26:18', '2024-07-28 01:26:18'),
(3295, 157, 5567, '/assets/product_logo/rJv55qcyXWyMEO8.png', '2024-07-28 01:26:18', '2024-07-28 01:26:18'),
(3296, 157, 5568, '/assets/product_logo/rJv55qcyXWyMEO8.png', '2024-07-28 01:26:18', '2024-07-28 01:26:18'),
(3297, 157, 5572, '/assets/product_logo/rJv55qcyXWyMEO8.png', '2024-07-28 01:26:18', '2024-07-28 01:26:18'),
(3298, 157, 5561, '/assets/product_logo/rJv55qcyXWyMEO8.png', '2024-07-28 01:26:18', '2024-07-28 01:26:18'),
(3299, 157, 5573, '/assets/product_logo/rJv55qcyXWyMEO8.png', '2024-07-28 01:26:18', '2024-07-28 01:26:18'),
(3300, 157, 5569, '/assets/product_logo/rJv55qcyXWyMEO8.png', '2024-07-28 01:26:18', '2024-07-28 01:26:18'),
(3301, 157, 5562, '/assets/product_logo/rJv55qcyXWyMEO8.png', '2024-07-28 01:26:18', '2024-07-28 01:26:18'),
(3302, 157, 5565, '/assets/product_logo/rJv55qcyXWyMEO8.png', '2024-07-28 01:26:18', '2024-07-28 01:26:18'),
(3303, 157, 5570, '/assets/product_logo/rJv55qcyXWyMEO8.png', '2024-07-28 01:26:18', '2024-07-28 01:26:18'),
(3323, 157, 5585, '/assets/product_logo/Asq25idFqwTJEXj.webp', '2024-08-23 08:29:14', '2024-08-23 08:29:14'),
(3322, 157, 5584, '/assets/product_logo/Asq25idFqwTJEXj.webp', '2024-08-23 08:29:14', '2024-08-23 08:29:14'),
(3321, 157, 5582, '/assets/product_logo/Asq25idFqwTJEXj.webp', '2024-08-23 08:29:14', '2024-08-23 08:29:14'),
(3320, 157, 5580, '/assets/product_logo/Asq25idFqwTJEXj.webp', '2024-08-23 08:29:14', '2024-08-23 08:29:14'),
(3319, 158, 5579, '/assets/product_logo/dRLHSLybGbQEyEW.webp', '2024-08-09 18:33:15', '2024-08-09 18:33:15'),
(3318, 158, 5578, '/assets/product_logo/MXawwKMlu3Bg7ka.webp', '2024-08-09 18:32:59', '2024-08-09 18:32:59'),
(3317, 158, 5577, '/assets/product_logo/bxyJ1Ugm53FDDXk.webp', '2024-08-09 18:32:40', '2024-08-09 18:32:40'),
(3316, 158, 5576, '/assets/product_logo/MTpnsrGGQeuwtTr.webp', '2024-08-09 18:32:24', '2024-08-09 18:32:24'),
(3315, 158, 5575, '/assets/product_logo/PPNoyagHIVJra5t.webp', '2024-08-09 18:32:04', '2024-08-09 18:32:04'),
(3314, 158, 5574, '/assets/product_logo/SzYh01xGAJYzwyo.webp', '2024-08-09 18:31:49', '2024-08-09 18:31:49'),
(3324, 157, 5586, '/assets/product_logo/Asq25idFqwTJEXj.webp', '2024-08-23 08:29:14', '2024-08-23 08:29:14'),
(3325, 157, 5587, '/assets/product_logo/Asq25idFqwTJEXj.webp', '2024-08-23 08:29:14', '2024-08-23 08:29:14'),
(3326, 157, 5588, '/assets/product_logo/Asq25idFqwTJEXj.webp', '2024-08-23 08:29:14', '2024-08-23 08:29:14'),
(3327, 157, 5589, '/assets/product_logo/Asq25idFqwTJEXj.webp', '2024-08-23 08:29:14', '2024-08-23 08:29:14'),
(3328, 157, 5590, '/assets/product_logo/Asq25idFqwTJEXj.webp', '2024-08-23 08:29:14', '2024-08-23 08:29:14'),
(3329, 157, 5591, '/assets/product_logo/Asq25idFqwTJEXj.webp', '2024-08-23 08:29:14', '2024-08-23 08:29:14'),
(3330, 157, 5581, '/assets/product_logo/Asq25idFqwTJEXj.webp', '2024-08-23 08:29:14', '2024-08-23 08:29:14'),
(3331, 157, 5583, '/assets/product_logo/Asq25idFqwTJEXj.webp', '2024-08-23 08:29:14', '2024-08-23 08:29:14'),
(3332, 157, 5595, '/assets/product_logo/Gx92A4l7yXvoIDt.webp', '2024-09-13 15:52:15', '2024-09-13 15:52:15'),
(3333, 157, 5593, '/assets/product_logo/Gx92A4l7yXvoIDt.webp', '2024-09-13 15:52:15', '2024-09-13 15:52:15'),
(3334, 157, 5594, '/assets/product_logo/Gx92A4l7yXvoIDt.webp', '2024-09-13 15:52:15', '2024-09-13 15:52:15'),
(3335, 91, 5676, '/assets/product_logo/kDYFdniWyhoOKox.webp', '2024-09-13 20:15:46', '2024-09-13 20:15:46'),
(3336, 91, 5677, '/assets/product_logo/kDYFdniWyhoOKox.webp', '2024-09-13 20:15:46', '2024-09-13 20:15:46'),
(3337, 91, 5678, '/assets/product_logo/kDYFdniWyhoOKox.webp', '2024-09-13 20:15:46', '2024-09-13 20:15:46'),
(3338, 91, 5679, '/assets/product_logo/kDYFdniWyhoOKox.webp', '2024-09-13 20:15:46', '2024-09-13 20:15:46'),
(3339, 91, 5680, '/assets/product_logo/kDYFdniWyhoOKox.webp', '2024-09-13 20:15:46', '2024-09-13 20:15:46'),
(3340, 157, 5660, '/assets/product_logo/wAPAgEtwxjUOzoO.webp', '2024-09-13 20:17:00', '2024-09-13 20:17:00'),
(3341, 157, 5634, '/assets/product_logo/wAPAgEtwxjUOzoO.webp', '2024-09-13 20:17:00', '2024-09-13 20:17:00'),
(3342, 157, 5642, '/assets/product_logo/wAPAgEtwxjUOzoO.webp', '2024-09-13 20:17:00', '2024-09-13 20:17:00'),
(3343, 157, 5648, '/assets/product_logo/wAPAgEtwxjUOzoO.webp', '2024-09-13 20:17:00', '2024-09-13 20:17:00'),
(3344, 157, 5652, '/assets/product_logo/wAPAgEtwxjUOzoO.webp', '2024-09-13 20:17:00', '2024-09-13 20:17:00'),
(3345, 157, 5675, '/assets/product_logo/wAPAgEtwxjUOzoO.webp', '2024-09-13 20:17:00', '2024-09-13 20:17:00'),
(3346, 157, 5664, '/assets/product_logo/wAPAgEtwxjUOzoO.webp', '2024-09-13 20:17:00', '2024-09-13 20:17:00'),
(3347, 157, 5667, '/assets/product_logo/wAPAgEtwxjUOzoO.webp', '2024-09-13 20:17:00', '2024-09-13 20:17:00'),
(3348, 157, 5670, '/assets/product_logo/wAPAgEtwxjUOzoO.webp', '2024-09-13 20:17:00', '2024-09-13 20:17:00'),
(3349, 157, 5630, '/assets/product_logo/wAPAgEtwxjUOzoO.webp', '2024-09-13 20:17:00', '2024-09-13 20:17:00'),
(3350, 157, 5632, '/assets/product_logo/wAPAgEtwxjUOzoO.webp', '2024-09-13 20:17:00', '2024-09-13 20:17:00'),
(3351, 157, 5636, '/assets/product_logo/wAPAgEtwxjUOzoO.webp', '2024-09-13 20:17:00', '2024-09-13 20:17:00'),
(3352, 157, 5639, '/assets/product_logo/wAPAgEtwxjUOzoO.webp', '2024-09-13 20:17:00', '2024-09-13 20:17:00'),
(3353, 157, 5640, '/assets/product_logo/wAPAgEtwxjUOzoO.webp', '2024-09-13 20:17:00', '2024-09-13 20:17:00'),
(3354, 157, 5645, '/assets/product_logo/wAPAgEtwxjUOzoO.webp', '2024-09-13 20:17:00', '2024-09-13 20:17:00'),
(3355, 157, 5646, '/assets/product_logo/wAPAgEtwxjUOzoO.webp', '2024-09-13 20:17:00', '2024-09-13 20:17:00'),
(3356, 157, 5647, '/assets/product_logo/wAPAgEtwxjUOzoO.webp', '2024-09-13 20:17:00', '2024-09-13 20:17:00'),
(3357, 157, 5649, '/assets/product_logo/wAPAgEtwxjUOzoO.webp', '2024-09-13 20:17:00', '2024-09-13 20:17:00'),
(3358, 157, 5650, '/assets/product_logo/wAPAgEtwxjUOzoO.webp', '2024-09-13 20:17:00', '2024-09-13 20:17:00'),
(3359, 157, 5651, '/assets/product_logo/wAPAgEtwxjUOzoO.webp', '2024-09-13 20:17:00', '2024-09-13 20:17:00'),
(3360, 157, 5654, '/assets/product_logo/wAPAgEtwxjUOzoO.webp', '2024-09-13 20:17:00', '2024-09-13 20:17:00'),
(3361, 157, 5656, '/assets/product_logo/wAPAgEtwxjUOzoO.webp', '2024-09-13 20:17:00', '2024-09-13 20:17:00'),
(3362, 157, 5657, '/assets/product_logo/wAPAgEtwxjUOzoO.webp', '2024-09-13 20:17:00', '2024-09-13 20:17:00'),
(3363, 157, 5661, '/assets/product_logo/ZllS2ZJuIGeHIp7.webp', '2024-09-13 20:17:45', '2024-09-13 20:17:45'),
(3364, 157, 5665, '/assets/product_logo/ZllS2ZJuIGeHIp7.webp', '2024-09-13 20:17:45', '2024-09-13 20:17:45'),
(3365, 157, 5668, '/assets/product_logo/ZllS2ZJuIGeHIp7.webp', '2024-09-13 20:17:45', '2024-09-13 20:17:45'),
(3366, 157, 5669, '/assets/product_logo/ZllS2ZJuIGeHIp7.webp', '2024-09-13 20:17:45', '2024-09-13 20:17:45'),
(3367, 157, 5671, '/assets/product_logo/ZllS2ZJuIGeHIp7.webp', '2024-09-13 20:17:45', '2024-09-13 20:17:45'),
(3368, 157, 5673, '/assets/product_logo/ZllS2ZJuIGeHIp7.webp', '2024-09-13 20:17:45', '2024-09-13 20:17:45'),
(3369, 157, 5631, '/assets/product_logo/ZllS2ZJuIGeHIp7.webp', '2024-09-13 20:17:45', '2024-09-13 20:17:45'),
(3370, 157, 5633, '/assets/product_logo/ZllS2ZJuIGeHIp7.webp', '2024-09-13 20:17:45', '2024-09-13 20:17:45'),
(3371, 157, 5637, '/assets/product_logo/ZllS2ZJuIGeHIp7.webp', '2024-09-13 20:17:45', '2024-09-13 20:17:45'),
(3372, 157, 5643, '/assets/product_logo/ZllS2ZJuIGeHIp7.webp', '2024-09-13 20:17:45', '2024-09-13 20:17:45'),
(3373, 157, 5653, '/assets/product_logo/RhPbQlqIuA40A8m.webp', '2024-09-13 20:19:13', '2024-09-13 20:19:13'),
(3374, 157, 5655, '/assets/product_logo/RhPbQlqIuA40A8m.webp', '2024-09-13 20:19:13', '2024-09-13 20:19:13'),
(3375, 157, 5658, '/assets/product_logo/RhPbQlqIuA40A8m.webp', '2024-09-13 20:19:13', '2024-09-13 20:19:13'),
(3376, 157, 5659, '/assets/product_logo/RhPbQlqIuA40A8m.webp', '2024-09-13 20:19:13', '2024-09-13 20:19:13'),
(3377, 157, 5662, '/assets/product_logo/RhPbQlqIuA40A8m.webp', '2024-09-13 20:19:13', '2024-09-13 20:19:13'),
(3378, 157, 5666, '/assets/product_logo/RhPbQlqIuA40A8m.webp', '2024-09-13 20:19:13', '2024-09-13 20:19:13'),
(3379, 157, 5672, '/assets/product_logo/RhPbQlqIuA40A8m.webp', '2024-09-13 20:19:13', '2024-09-13 20:19:13'),
(3380, 157, 5674, '/assets/product_logo/RhPbQlqIuA40A8m.webp', '2024-09-13 20:19:13', '2024-09-13 20:19:13'),
(3381, 157, 5635, '/assets/product_logo/RhPbQlqIuA40A8m.webp', '2024-09-13 20:19:13', '2024-09-13 20:19:13'),
(3382, 157, 5638, '/assets/product_logo/RhPbQlqIuA40A8m.webp', '2024-09-13 20:19:13', '2024-09-13 20:19:13'),
(3383, 157, 5641, '/assets/product_logo/RhPbQlqIuA40A8m.webp', '2024-09-13 20:19:13', '2024-09-13 20:19:13'),
(3384, 157, 5644, '/assets/product_logo/RhPbQlqIuA40A8m.webp', '2024-09-13 20:19:13', '2024-09-13 20:19:13'),
(3755, 157, 5697, '/assets/product_logo/zyFtPFsZPYklDn0.webp', '2024-09-14 17:31:00', '2024-09-14 17:31:00'),
(3756, 157, 5702, '/assets/product_logo/zyFtPFsZPYklDn0.webp', '2024-09-14 17:31:00', '2024-09-14 17:31:00'),
(3757, 157, 5690, '/assets/product_logo/zyFtPFsZPYklDn0.webp', '2024-09-14 17:31:00', '2024-09-14 17:31:00'),
(3758, 157, 5699, '/assets/product_logo/zyFtPFsZPYklDn0.webp', '2024-09-14 17:31:00', '2024-09-14 17:31:00'),
(3724, 157, 5720, '/assets/product_logo/zyFtPFsZPYklDn0.webp', '2024-09-14 17:31:00', '2024-09-14 17:31:00'),
(3725, 157, 5707, '/assets/product_logo/zyFtPFsZPYklDn0.webp', '2024-09-14 17:31:00', '2024-09-14 17:31:00'),
(3726, 157, 5718, '/assets/product_logo/zyFtPFsZPYklDn0.webp', '2024-09-14 17:31:00', '2024-09-14 17:31:00'),
(3727, 157, 5703, '/assets/product_logo/zyFtPFsZPYklDn0.webp', '2024-09-14 17:31:00', '2024-09-14 17:31:00'),
(3728, 157, 5719, '/assets/product_logo/zyFtPFsZPYklDn0.webp', '2024-09-14 17:31:00', '2024-09-14 17:31:00'),
(3729, 157, 5723, '/assets/product_logo/zyFtPFsZPYklDn0.webp', '2024-09-14 17:31:00', '2024-09-14 17:31:00'),
(3730, 157, 5704, '/assets/product_logo/zyFtPFsZPYklDn0.webp', '2024-09-14 17:31:00', '2024-09-14 17:31:00'),
(3731, 157, 5714, '/assets/product_logo/zyFtPFsZPYklDn0.webp', '2024-09-14 17:31:00', '2024-09-14 17:31:00'),
(3732, 157, 5717, '/assets/product_logo/zyFtPFsZPYklDn0.webp', '2024-09-14 17:31:00', '2024-09-14 17:31:00'),
(3733, 157, 5715, '/assets/product_logo/zyFtPFsZPYklDn0.webp', '2024-09-14 17:31:00', '2024-09-14 17:31:00'),
(3734, 157, 5716, '/assets/product_logo/zyFtPFsZPYklDn0.webp', '2024-09-14 17:31:00', '2024-09-14 17:31:00'),
(3735, 157, 5684, '/assets/product_logo/zyFtPFsZPYklDn0.webp', '2024-09-14 17:31:00', '2024-09-14 17:31:00'),
(3736, 157, 5695, '/assets/product_logo/zyFtPFsZPYklDn0.webp', '2024-09-14 17:31:00', '2024-09-14 17:31:00'),
(3737, 157, 5686, '/assets/product_logo/zyFtPFsZPYklDn0.webp', '2024-09-14 17:31:00', '2024-09-14 17:31:00'),
(3738, 157, 5701, '/assets/product_logo/zyFtPFsZPYklDn0.webp', '2024-09-14 17:31:00', '2024-09-14 17:31:00'),
(3739, 157, 5713, '/assets/product_logo/zyFtPFsZPYklDn0.webp', '2024-09-14 17:31:00', '2024-09-14 17:31:00'),
(3740, 157, 5700, '/assets/product_logo/zyFtPFsZPYklDn0.webp', '2024-09-14 17:31:00', '2024-09-14 17:31:00'),
(3741, 157, 5710, '/assets/product_logo/zyFtPFsZPYklDn0.webp', '2024-09-14 17:31:00', '2024-09-14 17:31:00'),
(3742, 157, 5694, '/assets/product_logo/zyFtPFsZPYklDn0.webp', '2024-09-14 17:31:00', '2024-09-14 17:31:00'),
(3743, 157, 5681, '/assets/product_logo/zyFtPFsZPYklDn0.webp', '2024-09-14 17:31:00', '2024-09-14 17:31:00'),
(3744, 157, 5685, '/assets/product_logo/zyFtPFsZPYklDn0.webp', '2024-09-14 17:31:00', '2024-09-14 17:31:00'),
(3745, 157, 5682, '/assets/product_logo/zyFtPFsZPYklDn0.webp', '2024-09-14 17:31:00', '2024-09-14 17:31:00'),
(3746, 157, 5696, '/assets/product_logo/zyFtPFsZPYklDn0.webp', '2024-09-14 17:31:00', '2024-09-14 17:31:00'),
(3747, 157, 5689, '/assets/product_logo/zyFtPFsZPYklDn0.webp', '2024-09-14 17:31:00', '2024-09-14 17:31:00'),
(3748, 157, 5688, '/assets/product_logo/zyFtPFsZPYklDn0.webp', '2024-09-14 17:31:00', '2024-09-14 17:31:00'),
(3749, 157, 5691, '/assets/product_logo/zyFtPFsZPYklDn0.webp', '2024-09-14 17:31:00', '2024-09-14 17:31:00'),
(3750, 157, 5711, '/assets/product_logo/zyFtPFsZPYklDn0.webp', '2024-09-14 17:31:00', '2024-09-14 17:31:00'),
(3751, 157, 5708, '/assets/product_logo/zyFtPFsZPYklDn0.webp', '2024-09-14 17:31:00', '2024-09-14 17:31:00'),
(3752, 157, 5698, '/assets/product_logo/zyFtPFsZPYklDn0.webp', '2024-09-14 17:31:00', '2024-09-14 17:31:00'),
(3753, 157, 5712, '/assets/product_logo/zyFtPFsZPYklDn0.webp', '2024-09-14 17:31:00', '2024-09-14 17:31:00'),
(3754, 157, 5709, '/assets/product_logo/zyFtPFsZPYklDn0.webp', '2024-09-14 17:31:00', '2024-09-14 17:31:00'),
(3652, 157, 6086, '/assets/product_logo/HOIuujE7CGzgPKr.webp', '2024-09-14 13:03:09', '2024-09-14 13:03:09'),
(3653, 157, 6047, '/assets/product_logo/HOIuujE7CGzgPKr.webp', '2024-09-14 13:03:09', '2024-09-14 13:03:09'),
(3650, 157, 6078, '/assets/product_logo/HOIuujE7CGzgPKr.webp', '2024-09-14 13:03:08', '2024-09-14 13:03:08'),
(3628, 157, 6061, '/assets/product_logo/utZvb6idtGLeKzC.webp', '2024-09-14 13:00:02', '2024-09-14 13:00:02'),
(3629, 157, 6062, '/assets/product_logo/RR7KhOvxleP1iV3.webp', '2024-09-14 13:02:01', '2024-09-14 13:02:01'),
(3630, 157, 6063, '/assets/product_logo/RR7KhOvxleP1iV3.webp', '2024-09-14 13:02:01', '2024-09-14 13:02:01'),
(3631, 157, 6066, '/assets/product_logo/RR7KhOvxleP1iV3.webp', '2024-09-14 13:02:01', '2024-09-14 13:02:01'),
(3632, 157, 6068, '/assets/product_logo/RR7KhOvxleP1iV3.webp', '2024-09-14 13:02:01', '2024-09-14 13:02:01'),
(3633, 157, 6069, '/assets/product_logo/RR7KhOvxleP1iV3.webp', '2024-09-14 13:02:01', '2024-09-14 13:02:01');
INSERT INTO `paket_layanans` (`id`, `paket_id`, `layanan_id`, `product_logo`, `created_at`, `updated_at`) VALUES
(3634, 157, 6073, '/assets/product_logo/RR7KhOvxleP1iV3.webp', '2024-09-14 13:02:01', '2024-09-14 13:02:01'),
(3635, 157, 6075, '/assets/product_logo/RR7KhOvxleP1iV3.webp', '2024-09-14 13:02:01', '2024-09-14 13:02:01'),
(3636, 157, 6077, '/assets/product_logo/RR7KhOvxleP1iV3.webp', '2024-09-14 13:02:01', '2024-09-14 13:02:01'),
(3637, 157, 6080, '/assets/product_logo/RR7KhOvxleP1iV3.webp', '2024-09-14 13:02:01', '2024-09-14 13:02:01'),
(3638, 157, 6081, '/assets/product_logo/RR7KhOvxleP1iV3.webp', '2024-09-14 13:02:01', '2024-09-14 13:02:01'),
(3639, 157, 6083, '/assets/product_logo/RR7KhOvxleP1iV3.webp', '2024-09-14 13:02:01', '2024-09-14 13:02:01'),
(3640, 157, 6085, '/assets/product_logo/RR7KhOvxleP1iV3.webp', '2024-09-14 13:02:01', '2024-09-14 13:02:01'),
(3641, 157, 6043, '/assets/product_logo/RR7KhOvxleP1iV3.webp', '2024-09-14 13:02:01', '2024-09-14 13:02:01'),
(3581, 99, 6031, '/assets/product_logo/7u4KCqRuj1VGZKH.webp', '2024-09-14 11:18:08', '2024-09-14 11:18:08'),
(3651, 157, 6084, '/assets/product_logo/HOIuujE7CGzgPKr.webp', '2024-09-14 13:03:08', '2024-09-14 13:03:08'),
(3647, 157, 6070, '/assets/product_logo/HOIuujE7CGzgPKr.webp', '2024-09-14 13:03:08', '2024-09-14 13:03:08'),
(3648, 157, 6071, '/assets/product_logo/HOIuujE7CGzgPKr.webp', '2024-09-14 13:03:08', '2024-09-14 13:03:08'),
(3649, 157, 6074, '/assets/product_logo/HOIuujE7CGzgPKr.webp', '2024-09-14 13:03:08', '2024-09-14 13:03:08'),
(3642, 157, 6045, '/assets/product_logo/RR7KhOvxleP1iV3.webp', '2024-09-14 13:02:01', '2024-09-14 13:02:01'),
(3643, 157, 6049, '/assets/product_logo/RR7KhOvxleP1iV3.webp', '2024-09-14 13:02:01', '2024-09-14 13:02:01'),
(3644, 157, 6055, '/assets/product_logo/RR7KhOvxleP1iV3.webp', '2024-09-14 13:02:01', '2024-09-14 13:02:01'),
(3645, 157, 6065, '/assets/product_logo/HOIuujE7CGzgPKr.webp', '2024-09-14 13:03:08', '2024-09-14 13:03:08'),
(3646, 157, 6067, '/assets/product_logo/HOIuujE7CGzgPKr.webp', '2024-09-14 13:03:08', '2024-09-14 13:03:08'),
(3461, 101, 5758, '/assets/product_logo/xDcevCU57lTohvz.webp', '2024-09-13 22:06:10', '2024-09-13 22:06:10'),
(3462, 101, 5763, '/assets/product_logo/xDcevCU57lTohvz.webp', '2024-09-13 22:06:10', '2024-09-13 22:06:10'),
(3463, 101, 5760, '/assets/product_logo/xDcevCU57lTohvz.webp', '2024-09-13 22:06:10', '2024-09-13 22:06:10'),
(3464, 101, 5761, '/assets/product_logo/xDcevCU57lTohvz.webp', '2024-09-13 22:06:10', '2024-09-13 22:06:10'),
(3465, 101, 5759, '/assets/product_logo/xDcevCU57lTohvz.webp', '2024-09-13 22:06:10', '2024-09-13 22:06:10'),
(3466, 101, 5762, '/assets/product_logo/xDcevCU57lTohvz.webp', '2024-09-13 22:06:10', '2024-09-13 22:06:10'),
(3467, 100, 5770, '/assets/product_logo/TpNAUO7N1YRVsKE.webp', '2024-09-13 22:06:47', '2024-09-13 22:06:47'),
(3468, 100, 5774, '/assets/product_logo/TpNAUO7N1YRVsKE.webp', '2024-09-13 22:06:47', '2024-09-13 22:06:47'),
(3469, 100, 5769, '/assets/product_logo/TpNAUO7N1YRVsKE.webp', '2024-09-13 22:06:47', '2024-09-13 22:06:47'),
(3470, 100, 5767, '/assets/product_logo/TpNAUO7N1YRVsKE.webp', '2024-09-13 22:06:47', '2024-09-13 22:06:47'),
(3471, 100, 5766, '/assets/product_logo/TpNAUO7N1YRVsKE.webp', '2024-09-13 22:06:47', '2024-09-13 22:06:47'),
(3472, 100, 5768, '/assets/product_logo/TpNAUO7N1YRVsKE.webp', '2024-09-13 22:06:47', '2024-09-13 22:06:47'),
(3473, 100, 5772, '/assets/product_logo/TpNAUO7N1YRVsKE.webp', '2024-09-13 22:06:47', '2024-09-13 22:06:47'),
(3474, 100, 5773, '/assets/product_logo/TpNAUO7N1YRVsKE.webp', '2024-09-13 22:06:47', '2024-09-13 22:06:47'),
(3475, 100, 5765, '/assets/product_logo/TpNAUO7N1YRVsKE.webp', '2024-09-13 22:06:47', '2024-09-13 22:06:47'),
(3476, 100, 5771, '/assets/product_logo/TpNAUO7N1YRVsKE.webp', '2024-09-13 22:06:47', '2024-09-13 22:06:47'),
(3477, 100, 5764, '/assets/product_logo/TpNAUO7N1YRVsKE.webp', '2024-09-13 22:06:47', '2024-09-13 22:06:47'),
(3478, 100, 5775, '/assets/product_logo/TpNAUO7N1YRVsKE.webp', '2024-09-13 22:06:47', '2024-09-13 22:06:47'),
(3479, 116, 5779, '/assets/product_logo/6lQDX4HPxMSX2an.webp', '2024-09-13 22:07:22', '2024-09-13 22:07:22'),
(3480, 116, 5780, '/assets/product_logo/6lQDX4HPxMSX2an.webp', '2024-09-13 22:07:22', '2024-09-13 22:07:22'),
(3481, 116, 5778, '/assets/product_logo/6lQDX4HPxMSX2an.webp', '2024-09-13 22:07:22', '2024-09-13 22:07:22'),
(3482, 116, 5776, '/assets/product_logo/6lQDX4HPxMSX2an.webp', '2024-09-13 22:07:22', '2024-09-13 22:07:22'),
(3483, 116, 5781, '/assets/product_logo/6lQDX4HPxMSX2an.webp', '2024-09-13 22:07:22', '2024-09-13 22:07:22'),
(3484, 116, 5777, '/assets/product_logo/6lQDX4HPxMSX2an.webp', '2024-09-13 22:07:22', '2024-09-13 22:07:22'),
(3485, 116, 5782, '/assets/product_logo/6lQDX4HPxMSX2an.webp', '2024-09-13 22:07:22', '2024-09-13 22:07:22'),
(3486, 107, 5785, '/assets/product_logo/toRqOBIyzbf8eud.webp', '2024-09-13 22:10:07', '2024-09-13 22:10:07'),
(3487, 107, 5788, '/assets/product_logo/toRqOBIyzbf8eud.webp', '2024-09-13 22:10:07', '2024-09-13 22:10:07'),
(3488, 107, 5790, '/assets/product_logo/toRqOBIyzbf8eud.webp', '2024-09-13 22:10:07', '2024-09-13 22:10:07'),
(3489, 107, 5787, '/assets/product_logo/toRqOBIyzbf8eud.webp', '2024-09-13 22:10:07', '2024-09-13 22:10:07'),
(3490, 107, 5786, '/assets/product_logo/toRqOBIyzbf8eud.webp', '2024-09-13 22:10:07', '2024-09-13 22:10:07'),
(3491, 107, 5789, '/assets/product_logo/toRqOBIyzbf8eud.webp', '2024-09-13 22:10:07', '2024-09-13 22:10:07'),
(3492, 107, 5784, '/assets/product_logo/toRqOBIyzbf8eud.webp', '2024-09-13 22:10:07', '2024-09-13 22:10:07'),
(3493, 107, 5783, '/assets/product_logo/toRqOBIyzbf8eud.webp', '2024-09-13 22:10:07', '2024-09-13 22:10:07'),
(3494, 117, 5796, '/assets/product_logo/iuHA1xlByuD7PTz.webp', '2024-09-13 22:11:49', '2024-09-13 22:11:49'),
(3495, 117, 5797, '/assets/product_logo/iuHA1xlByuD7PTz.webp', '2024-09-13 22:11:49', '2024-09-13 22:11:49'),
(3496, 117, 5791, '/assets/product_logo/iuHA1xlByuD7PTz.webp', '2024-09-13 22:11:49', '2024-09-13 22:11:49'),
(3497, 117, 5795, '/assets/product_logo/iuHA1xlByuD7PTz.webp', '2024-09-13 22:11:49', '2024-09-13 22:11:49'),
(3498, 117, 5792, '/assets/product_logo/iuHA1xlByuD7PTz.webp', '2024-09-13 22:11:49', '2024-09-13 22:11:49'),
(3499, 117, 5793, '/assets/product_logo/iuHA1xlByuD7PTz.webp', '2024-09-13 22:11:49', '2024-09-13 22:11:49'),
(3500, 117, 5794, '/assets/product_logo/iuHA1xlByuD7PTz.webp', '2024-09-13 22:11:49', '2024-09-13 22:11:49'),
(3501, 157, 5804, '/assets/product_logo/lTC5iGeX2zsVn3E.webp', '2024-09-13 22:14:57', '2024-09-13 22:14:57'),
(3502, 157, 5805, '/assets/product_logo/lTC5iGeX2zsVn3E.webp', '2024-09-13 22:14:57', '2024-09-13 22:14:57'),
(3503, 157, 5808, '/assets/product_logo/lTC5iGeX2zsVn3E.webp', '2024-09-13 22:14:57', '2024-09-13 22:14:57'),
(3504, 157, 5802, '/assets/product_logo/lTC5iGeX2zsVn3E.webp', '2024-09-13 22:14:57', '2024-09-13 22:14:57'),
(3505, 157, 5811, '/assets/product_logo/lTC5iGeX2zsVn3E.webp', '2024-09-13 22:14:57', '2024-09-13 22:14:57'),
(3506, 157, 5798, '/assets/product_logo/lTC5iGeX2zsVn3E.webp', '2024-09-13 22:14:57', '2024-09-13 22:14:57'),
(3507, 157, 5803, '/assets/product_logo/lTC5iGeX2zsVn3E.webp', '2024-09-13 22:14:57', '2024-09-13 22:14:57'),
(3508, 157, 5801, '/assets/product_logo/lTC5iGeX2zsVn3E.webp', '2024-09-13 22:14:57', '2024-09-13 22:14:57'),
(3509, 157, 5800, '/assets/product_logo/lTC5iGeX2zsVn3E.webp', '2024-09-13 22:14:57', '2024-09-13 22:14:57'),
(3510, 157, 5799, '/assets/product_logo/lTC5iGeX2zsVn3E.webp', '2024-09-13 22:14:57', '2024-09-13 22:14:57'),
(3511, 102, 5815, '/assets/product_logo/qkyGRbdsIUslr1W.png', '2024-09-13 22:16:10', '2024-09-13 22:16:10'),
(3512, 102, 5817, '/assets/product_logo/qkyGRbdsIUslr1W.png', '2024-09-13 22:16:10', '2024-09-13 22:16:10'),
(3513, 102, 5813, '/assets/product_logo/qkyGRbdsIUslr1W.png', '2024-09-13 22:16:10', '2024-09-13 22:16:10'),
(3514, 102, 5816, '/assets/product_logo/qkyGRbdsIUslr1W.png', '2024-09-13 22:16:10', '2024-09-13 22:16:10'),
(3515, 102, 5814, '/assets/product_logo/qkyGRbdsIUslr1W.png', '2024-09-13 22:16:10', '2024-09-13 22:16:10'),
(3516, 96, 5824, '/assets/product_logo/xkIXb62FKQZwGCf.png', '2024-09-13 22:18:26', '2024-09-13 22:18:26'),
(3517, 96, 5822, '/assets/product_logo/xkIXb62FKQZwGCf.png', '2024-09-13 22:18:26', '2024-09-13 22:18:26'),
(3518, 96, 5828, '/assets/product_logo/xkIXb62FKQZwGCf.png', '2024-09-13 22:18:26', '2024-09-13 22:18:26'),
(3519, 96, 5827, '/assets/product_logo/xkIXb62FKQZwGCf.png', '2024-09-13 22:18:26', '2024-09-13 22:18:26'),
(3520, 96, 5826, '/assets/product_logo/xkIXb62FKQZwGCf.png', '2024-09-13 22:18:26', '2024-09-13 22:18:26'),
(3521, 97, 5820, '/assets/product_logo/CwVtGqxFOnlx0VB.webp', '2024-09-13 22:18:47', '2024-09-13 22:18:47'),
(3522, 97, 5818, '/assets/product_logo/CwVtGqxFOnlx0VB.webp', '2024-09-13 22:18:47', '2024-09-13 22:18:47'),
(3523, 97, 5823, '/assets/product_logo/CwVtGqxFOnlx0VB.webp', '2024-09-13 22:18:47', '2024-09-13 22:18:47'),
(3524, 97, 5821, '/assets/product_logo/CwVtGqxFOnlx0VB.webp', '2024-09-13 22:18:47', '2024-09-13 22:18:47'),
(3525, 97, 5825, '/assets/product_logo/CwVtGqxFOnlx0VB.webp', '2024-09-13 22:18:47', '2024-09-13 22:18:47'),
(3526, 97, 5819, '/assets/product_logo/CwVtGqxFOnlx0VB.webp', '2024-09-13 22:18:47', '2024-09-13 22:18:47'),
(3527, 121, 5842, '/assets/product_logo/M76oWyp90DX0iue.webp', '2024-09-13 22:20:13', '2024-09-13 22:20:13'),
(3528, 121, 5830, '/assets/product_logo/M76oWyp90DX0iue.webp', '2024-09-13 22:20:13', '2024-09-13 22:20:13'),
(3529, 121, 5832, '/assets/product_logo/M76oWyp90DX0iue.webp', '2024-09-13 22:20:13', '2024-09-13 22:20:13'),
(3530, 121, 5833, '/assets/product_logo/M76oWyp90DX0iue.webp', '2024-09-13 22:20:13', '2024-09-13 22:20:13'),
(3531, 121, 5831, '/assets/product_logo/M76oWyp90DX0iue.webp', '2024-09-13 22:20:13', '2024-09-13 22:20:13'),
(3532, 121, 5839, '/assets/product_logo/M76oWyp90DX0iue.webp', '2024-09-13 22:20:13', '2024-09-13 22:20:13'),
(3533, 121, 5840, '/assets/product_logo/M76oWyp90DX0iue.webp', '2024-09-13 22:20:13', '2024-09-13 22:20:13'),
(3534, 121, 5838, '/assets/product_logo/M76oWyp90DX0iue.webp', '2024-09-13 22:20:13', '2024-09-13 22:20:13'),
(3535, 121, 5837, '/assets/product_logo/M76oWyp90DX0iue.webp', '2024-09-13 22:20:13', '2024-09-13 22:20:13'),
(3536, 121, 5836, '/assets/product_logo/M76oWyp90DX0iue.webp', '2024-09-13 22:20:13', '2024-09-13 22:20:13'),
(3537, 121, 5829, '/assets/product_logo/M76oWyp90DX0iue.webp', '2024-09-13 22:20:13', '2024-09-13 22:20:13'),
(3538, 121, 5841, '/assets/product_logo/M76oWyp90DX0iue.webp', '2024-09-13 22:20:13', '2024-09-13 22:20:13'),
(3539, 121, 5834, '/assets/product_logo/M76oWyp90DX0iue.webp', '2024-09-13 22:20:13', '2024-09-13 22:20:13'),
(3540, 121, 5835, '/assets/product_logo/M76oWyp90DX0iue.webp', '2024-09-13 22:20:13', '2024-09-13 22:20:13'),
(3541, 156, 5846, '/assets/product_logo/Wo1KUABjKzlE8P8.webp', '2024-09-13 22:22:27', '2024-09-13 22:22:27'),
(3542, 156, 5845, '/assets/product_logo/Wo1KUABjKzlE8P8.webp', '2024-09-13 22:22:27', '2024-09-13 22:22:27'),
(3543, 108, 5843, '/assets/product_logo/wWriWYBlr9DYrvO.webp', '2024-09-13 22:22:51', '2024-09-13 22:22:51'),
(3544, 108, 5844, '/assets/product_logo/wWriWYBlr9DYrvO.webp', '2024-09-13 22:22:51', '2024-09-13 22:22:51'),
(3545, 156, 5851, '/assets/product_logo/5802Wb7wZRx3StP.png', '2024-09-13 22:27:27', '2024-09-13 22:27:27'),
(3546, 156, 5850, '/assets/product_logo/HieIhFGlbbVZs0f.png', '2024-09-13 22:27:54', '2024-09-13 22:27:54'),
(3547, 160, 5849, '/assets/product_logo/0a4qbJPaZby2PJy.png', '2024-09-13 22:29:15', '2024-09-13 22:29:15'),
(3548, 160, 5847, '/assets/product_logo/0a4qbJPaZby2PJy.png', '2024-09-13 22:29:15', '2024-09-13 22:29:15'),
(3549, 160, 5852, '/assets/product_logo/0a4qbJPaZby2PJy.png', '2024-09-13 22:29:15', '2024-09-13 22:29:15'),
(3550, 160, 5853, '/assets/product_logo/0a4qbJPaZby2PJy.png', '2024-09-13 22:29:15', '2024-09-13 22:29:15'),
(3551, 160, 5854, '/assets/product_logo/0a4qbJPaZby2PJy.png', '2024-09-13 22:29:15', '2024-09-13 22:29:15'),
(3552, 160, 5855, '/assets/product_logo/0a4qbJPaZby2PJy.png', '2024-09-13 22:29:15', '2024-09-13 22:29:15'),
(3553, 113, 5858, '/assets/product_logo/9s2pr4FBxH0LD0P.webp', '2024-09-13 22:30:25', '2024-09-13 22:30:25'),
(3554, 113, 5856, '/assets/product_logo/9s2pr4FBxH0LD0P.webp', '2024-09-13 22:30:25', '2024-09-13 22:30:25'),
(3555, 113, 5857, '/assets/product_logo/9s2pr4FBxH0LD0P.webp', '2024-09-13 22:30:25', '2024-09-13 22:30:25'),
(3556, 113, 5860, '/assets/product_logo/9s2pr4FBxH0LD0P.webp', '2024-09-13 22:30:25', '2024-09-13 22:30:25'),
(3557, 113, 5859, '/assets/product_logo/9s2pr4FBxH0LD0P.webp', '2024-09-13 22:30:25', '2024-09-13 22:30:25'),
(3558, 113, 5861, '/assets/product_logo/9s2pr4FBxH0LD0P.webp', '2024-09-13 22:30:25', '2024-09-13 22:30:25'),
(3559, 111, 5868, '/assets/product_logo/Snaou2UVAI0RbRP.jpg', '2024-09-14 10:00:08', '2024-09-14 10:00:08'),
(3560, 111, 5862, '/assets/product_logo/Snaou2UVAI0RbRP.jpg', '2024-09-14 10:00:08', '2024-09-14 10:00:08'),
(3561, 111, 5863, '/assets/product_logo/Snaou2UVAI0RbRP.jpg', '2024-09-14 10:00:08', '2024-09-14 10:00:08'),
(3562, 111, 5864, '/assets/product_logo/Snaou2UVAI0RbRP.jpg', '2024-09-14 10:00:08', '2024-09-14 10:00:08'),
(3563, 111, 5865, '/assets/product_logo/Snaou2UVAI0RbRP.jpg', '2024-09-14 10:00:08', '2024-09-14 10:00:08'),
(3564, 111, 5866, '/assets/product_logo/Snaou2UVAI0RbRP.jpg', '2024-09-14 10:00:08', '2024-09-14 10:00:08'),
(3565, 111, 5867, '/assets/product_logo/Snaou2UVAI0RbRP.jpg', '2024-09-14 10:00:08', '2024-09-14 10:00:08'),
(3566, 111, 5869, '/assets/product_logo/Snaou2UVAI0RbRP.jpg', '2024-09-14 10:00:08', '2024-09-14 10:00:08'),
(3567, 111, 5870, '/assets/product_logo/Snaou2UVAI0RbRP.jpg', '2024-09-14 10:00:08', '2024-09-14 10:00:08'),
(3568, 111, 5871, '/assets/product_logo/Snaou2UVAI0RbRP.jpg', '2024-09-14 10:00:08', '2024-09-14 10:00:08'),
(3569, 111, 5890, '/assets/product_logo/GfRFgeVPC9B4838.jpg', '2024-09-14 10:04:13', '2024-09-14 10:04:13'),
(3570, 111, 5891, '/assets/product_logo/GfRFgeVPC9B4838.jpg', '2024-09-14 10:04:13', '2024-09-14 10:04:13'),
(3571, 111, 5873, '/assets/product_logo/GfRFgeVPC9B4838.jpg', '2024-09-14 10:04:13', '2024-09-14 10:04:13'),
(3572, 111, 5874, '/assets/product_logo/GfRFgeVPC9B4838.jpg', '2024-09-14 10:04:13', '2024-09-14 10:04:13'),
(3573, 111, 5876, '/assets/product_logo/GfRFgeVPC9B4838.jpg', '2024-09-14 10:04:13', '2024-09-14 10:04:13'),
(3574, 111, 5877, '/assets/product_logo/GfRFgeVPC9B4838.jpg', '2024-09-14 10:04:13', '2024-09-14 10:04:13'),
(3575, 111, 5879, '/assets/product_logo/GfRFgeVPC9B4838.jpg', '2024-09-14 10:04:13', '2024-09-14 10:04:13'),
(3576, 111, 5880, '/assets/product_logo/GfRFgeVPC9B4838.jpg', '2024-09-14 10:04:13', '2024-09-14 10:04:13'),
(3577, 111, 5882, '/assets/product_logo/GfRFgeVPC9B4838.jpg', '2024-09-14 10:04:13', '2024-09-14 10:04:13'),
(3578, 111, 5884, '/assets/product_logo/GfRFgeVPC9B4838.jpg', '2024-09-14 10:04:13', '2024-09-14 10:04:13'),
(3582, 99, 6029, '/assets/product_logo/7u4KCqRuj1VGZKH.webp', '2024-09-14 11:18:08', '2024-09-14 11:18:08'),
(3583, 99, 6032, '/assets/product_logo/7u4KCqRuj1VGZKH.webp', '2024-09-14 11:18:08', '2024-09-14 11:18:08'),
(3584, 99, 6033, '/assets/product_logo/7u4KCqRuj1VGZKH.webp', '2024-09-14 11:18:08', '2024-09-14 11:18:08'),
(3585, 99, 6035, '/assets/product_logo/7u4KCqRuj1VGZKH.webp', '2024-09-14 11:18:08', '2024-09-14 11:18:08'),
(3586, 99, 6028, '/assets/product_logo/7u4KCqRuj1VGZKH.webp', '2024-09-14 11:18:08', '2024-09-14 11:18:08'),
(3587, 99, 6030, '/assets/product_logo/7u4KCqRuj1VGZKH.webp', '2024-09-14 11:18:08', '2024-09-14 11:18:08'),
(3588, 99, 6034, '/assets/product_logo/7u4KCqRuj1VGZKH.webp', '2024-09-14 11:18:08', '2024-09-14 11:18:08'),
(3589, 99, 6036, '/assets/product_logo/7u4KCqRuj1VGZKH.webp', '2024-09-14 11:18:08', '2024-09-14 11:18:08'),
(3590, 99, 6027, '/assets/product_logo/7u4KCqRuj1VGZKH.webp', '2024-09-14 11:18:08', '2024-09-14 11:18:08'),
(3611, 157, 6072, '/assets/product_logo/QHRPE7vrLZJTi49.webp', '2024-09-14 12:57:42', '2024-09-14 12:57:42'),
(3612, 157, 6046, '/assets/product_logo/QHRPE7vrLZJTi49.webp', '2024-09-14 12:57:42', '2024-09-14 12:57:42'),
(3613, 157, 6054, '/assets/product_logo/QHRPE7vrLZJTi49.webp', '2024-09-14 12:57:42', '2024-09-14 12:57:42'),
(3614, 157, 6060, '/assets/product_logo/QHRPE7vrLZJTi49.webp', '2024-09-14 12:57:42', '2024-09-14 12:57:42'),
(3615, 157, 6064, '/assets/product_logo/QHRPE7vrLZJTi49.webp', '2024-09-14 12:57:42', '2024-09-14 12:57:42'),
(3616, 157, 6087, '/assets/product_logo/QHRPE7vrLZJTi49.webp', '2024-09-14 12:57:42', '2024-09-14 12:57:42'),
(3617, 157, 6076, '/assets/product_logo/QHRPE7vrLZJTi49.webp', '2024-09-14 12:57:42', '2024-09-14 12:57:42'),
(3618, 157, 6079, '/assets/product_logo/QHRPE7vrLZJTi49.webp', '2024-09-14 12:57:42', '2024-09-14 12:57:42'),
(3619, 157, 6082, '/assets/product_logo/QHRPE7vrLZJTi49.webp', '2024-09-14 12:57:42', '2024-09-14 12:57:42'),
(3620, 157, 6042, '/assets/product_logo/QHRPE7vrLZJTi49.webp', '2024-09-14 12:57:42', '2024-09-14 12:57:42'),
(3621, 157, 6044, '/assets/product_logo/QHRPE7vrLZJTi49.webp', '2024-09-14 12:57:42', '2024-09-14 12:57:42'),
(3622, 157, 6048, '/assets/product_logo/QHRPE7vrLZJTi49.webp', '2024-09-14 12:57:42', '2024-09-14 12:57:42'),
(3623, 157, 6051, '/assets/product_logo/utZvb6idtGLeKzC.webp', '2024-09-14 13:00:02', '2024-09-14 13:00:02'),
(3624, 157, 6052, '/assets/product_logo/utZvb6idtGLeKzC.webp', '2024-09-14 13:00:02', '2024-09-14 13:00:02'),
(3625, 157, 6057, '/assets/product_logo/utZvb6idtGLeKzC.webp', '2024-09-14 13:00:02', '2024-09-14 13:00:02'),
(3626, 157, 6058, '/assets/product_logo/utZvb6idtGLeKzC.webp', '2024-09-14 13:00:02', '2024-09-14 13:00:02'),
(3654, 157, 6050, '/assets/product_logo/HOIuujE7CGzgPKr.webp', '2024-09-14 13:03:09', '2024-09-14 13:03:09'),
(3655, 157, 6053, '/assets/product_logo/HOIuujE7CGzgPKr.webp', '2024-09-14 13:03:09', '2024-09-14 13:03:09'),
(3656, 157, 6056, '/assets/product_logo/HOIuujE7CGzgPKr.webp', '2024-09-14 13:03:09', '2024-09-14 13:03:09'),
(3657, 91, 6088, '/assets/product_logo/NH25fheTCEdzPGm.webp', '2024-09-14 13:07:44', '2024-09-14 13:07:44'),
(3658, 91, 6089, '/assets/product_logo/NH25fheTCEdzPGm.webp', '2024-09-14 13:07:44', '2024-09-14 13:07:44'),
(3659, 91, 6091, '/assets/product_logo/5nNYlXinwQb1ooh.webp', '2024-09-14 13:11:25', '2024-09-14 13:11:25'),
(3660, 91, 6092, '/assets/product_logo/5nNYlXinwQb1ooh.webp', '2024-09-14 13:11:25', '2024-09-14 13:11:25'),
(3661, 91, 6093, '/assets/product_logo/5nNYlXinwQb1ooh.webp', '2024-09-14 13:11:25', '2024-09-14 13:11:25'),
(3662, 91, 6094, '/assets/product_logo/5nNYlXinwQb1ooh.webp', '2024-09-14 13:11:25', '2024-09-14 13:11:25'),
(3663, 91, 6095, '/assets/product_logo/5nNYlXinwQb1ooh.webp', '2024-09-14 13:11:25', '2024-09-14 13:11:25'),
(3664, 91, 6090, '/assets/product_logo/KSbKBMIcpHHL013.webp', '2024-09-14 13:12:11', '2024-09-14 13:12:11'),
(4145, 155, 6852, '/assets/product_logo/3YJtevA8ukC8uqI.webp', '2024-09-29 12:04:01', '2024-09-29 12:04:01'),
(3666, 150, 6108, '/assets/product_logo/OZJqMiSYabvJTIG.webp', '2024-09-14 14:31:31', '2024-09-14 14:31:31'),
(3668, 150, 6113, '/assets/product_logo/OZJqMiSYabvJTIG.webp', '2024-09-14 14:31:31', '2024-09-14 14:31:31'),
(3669, 150, 6116, '/assets/product_logo/OZJqMiSYabvJTIG.webp', '2024-09-14 14:31:31', '2024-09-14 14:31:31'),
(3670, 150, 6118, '/assets/product_logo/OZJqMiSYabvJTIG.webp', '2024-09-14 14:31:31', '2024-09-14 14:31:31'),
(3671, 150, 6096, '/assets/product_logo/OZJqMiSYabvJTIG.webp', '2024-09-14 14:31:31', '2024-09-14 14:31:31'),
(3672, 150, 6098, '/assets/product_logo/OZJqMiSYabvJTIG.webp', '2024-09-14 14:31:31', '2024-09-14 14:31:31'),
(3673, 150, 6100, '/assets/product_logo/OZJqMiSYabvJTIG.webp', '2024-09-14 14:31:31', '2024-09-14 14:31:31'),
(3674, 150, 6105, '/assets/product_logo/OZJqMiSYabvJTIG.webp', '2024-09-14 14:31:31', '2024-09-14 14:31:31'),
(3675, 150, 6106, '/assets/product_logo/OZJqMiSYabvJTIG.webp', '2024-09-14 14:31:31', '2024-09-14 14:31:31'),
(3676, 150, 6109, '/assets/product_logo/OZJqMiSYabvJTIG.webp', '2024-09-14 14:31:31', '2024-09-14 14:31:31'),
(3677, 150, 6114, '/assets/product_logo/OZJqMiSYabvJTIG.webp', '2024-09-14 14:31:31', '2024-09-14 14:31:31'),
(3678, 150, 6117, '/assets/product_logo/OZJqMiSYabvJTIG.webp', '2024-09-14 14:31:31', '2024-09-14 14:31:31'),
(3679, 150, 6119, '/assets/product_logo/OZJqMiSYabvJTIG.webp', '2024-09-14 14:31:31', '2024-09-14 14:31:31'),
(3680, 150, 6121, '/assets/product_logo/OZJqMiSYabvJTIG.webp', '2024-09-14 14:31:31', '2024-09-14 14:31:31'),
(3681, 150, 6122, '/assets/product_logo/OZJqMiSYabvJTIG.webp', '2024-09-14 14:31:31', '2024-09-14 14:31:31'),
(3682, 150, 6097, '/assets/product_logo/OZJqMiSYabvJTIG.webp', '2024-09-14 14:31:31', '2024-09-14 14:31:31'),
(3683, 150, 6099, '/assets/product_logo/OZJqMiSYabvJTIG.webp', '2024-09-14 14:31:31', '2024-09-14 14:31:31'),
(3684, 150, 6101, '/assets/product_logo/OZJqMiSYabvJTIG.webp', '2024-09-14 14:31:31', '2024-09-14 14:31:31'),
(3685, 150, 6104, '/assets/product_logo/OZJqMiSYabvJTIG.webp', '2024-09-14 14:31:31', '2024-09-14 14:31:31'),
(3686, 150, 6107, '/assets/product_logo/OZJqMiSYabvJTIG.webp', '2024-09-14 14:31:31', '2024-09-14 14:31:31'),
(3687, 150, 6111, '/assets/product_logo/OZJqMiSYabvJTIG.webp', '2024-09-14 14:31:31', '2024-09-14 14:31:31'),
(3688, 150, 6112, '/assets/product_logo/OZJqMiSYabvJTIG.webp', '2024-09-14 14:31:31', '2024-09-14 14:31:31'),
(3689, 150, 6115, '/assets/product_logo/OZJqMiSYabvJTIG.webp', '2024-09-14 14:31:31', '2024-09-14 14:31:31'),
(3690, 150, 6123, '/assets/product_logo/OZJqMiSYabvJTIG.webp', '2024-09-14 14:31:31', '2024-09-14 14:31:31'),
(4147, 155, 6854, '/assets/product_logo/3YJtevA8ukC8uqI.webp', '2024-09-29 12:04:01', '2024-09-29 12:04:01'),
(4146, 155, 6853, '/assets/product_logo/3YJtevA8ukC8uqI.webp', '2024-09-29 12:04:01', '2024-09-29 12:04:01'),
(3693, 99, 6128, '/assets/product_logo/ddlsF43I4SUfRih.png', '2024-09-14 14:34:09', '2024-09-14 14:34:09'),
(3694, 99, 6126, '/assets/product_logo/ddlsF43I4SUfRih.png', '2024-09-14 14:34:09', '2024-09-14 14:34:09'),
(3695, 99, 6129, '/assets/product_logo/ddlsF43I4SUfRih.png', '2024-09-14 14:34:09', '2024-09-14 14:34:09'),
(3696, 99, 6130, '/assets/product_logo/ddlsF43I4SUfRih.png', '2024-09-14 14:34:09', '2024-09-14 14:34:09'),
(3697, 99, 6132, '/assets/product_logo/ddlsF43I4SUfRih.png', '2024-09-14 14:34:09', '2024-09-14 14:34:09'),
(3698, 99, 6125, '/assets/product_logo/ddlsF43I4SUfRih.png', '2024-09-14 14:34:09', '2024-09-14 14:34:09'),
(3699, 99, 6127, '/assets/product_logo/ddlsF43I4SUfRih.png', '2024-09-14 14:34:09', '2024-09-14 14:34:09'),
(3700, 99, 6131, '/assets/product_logo/ddlsF43I4SUfRih.png', '2024-09-14 14:34:09', '2024-09-14 14:34:09'),
(4143, 155, 6850, '/assets/product_logo/3YJtevA8ukC8uqI.webp', '2024-09-29 12:04:01', '2024-09-29 12:04:01'),
(4144, 155, 6851, '/assets/product_logo/3YJtevA8ukC8uqI.webp', '2024-09-29 12:04:01', '2024-09-29 12:04:01'),
(3703, 149, 6134, '/assets/product_logo/8iATJWL8tBJHun3.webp', '2024-09-14 14:53:32', '2024-09-14 14:53:32'),
(3704, 101, 6142, '/assets/product_logo/CJ4uGdZy78QnjS3.webp', '2024-09-14 17:22:45', '2024-09-14 17:22:45'),
(3705, 101, 6147, '/assets/product_logo/CJ4uGdZy78QnjS3.webp', '2024-09-14 17:22:45', '2024-09-14 17:22:45'),
(3706, 101, 6148, '/assets/product_logo/CJ4uGdZy78QnjS3.webp', '2024-09-14 17:22:45', '2024-09-14 17:22:45'),
(3707, 101, 6135, '/assets/product_logo/CJ4uGdZy78QnjS3.webp', '2024-09-14 17:22:45', '2024-09-14 17:22:45'),
(3708, 101, 6137, '/assets/product_logo/CJ4uGdZy78QnjS3.webp', '2024-09-14 17:22:45', '2024-09-14 17:22:45'),
(3709, 101, 6139, '/assets/product_logo/CJ4uGdZy78QnjS3.webp', '2024-09-14 17:22:45', '2024-09-14 17:22:45'),
(3710, 101, 6140, '/assets/product_logo/CJ4uGdZy78QnjS3.webp', '2024-09-14 17:22:45', '2024-09-14 17:22:45'),
(3711, 101, 6141, '/assets/product_logo/CJ4uGdZy78QnjS3.webp', '2024-09-14 17:22:45', '2024-09-14 17:22:45'),
(3712, 101, 6143, '/assets/product_logo/CJ4uGdZy78QnjS3.webp', '2024-09-14 17:22:45', '2024-09-14 17:22:45'),
(3713, 101, 6144, '/assets/product_logo/CJ4uGdZy78QnjS3.webp', '2024-09-14 17:22:45', '2024-09-14 17:22:45'),
(3714, 101, 6145, '/assets/product_logo/CJ4uGdZy78QnjS3.webp', '2024-09-14 17:22:45', '2024-09-14 17:22:45'),
(3715, 101, 6146, '/assets/product_logo/CJ4uGdZy78QnjS3.webp', '2024-09-14 17:22:45', '2024-09-14 17:22:45'),
(3716, 101, 6149, '/assets/product_logo/CJ4uGdZy78QnjS3.webp', '2024-09-14 17:22:45', '2024-09-14 17:22:45'),
(3717, 101, 6150, '/assets/product_logo/CJ4uGdZy78QnjS3.webp', '2024-09-14 17:22:45', '2024-09-14 17:22:45'),
(3718, 101, 6151, '/assets/product_logo/CJ4uGdZy78QnjS3.webp', '2024-09-14 17:22:45', '2024-09-14 17:22:45'),
(3719, 101, 6152, '/assets/product_logo/CJ4uGdZy78QnjS3.webp', '2024-09-14 17:22:45', '2024-09-14 17:22:45'),
(3720, 101, 6153, '/assets/product_logo/CJ4uGdZy78QnjS3.webp', '2024-09-14 17:22:45', '2024-09-14 17:22:45'),
(3721, 101, 6154, '/assets/product_logo/CJ4uGdZy78QnjS3.webp', '2024-09-14 17:22:45', '2024-09-14 17:22:45'),
(3722, 101, 6136, '/assets/product_logo/CJ4uGdZy78QnjS3.webp', '2024-09-14 17:22:45', '2024-09-14 17:22:45'),
(3723, 101, 6138, '/assets/product_logo/CJ4uGdZy78QnjS3.webp', '2024-09-14 17:22:45', '2024-09-14 17:22:45'),
(3759, 157, 5692, '/assets/product_logo/zyFtPFsZPYklDn0.webp', '2024-09-14 17:31:00', '2024-09-14 17:31:00'),
(3760, 157, 5693, '/assets/product_logo/zyFtPFsZPYklDn0.webp', '2024-09-14 17:31:00', '2024-09-14 17:31:00'),
(3761, 157, 5683, '/assets/product_logo/zyFtPFsZPYklDn0.webp', '2024-09-14 17:31:00', '2024-09-14 17:31:00'),
(3762, 157, 5721, '/assets/product_logo/zyFtPFsZPYklDn0.webp', '2024-09-14 17:31:00', '2024-09-14 17:31:00'),
(3763, 157, 5705, '/assets/product_logo/zyFtPFsZPYklDn0.webp', '2024-09-14 17:31:00', '2024-09-14 17:31:00'),
(3764, 157, 5722, '/assets/product_logo/zyFtPFsZPYklDn0.webp', '2024-09-14 17:31:00', '2024-09-14 17:31:00'),
(3765, 157, 5706, '/assets/product_logo/zyFtPFsZPYklDn0.webp', '2024-09-14 17:31:00', '2024-09-14 17:31:00'),
(3766, 157, 5687, '/assets/product_logo/zyFtPFsZPYklDn0.webp', '2024-09-14 17:31:00', '2024-09-14 17:31:00'),
(3767, 157, 6281, '/assets/product_logo/6mRMleeuiX7UAjP.webp', '2024-09-25 11:28:08', '2024-09-25 11:28:08'),
(3768, 157, 6285, '/assets/product_logo/6mRMleeuiX7UAjP.webp', '2024-09-25 11:28:08', '2024-09-25 11:28:08'),
(3769, 157, 6286, '/assets/product_logo/6mRMleeuiX7UAjP.webp', '2024-09-25 11:28:08', '2024-09-25 11:28:08'),
(3770, 157, 6287, '/assets/product_logo/6mRMleeuiX7UAjP.webp', '2024-09-25 11:28:08', '2024-09-25 11:28:08'),
(3771, 157, 6288, '/assets/product_logo/6mRMleeuiX7UAjP.webp', '2024-09-25 11:28:08', '2024-09-25 11:28:08'),
(3772, 157, 6289, '/assets/product_logo/6mRMleeuiX7UAjP.webp', '2024-09-25 11:28:08', '2024-09-25 11:28:08'),
(3773, 157, 6290, '/assets/product_logo/6mRMleeuiX7UAjP.webp', '2024-09-25 11:28:08', '2024-09-25 11:28:08'),
(3774, 157, 6291, '/assets/product_logo/6mRMleeuiX7UAjP.webp', '2024-09-25 11:28:08', '2024-09-25 11:28:08'),
(3775, 157, 6292, '/assets/product_logo/6mRMleeuiX7UAjP.webp', '2024-09-25 11:28:08', '2024-09-25 11:28:08'),
(3776, 157, 6282, '/assets/product_logo/6mRMleeuiX7UAjP.webp', '2024-09-25 11:28:08', '2024-09-25 11:28:08'),
(3777, 157, 6283, '/assets/product_logo/6mRMleeuiX7UAjP.webp', '2024-09-25 11:28:08', '2024-09-25 11:28:08'),
(3778, 157, 6284, '/assets/product_logo/6mRMleeuiX7UAjP.webp', '2024-09-25 11:28:08', '2024-09-25 11:28:08'),
(4057, 157, 6299, '/assets/product_logo/c3yZjySCQYnMnXg.webp', '2024-09-27 11:51:46', '2024-09-27 11:51:46'),
(4056, 157, 6298, '/assets/product_logo/c3yZjySCQYnMnXg.webp', '2024-09-27 11:51:46', '2024-09-27 11:51:46'),
(4055, 157, 6297, '/assets/product_logo/c3yZjySCQYnMnXg.webp', '2024-09-27 11:51:46', '2024-09-27 11:51:46'),
(4054, 157, 6296, '/assets/product_logo/c3yZjySCQYnMnXg.webp', '2024-09-27 11:51:46', '2024-09-27 11:51:46'),
(4053, 157, 6295, '/assets/product_logo/c3yZjySCQYnMnXg.webp', '2024-09-27 11:51:46', '2024-09-27 11:51:46'),
(4052, 157, 6294, '/assets/product_logo/c3yZjySCQYnMnXg.webp', '2024-09-27 11:51:46', '2024-09-27 11:51:46'),
(4051, 157, 6293, '/assets/product_logo/c3yZjySCQYnMnXg.webp', '2024-09-27 11:51:46', '2024-09-27 11:51:46'),
(3786, 157, 6300, '/assets/product_logo/LBGsQDHC5gpE3ZV.webp', '2024-09-25 11:32:55', '2024-09-25 11:32:55'),
(3787, 157, 6301, '/assets/product_logo/LBGsQDHC5gpE3ZV.webp', '2024-09-25 11:32:55', '2024-09-25 11:32:55'),
(3788, 157, 6304, '/assets/product_logo/LBGsQDHC5gpE3ZV.webp', '2024-09-25 11:32:55', '2024-09-25 11:32:55'),
(3789, 157, 6306, '/assets/product_logo/LBGsQDHC5gpE3ZV.webp', '2024-09-25 11:32:55', '2024-09-25 11:32:55'),
(3790, 157, 6307, '/assets/product_logo/LBGsQDHC5gpE3ZV.webp', '2024-09-25 11:32:55', '2024-09-25 11:32:55'),
(3791, 157, 6308, '/assets/product_logo/LBGsQDHC5gpE3ZV.webp', '2024-09-25 11:32:55', '2024-09-25 11:32:55'),
(3792, 91, 6302, '/assets/product_logo/aX7CBjgPJCgiytV.webp', '2024-09-25 11:33:34', '2024-09-25 11:33:34'),
(3793, 91, 6303, '/assets/product_logo/aX7CBjgPJCgiytV.webp', '2024-09-25 11:33:34', '2024-09-25 11:33:34'),
(3794, 91, 6305, '/assets/product_logo/aX7CBjgPJCgiytV.webp', '2024-09-25 11:33:34', '2024-09-25 11:33:34'),
(3795, 157, 6309, '/assets/product_logo/yVmXM4uV0VMJNTG.webp', '2024-09-25 11:34:38', '2024-09-25 11:34:38'),
(3796, 157, 6311, '/assets/product_logo/yVmXM4uV0VMJNTG.webp', '2024-09-25 11:34:38', '2024-09-25 11:34:38'),
(3797, 157, 6312, '/assets/product_logo/yVmXM4uV0VMJNTG.webp', '2024-09-25 11:34:38', '2024-09-25 11:34:38'),
(3798, 157, 6314, '/assets/product_logo/yVmXM4uV0VMJNTG.webp', '2024-09-25 11:34:38', '2024-09-25 11:34:38'),
(3799, 157, 6313, '/assets/product_logo/yVmXM4uV0VMJNTG.webp', '2024-09-25 11:34:38', '2024-09-25 11:34:38'),
(3800, 157, 6315, '/assets/product_logo/yVmXM4uV0VMJNTG.webp', '2024-09-25 11:34:38', '2024-09-25 11:34:38'),
(3801, 157, 6316, '/assets/product_logo/yVmXM4uV0VMJNTG.webp', '2024-09-25 11:34:38', '2024-09-25 11:34:38'),
(3802, 157, 6317, '/assets/product_logo/yVmXM4uV0VMJNTG.webp', '2024-09-25 11:34:38', '2024-09-25 11:34:38'),
(3803, 157, 6310, '/assets/product_logo/yVmXM4uV0VMJNTG.webp', '2024-09-25 11:34:38', '2024-09-25 11:34:38'),
(3804, 157, 6318, '/assets/product_logo/yVmXM4uV0VMJNTG.webp', '2024-09-25 11:34:38', '2024-09-25 11:34:38'),
(3805, 157, 6395, '/assets/product_logo/N9TM1rg58vPLkAl.webp', '2024-09-25 11:35:58', '2024-09-25 11:35:58'),
(3806, 157, 6403, '/assets/product_logo/N9TM1rg58vPLkAl.webp', '2024-09-25 11:35:58', '2024-09-25 11:35:58'),
(3807, 157, 6405, '/assets/product_logo/N9TM1rg58vPLkAl.webp', '2024-09-25 11:35:58', '2024-09-25 11:35:58'),
(3808, 157, 6409, '/assets/product_logo/N9TM1rg58vPLkAl.webp', '2024-09-25 11:35:58', '2024-09-25 11:35:58'),
(3809, 157, 6396, '/assets/product_logo/N9TM1rg58vPLkAl.webp', '2024-09-25 11:35:58', '2024-09-25 11:35:58'),
(3810, 157, 6397, '/assets/product_logo/N9TM1rg58vPLkAl.webp', '2024-09-25 11:35:58', '2024-09-25 11:35:58'),
(3811, 157, 6398, '/assets/product_logo/N9TM1rg58vPLkAl.webp', '2024-09-25 11:35:58', '2024-09-25 11:35:58'),
(3812, 157, 6399, '/assets/product_logo/N9TM1rg58vPLkAl.webp', '2024-09-25 11:35:58', '2024-09-25 11:35:58'),
(3813, 157, 6400, '/assets/product_logo/N9TM1rg58vPLkAl.webp', '2024-09-25 11:35:58', '2024-09-25 11:35:58'),
(3814, 157, 6401, '/assets/product_logo/N9TM1rg58vPLkAl.webp', '2024-09-25 11:35:58', '2024-09-25 11:35:58'),
(3815, 157, 6371, '/assets/product_logo/XFkBAWMjTzBVYxH.webp', '2024-09-25 13:24:38', '2024-09-25 13:24:38'),
(3816, 157, 6374, '/assets/product_logo/XFkBAWMjTzBVYxH.webp', '2024-09-25 13:24:38', '2024-09-25 13:24:38'),
(3817, 157, 6375, '/assets/product_logo/XFkBAWMjTzBVYxH.webp', '2024-09-25 13:24:38', '2024-09-25 13:24:38'),
(3818, 157, 6376, '/assets/product_logo/XFkBAWMjTzBVYxH.webp', '2024-09-25 13:24:38', '2024-09-25 13:24:38'),
(3819, 157, 6377, '/assets/product_logo/XFkBAWMjTzBVYxH.webp', '2024-09-25 13:24:38', '2024-09-25 13:24:38'),
(3820, 157, 6378, '/assets/product_logo/XFkBAWMjTzBVYxH.webp', '2024-09-25 13:24:38', '2024-09-25 13:24:38'),
(3821, 157, 6379, '/assets/product_logo/XFkBAWMjTzBVYxH.webp', '2024-09-25 13:24:38', '2024-09-25 13:24:38'),
(3822, 157, 6380, '/assets/product_logo/XFkBAWMjTzBVYxH.webp', '2024-09-25 13:24:38', '2024-09-25 13:24:38'),
(3823, 157, 6381, '/assets/product_logo/XFkBAWMjTzBVYxH.webp', '2024-09-25 13:24:38', '2024-09-25 13:24:38'),
(3824, 157, 6372, '/assets/product_logo/XFkBAWMjTzBVYxH.webp', '2024-09-25 13:24:38', '2024-09-25 13:24:38'),
(3825, 157, 6373, '/assets/product_logo/XFkBAWMjTzBVYxH.webp', '2024-09-25 13:24:38', '2024-09-25 13:24:38'),
(3826, 91, 6382, '/assets/product_logo/C3vig1P4F71v1HI.webp', '2024-09-25 13:25:57', '2024-09-25 13:25:57'),
(3827, 91, 6383, '/assets/product_logo/sBRzeEDIZbG6wNz.webp', '2024-09-25 13:26:14', '2024-09-25 13:26:14'),
(3828, 157, 6335, '/assets/product_logo/QI2SLbXtT55cAe3.webp', '2024-09-25 18:31:27', '2024-09-25 18:31:27'),
(3829, 157, 6348, '/assets/product_logo/QI2SLbXtT55cAe3.webp', '2024-09-25 18:31:27', '2024-09-25 18:31:27'),
(3830, 157, 6346, '/assets/product_logo/QI2SLbXtT55cAe3.webp', '2024-09-25 18:31:27', '2024-09-25 18:31:27'),
(3831, 157, 6334, '/assets/product_logo/QI2SLbXtT55cAe3.webp', '2024-09-25 18:31:27', '2024-09-25 18:31:27'),
(3832, 157, 6349, '/assets/product_logo/QI2SLbXtT55cAe3.webp', '2024-09-25 18:31:27', '2024-09-25 18:31:27'),
(3833, 157, 6351, '/assets/product_logo/QI2SLbXtT55cAe3.webp', '2024-09-25 18:31:27', '2024-09-25 18:31:27'),
(3834, 157, 6350, '/assets/product_logo/QI2SLbXtT55cAe3.webp', '2024-09-25 18:31:27', '2024-09-25 18:31:27'),
(3835, 157, 6353, '/assets/product_logo/QI2SLbXtT55cAe3.webp', '2024-09-25 18:31:27', '2024-09-25 18:31:27'),
(3836, 157, 6352, '/assets/product_logo/QI2SLbXtT55cAe3.webp', '2024-09-25 18:31:27', '2024-09-25 18:31:27'),
(3837, 157, 6336, '/assets/product_logo/QI2SLbXtT55cAe3.webp', '2024-09-25 18:31:27', '2024-09-25 18:31:27'),
(3838, 157, 6338, '/assets/product_logo/QI2SLbXtT55cAe3.webp', '2024-09-25 18:31:27', '2024-09-25 18:31:27'),
(3839, 157, 6337, '/assets/product_logo/QI2SLbXtT55cAe3.webp', '2024-09-25 18:31:27', '2024-09-25 18:31:27'),
(3840, 157, 6340, '/assets/product_logo/QI2SLbXtT55cAe3.webp', '2024-09-25 18:31:27', '2024-09-25 18:31:27'),
(3841, 157, 6339, '/assets/product_logo/QI2SLbXtT55cAe3.webp', '2024-09-25 18:31:27', '2024-09-25 18:31:27'),
(3842, 157, 6341, '/assets/product_logo/QI2SLbXtT55cAe3.webp', '2024-09-25 18:31:27', '2024-09-25 18:31:27'),
(3843, 157, 6342, '/assets/product_logo/QI2SLbXtT55cAe3.webp', '2024-09-25 18:31:27', '2024-09-25 18:31:27'),
(3844, 157, 6343, '/assets/product_logo/QI2SLbXtT55cAe3.webp', '2024-09-25 18:31:27', '2024-09-25 18:31:27'),
(3845, 157, 6344, '/assets/product_logo/QI2SLbXtT55cAe3.webp', '2024-09-25 18:31:27', '2024-09-25 18:31:27'),
(3846, 157, 6345, '/assets/product_logo/QI2SLbXtT55cAe3.webp', '2024-09-25 18:31:27', '2024-09-25 18:31:27'),
(3847, 157, 6347, '/assets/product_logo/QI2SLbXtT55cAe3.webp', '2024-09-25 18:31:27', '2024-09-25 18:31:27'),
(3859, 157, 6361, '/assets/product_logo/Kyss8HYswyWhpb7.webp', '2024-09-25 18:38:18', '2024-09-25 18:38:18'),
(3858, 157, 6360, '/assets/product_logo/Kyss8HYswyWhpb7.webp', '2024-09-25 18:38:18', '2024-09-25 18:38:18'),
(3857, 157, 6359, '/assets/product_logo/Kyss8HYswyWhpb7.webp', '2024-09-25 18:38:18', '2024-09-25 18:38:18'),
(3856, 157, 6358, '/assets/product_logo/Kyss8HYswyWhpb7.webp', '2024-09-25 18:38:18', '2024-09-25 18:38:18'),
(3855, 157, 6357, '/assets/product_logo/Kyss8HYswyWhpb7.webp', '2024-09-25 18:38:18', '2024-09-25 18:38:18'),
(3854, 157, 6354, '/assets/product_logo/Kyss8HYswyWhpb7.webp', '2024-09-25 18:38:18', '2024-09-25 18:38:18'),
(3860, 96, 6362, '/assets/product_logo/CtoTPqfI8lAauQJ.webp', '2024-09-25 18:39:38', '2024-09-25 18:39:38'),
(3861, 96, 6363, '/assets/product_logo/CtoTPqfI8lAauQJ.webp', '2024-09-25 18:39:38', '2024-09-25 18:39:38'),
(3862, 96, 6364, '/assets/product_logo/CtoTPqfI8lAauQJ.webp', '2024-09-25 18:39:38', '2024-09-25 18:39:38'),
(3863, 96, 6355, '/assets/product_logo/CtoTPqfI8lAauQJ.webp', '2024-09-25 18:39:38', '2024-09-25 18:39:38'),
(3864, 96, 6356, '/assets/product_logo/CtoTPqfI8lAauQJ.webp', '2024-09-25 18:39:38', '2024-09-25 18:39:38'),
(3865, 157, 6388, '/assets/product_logo/aH2VEafMYboSDPe.webp', '2024-09-25 18:41:56', '2024-09-25 18:41:56'),
(3866, 157, 6389, '/assets/product_logo/aH2VEafMYboSDPe.webp', '2024-09-25 18:41:56', '2024-09-25 18:41:56'),
(3867, 157, 6390, '/assets/product_logo/aH2VEafMYboSDPe.webp', '2024-09-25 18:41:56', '2024-09-25 18:41:56'),
(3868, 157, 6391, '/assets/product_logo/aH2VEafMYboSDPe.webp', '2024-09-25 18:41:56', '2024-09-25 18:41:56'),
(3869, 157, 6392, '/assets/product_logo/aH2VEafMYboSDPe.webp', '2024-09-25 18:41:56', '2024-09-25 18:41:56'),
(3870, 157, 6393, '/assets/product_logo/aH2VEafMYboSDPe.webp', '2024-09-25 18:41:56', '2024-09-25 18:41:56'),
(3871, 157, 6394, '/assets/product_logo/aH2VEafMYboSDPe.webp', '2024-09-25 18:41:56', '2024-09-25 18:41:56'),
(3872, 155, 6384, '/assets/product_logo/4OTYRYzdTFX1Pj8.webp', '2024-09-25 18:48:04', '2024-09-25 18:48:04'),
(3873, 155, 6386, '/assets/product_logo/4OTYRYzdTFX1Pj8.webp', '2024-09-25 18:48:04', '2024-09-25 18:48:04'),
(3874, 111, 6235, '/assets/product_logo/lKBVyDVTNLZuJxV.jpg', '2024-09-25 18:55:31', '2024-09-25 18:55:31'),
(3875, 111, 6217, '/assets/product_logo/lKBVyDVTNLZuJxV.jpg', '2024-09-25 18:55:31', '2024-09-25 18:55:31'),
(3876, 111, 6221, '/assets/product_logo/lKBVyDVTNLZuJxV.jpg', '2024-09-25 18:55:31', '2024-09-25 18:55:31'),
(3877, 111, 6224, '/assets/product_logo/lKBVyDVTNLZuJxV.jpg', '2024-09-25 18:55:31', '2024-09-25 18:55:31'),
(3878, 111, 6227, '/assets/product_logo/lKBVyDVTNLZuJxV.jpg', '2024-09-25 18:55:31', '2024-09-25 18:55:31'),
(3879, 111, 6229, '/assets/product_logo/lKBVyDVTNLZuJxV.jpg', '2024-09-25 18:55:31', '2024-09-25 18:55:31'),
(3880, 111, 6236, '/assets/product_logo/lKBVyDVTNLZuJxV.jpg', '2024-09-25 18:55:31', '2024-09-25 18:55:31'),
(3881, 111, 6238, '/assets/product_logo/lKBVyDVTNLZuJxV.jpg', '2024-09-25 18:55:31', '2024-09-25 18:55:31'),
(3882, 111, 6239, '/assets/product_logo/lKBVyDVTNLZuJxV.jpg', '2024-09-25 18:55:31', '2024-09-25 18:55:31'),
(3883, 111, 6240, '/assets/product_logo/lKBVyDVTNLZuJxV.jpg', '2024-09-25 18:55:31', '2024-09-25 18:55:31'),
(3884, 111, 6241, '/assets/product_logo/lKBVyDVTNLZuJxV.jpg', '2024-09-25 18:55:31', '2024-09-25 18:55:31'),
(3885, 111, 6218, '/assets/product_logo/lKBVyDVTNLZuJxV.jpg', '2024-09-25 18:55:31', '2024-09-25 18:55:31'),
(3886, 111, 6447, '/assets/product_logo/LuhSWvfwACtvgYA.png', '2024-09-25 18:57:02', '2024-09-25 18:57:02'),
(3887, 111, 6432, '/assets/product_logo/LuhSWvfwACtvgYA.png', '2024-09-25 18:57:02', '2024-09-25 18:57:02'),
(3888, 111, 6436, '/assets/product_logo/LuhSWvfwACtvgYA.png', '2024-09-25 18:57:02', '2024-09-25 18:57:02'),
(3889, 111, 6439, '/assets/product_logo/LuhSWvfwACtvgYA.png', '2024-09-25 18:57:02', '2024-09-25 18:57:02'),
(3890, 111, 6441, '/assets/product_logo/LuhSWvfwACtvgYA.png', '2024-09-25 18:57:02', '2024-09-25 18:57:02'),
(3891, 111, 6443, '/assets/product_logo/LuhSWvfwACtvgYA.png', '2024-09-25 18:57:02', '2024-09-25 18:57:02'),
(3892, 111, 6445, '/assets/product_logo/LuhSWvfwACtvgYA.png', '2024-09-25 18:57:02', '2024-09-25 18:57:02'),
(3893, 111, 6448, '/assets/product_logo/LuhSWvfwACtvgYA.png', '2024-09-25 18:57:02', '2024-09-25 18:57:02'),
(3894, 111, 6450, '/assets/product_logo/LuhSWvfwACtvgYA.png', '2024-09-25 18:57:02', '2024-09-25 18:57:02'),
(3895, 111, 6451, '/assets/product_logo/LuhSWvfwACtvgYA.png', '2024-09-25 18:57:02', '2024-09-25 18:57:02'),
(3896, 111, 6453, '/assets/product_logo/LuhSWvfwACtvgYA.png', '2024-09-25 18:57:02', '2024-09-25 18:57:02'),
(3897, 111, 6433, '/assets/product_logo/LuhSWvfwACtvgYA.png', '2024-09-25 18:57:02', '2024-09-25 18:57:02'),
(3898, 111, 6538, '/assets/product_logo/HVnK0ejxtpDot6X.jpg', '2024-09-25 18:58:23', '2024-09-25 18:58:23'),
(3899, 111, 6529, '/assets/product_logo/HVnK0ejxtpDot6X.jpg', '2024-09-25 18:58:23', '2024-09-25 18:58:23'),
(3900, 111, 6531, '/assets/product_logo/HVnK0ejxtpDot6X.jpg', '2024-09-25 18:58:23', '2024-09-25 18:58:23'),
(3901, 111, 6533, '/assets/product_logo/HVnK0ejxtpDot6X.jpg', '2024-09-25 18:58:23', '2024-09-25 18:58:23'),
(3902, 111, 6535, '/assets/product_logo/HVnK0ejxtpDot6X.jpg', '2024-09-25 18:58:23', '2024-09-25 18:58:23'),
(3903, 111, 6536, '/assets/product_logo/HVnK0ejxtpDot6X.jpg', '2024-09-25 18:58:23', '2024-09-25 18:58:23'),
(3904, 111, 6537, '/assets/product_logo/HVnK0ejxtpDot6X.jpg', '2024-09-25 18:58:23', '2024-09-25 18:58:23'),
(3905, 111, 6539, '/assets/product_logo/HVnK0ejxtpDot6X.jpg', '2024-09-25 18:58:23', '2024-09-25 18:58:23'),
(3906, 111, 6540, '/assets/product_logo/HVnK0ejxtpDot6X.jpg', '2024-09-25 18:58:23', '2024-09-25 18:58:23'),
(3907, 111, 6541, '/assets/product_logo/HVnK0ejxtpDot6X.jpg', '2024-09-25 18:58:23', '2024-09-25 18:58:23'),
(3908, 111, 6542, '/assets/product_logo/HVnK0ejxtpDot6X.jpg', '2024-09-25 18:58:23', '2024-09-25 18:58:23'),
(3909, 111, 6530, '/assets/product_logo/HVnK0ejxtpDot6X.jpg', '2024-09-25 18:58:23', '2024-09-25 18:58:23'),
(3910, 111, 6563, '/assets/product_logo/kjw5c7tX9MXLsjc.jpg', '2024-09-25 18:59:09', '2024-09-25 18:59:09'),
(3911, 111, 6550, '/assets/product_logo/kjw5c7tX9MXLsjc.jpg', '2024-09-25 18:59:09', '2024-09-25 18:59:09'),
(3912, 111, 6554, '/assets/product_logo/kjw5c7tX9MXLsjc.jpg', '2024-09-25 18:59:09', '2024-09-25 18:59:09'),
(3913, 111, 6556, '/assets/product_logo/kjw5c7tX9MXLsjc.jpg', '2024-09-25 18:59:09', '2024-09-25 18:59:09'),
(3914, 111, 6558, '/assets/product_logo/kjw5c7tX9MXLsjc.jpg', '2024-09-25 18:59:09', '2024-09-25 18:59:09'),
(3915, 111, 6559, '/assets/product_logo/kjw5c7tX9MXLsjc.jpg', '2024-09-25 18:59:09', '2024-09-25 18:59:09'),
(3916, 111, 6561, '/assets/product_logo/kjw5c7tX9MXLsjc.jpg', '2024-09-25 18:59:09', '2024-09-25 18:59:09'),
(3917, 111, 6564, '/assets/product_logo/kjw5c7tX9MXLsjc.jpg', '2024-09-25 18:59:09', '2024-09-25 18:59:09'),
(3918, 111, 6565, '/assets/product_logo/kjw5c7tX9MXLsjc.jpg', '2024-09-25 18:59:09', '2024-09-25 18:59:09'),
(3919, 111, 6566, '/assets/product_logo/kjw5c7tX9MXLsjc.jpg', '2024-09-25 18:59:09', '2024-09-25 18:59:09'),
(3920, 111, 6567, '/assets/product_logo/kjw5c7tX9MXLsjc.jpg', '2024-09-25 18:59:09', '2024-09-25 18:59:09'),
(3921, 111, 6551, '/assets/product_logo/kjw5c7tX9MXLsjc.jpg', '2024-09-25 18:59:09', '2024-09-25 18:59:09'),
(3922, 111, 6484, '/assets/product_logo/7ITf3RDlB26e6wK.png', '2024-09-25 18:59:56', '2024-09-25 18:59:56'),
(3923, 111, 6473, '/assets/product_logo/7ITf3RDlB26e6wK.png', '2024-09-25 18:59:56', '2024-09-25 18:59:56'),
(3924, 111, 6476, '/assets/product_logo/7ITf3RDlB26e6wK.png', '2024-09-25 18:59:56', '2024-09-25 18:59:56'),
(3925, 111, 6478, '/assets/product_logo/7ITf3RDlB26e6wK.png', '2024-09-25 18:59:56', '2024-09-25 18:59:56'),
(3926, 111, 6481, '/assets/product_logo/7ITf3RDlB26e6wK.png', '2024-09-25 18:59:56', '2024-09-25 18:59:56'),
(3927, 111, 6483, '/assets/product_logo/7ITf3RDlB26e6wK.png', '2024-09-25 18:59:56', '2024-09-25 18:59:56'),
(3928, 111, 6485, '/assets/product_logo/7ITf3RDlB26e6wK.png', '2024-09-25 18:59:56', '2024-09-25 18:59:56'),
(3929, 111, 6487, '/assets/product_logo/7ITf3RDlB26e6wK.png', '2024-09-25 18:59:56', '2024-09-25 18:59:56'),
(3930, 111, 6488, '/assets/product_logo/7ITf3RDlB26e6wK.png', '2024-09-25 18:59:56', '2024-09-25 18:59:56'),
(3931, 111, 6489, '/assets/product_logo/7ITf3RDlB26e6wK.png', '2024-09-25 18:59:56', '2024-09-25 18:59:56'),
(3932, 111, 6474, '/assets/product_logo/7ITf3RDlB26e6wK.png', '2024-09-25 18:59:56', '2024-09-25 18:59:56'),
(3933, 111, 6522, '/assets/product_logo/WF9DgQVPaSSoYKK.jpg', '2024-09-25 19:00:42', '2024-09-25 19:00:42'),
(3934, 111, 6506, '/assets/product_logo/WF9DgQVPaSSoYKK.jpg', '2024-09-25 19:00:42', '2024-09-25 19:00:42'),
(3935, 111, 6510, '/assets/product_logo/WF9DgQVPaSSoYKK.jpg', '2024-09-25 19:00:42', '2024-09-25 19:00:42'),
(3936, 111, 6513, '/assets/product_logo/WF9DgQVPaSSoYKK.jpg', '2024-09-25 19:00:42', '2024-09-25 19:00:42'),
(3937, 111, 6515, '/assets/product_logo/WF9DgQVPaSSoYKK.jpg', '2024-09-25 19:00:42', '2024-09-25 19:00:42'),
(3938, 111, 6517, '/assets/product_logo/WF9DgQVPaSSoYKK.jpg', '2024-09-25 19:00:42', '2024-09-25 19:00:42'),
(3939, 111, 6520, '/assets/product_logo/WF9DgQVPaSSoYKK.jpg', '2024-09-25 19:00:42', '2024-09-25 19:00:42'),
(3940, 111, 6523, '/assets/product_logo/WF9DgQVPaSSoYKK.jpg', '2024-09-25 19:00:42', '2024-09-25 19:00:42'),
(3941, 111, 6525, '/assets/product_logo/WF9DgQVPaSSoYKK.jpg', '2024-09-25 19:00:42', '2024-09-25 19:00:42'),
(3942, 111, 6526, '/assets/product_logo/WF9DgQVPaSSoYKK.jpg', '2024-09-25 19:00:42', '2024-09-25 19:00:42'),
(3943, 111, 6527, '/assets/product_logo/WF9DgQVPaSSoYKK.jpg', '2024-09-25 19:00:42', '2024-09-25 19:00:42'),
(3944, 111, 6507, '/assets/product_logo/WF9DgQVPaSSoYKK.jpg', '2024-09-25 19:00:42', '2024-09-25 19:00:42'),
(3945, 111, 6274, '/assets/product_logo/NBViHP0h5Xnz8os.png', '2024-09-25 19:01:27', '2024-09-25 19:01:27'),
(3946, 111, 6263, '/assets/product_logo/NBViHP0h5Xnz8os.png', '2024-09-25 19:01:27', '2024-09-25 19:01:27'),
(3947, 111, 6266, '/assets/product_logo/NBViHP0h5Xnz8os.png', '2024-09-25 19:01:27', '2024-09-25 19:01:27'),
(3948, 111, 6268, '/assets/product_logo/NBViHP0h5Xnz8os.png', '2024-09-25 19:01:27', '2024-09-25 19:01:27'),
(3949, 111, 6270, '/assets/product_logo/NBViHP0h5Xnz8os.png', '2024-09-25 19:01:27', '2024-09-25 19:01:27'),
(3950, 111, 6271, '/assets/product_logo/NBViHP0h5Xnz8os.png', '2024-09-25 19:01:27', '2024-09-25 19:01:27'),
(3951, 111, 6273, '/assets/product_logo/NBViHP0h5Xnz8os.png', '2024-09-25 19:01:27', '2024-09-25 19:01:27'),
(3952, 111, 6275, '/assets/product_logo/NBViHP0h5Xnz8os.png', '2024-09-25 19:01:27', '2024-09-25 19:01:27'),
(3953, 111, 6277, '/assets/product_logo/NBViHP0h5Xnz8os.png', '2024-09-25 19:01:27', '2024-09-25 19:01:27'),
(3954, 111, 6278, '/assets/product_logo/NBViHP0h5Xnz8os.png', '2024-09-25 19:01:27', '2024-09-25 19:01:27'),
(3955, 111, 6279, '/assets/product_logo/NBViHP0h5Xnz8os.png', '2024-09-25 19:01:27', '2024-09-25 19:01:27'),
(3956, 111, 6264, '/assets/product_logo/NBViHP0h5Xnz8os.png', '2024-09-25 19:01:27', '2024-09-25 19:01:27'),
(3957, 161, 6200, '/assets/product_logo/LR82ODOQUiP9MGy.jpg', '2024-09-25 19:04:35', '2024-09-25 19:04:35'),
(3958, 161, 6201, '/assets/product_logo/LR82ODOQUiP9MGy.jpg', '2024-09-25 19:04:35', '2024-09-25 19:04:35'),
(3959, 161, 6214, '/assets/product_logo/LR82ODOQUiP9MGy.jpg', '2024-09-25 19:04:35', '2024-09-25 19:04:35'),
(3960, 161, 6202, '/assets/product_logo/LR82ODOQUiP9MGy.jpg', '2024-09-25 19:04:35', '2024-09-25 19:04:35'),
(3961, 161, 6215, '/assets/product_logo/LR82ODOQUiP9MGy.jpg', '2024-09-25 19:04:35', '2024-09-25 19:04:35'),
(3962, 161, 6204, '/assets/product_logo/LR82ODOQUiP9MGy.jpg', '2024-09-25 19:04:35', '2024-09-25 19:04:35'),
(3963, 161, 6465, '/assets/product_logo/tw8IMM16ziQO5U3.webp', '2024-09-25 19:05:50', '2024-09-25 19:05:50'),
(3964, 161, 6466, '/assets/product_logo/tw8IMM16ziQO5U3.webp', '2024-09-25 19:05:50', '2024-09-25 19:05:50'),
(3965, 161, 6467, '/assets/product_logo/tw8IMM16ziQO5U3.webp', '2024-09-25 19:05:50', '2024-09-25 19:05:50'),
(3966, 161, 6470, '/assets/product_logo/tw8IMM16ziQO5U3.webp', '2024-09-25 19:05:50', '2024-09-25 19:05:50'),
(3967, 161, 6471, '/assets/product_logo/tw8IMM16ziQO5U3.webp', '2024-09-25 19:05:50', '2024-09-25 19:05:50'),
(3968, 161, 6472, '/assets/product_logo/tw8IMM16ziQO5U3.webp', '2024-09-25 19:05:50', '2024-09-25 19:05:50'),
(3969, 161, 6544, '/assets/product_logo/JXEXcAqZEzOqVSZ.jpg', '2024-09-25 19:06:34', '2024-09-25 19:06:34'),
(3970, 161, 6545, '/assets/product_logo/JXEXcAqZEzOqVSZ.jpg', '2024-09-25 19:06:34', '2024-09-25 19:06:34'),
(3971, 161, 6546, '/assets/product_logo/JXEXcAqZEzOqVSZ.jpg', '2024-09-25 19:06:34', '2024-09-25 19:06:34'),
(3972, 161, 6570, '/assets/product_logo/gCu31tmFkC3Gxqw.jpg', '2024-09-25 19:07:30', '2024-09-25 19:07:30'),
(3973, 161, 6571, '/assets/product_logo/gCu31tmFkC3Gxqw.jpg', '2024-09-25 19:07:30', '2024-09-25 19:07:30'),
(3974, 161, 6572, '/assets/product_logo/gCu31tmFkC3Gxqw.jpg', '2024-09-25 19:07:30', '2024-09-25 19:07:30'),
(3975, 161, 6492, '/assets/product_logo/isFXqODVJa7b0IX.png', '2024-09-25 19:08:26', '2024-09-25 19:08:26'),
(3976, 161, 6498, '/assets/product_logo/isFXqODVJa7b0IX.png', '2024-09-25 19:08:26', '2024-09-25 19:08:26'),
(3977, 161, 6493, '/assets/product_logo/isFXqODVJa7b0IX.png', '2024-09-25 19:08:26', '2024-09-25 19:08:26'),
(3978, 161, 6494, '/assets/product_logo/isFXqODVJa7b0IX.png', '2024-09-25 19:08:26', '2024-09-25 19:08:26'),
(3979, 161, 6500, '/assets/product_logo/isFXqODVJa7b0IX.png', '2024-09-25 19:08:26', '2024-09-25 19:08:26'),
(3980, 161, 6495, '/assets/product_logo/isFXqODVJa7b0IX.png', '2024-09-25 19:08:26', '2024-09-25 19:08:26'),
(3981, 161, 6505, '/assets/product_logo/2mxOnT19L8Y1HFk.jpg', '2024-09-25 19:10:30', '2024-09-25 19:10:30'),
(3982, 161, 6512, '/assets/product_logo/2mxOnT19L8Y1HFk.jpg', '2024-09-25 19:10:30', '2024-09-25 19:10:30'),
(3983, 161, 6516, '/assets/product_logo/2mxOnT19L8Y1HFk.jpg', '2024-09-25 19:10:30', '2024-09-25 19:10:30'),
(3984, 161, 6246, '/assets/product_logo/9Sz4XOeFu4sWzuM.png', '2024-09-25 19:11:51', '2024-09-25 19:11:51'),
(3985, 161, 6247, '/assets/product_logo/9Sz4XOeFu4sWzuM.png', '2024-09-25 19:11:51', '2024-09-25 19:11:51'),
(3986, 161, 6251, '/assets/product_logo/9Sz4XOeFu4sWzuM.png', '2024-09-25 19:11:51', '2024-09-25 19:11:51'),
(3987, 161, 6249, '/assets/product_logo/9Sz4XOeFu4sWzuM.png', '2024-09-25 19:11:51', '2024-09-25 19:11:51'),
(3988, 161, 6252, '/assets/product_logo/9Sz4XOeFu4sWzuM.png', '2024-09-25 19:11:51', '2024-09-25 19:11:51'),
(3989, 161, 6244, '/assets/product_logo/9Sz4XOeFu4sWzuM.png', '2024-09-25 19:11:51', '2024-09-25 19:11:51'),
(3991, 158, 6709, '/assets/product_logo/aNjFiTwmJvDpMWE.webp', '2024-09-26 12:19:19', '2024-09-26 12:19:19'),
(3992, 158, 6710, '/assets/product_logo/rYWprcU7hwrfCrk.webp', '2024-09-26 12:27:18', '2024-09-26 12:27:18'),
(3993, 158, 6711, '/assets/product_logo/GOpRWKr3OjjzCp2.webp', '2024-09-26 12:27:30', '2024-09-26 12:27:30'),
(3994, 158, 6712, '/assets/product_logo/ymXSek5D1pRAvPt.webp', '2024-09-26 12:27:40', '2024-09-26 12:27:40'),
(3995, 158, 6713, '/assets/product_logo/eYfG9rhyFq9fiP7.webp', '2024-09-26 12:27:52', '2024-09-26 12:27:52'),
(3996, 158, 6714, '/assets/product_logo/0vKENJS9QMNrEBp.webp', '2024-09-26 12:28:16', '2024-09-26 12:28:16'),
(3997, 158, 6715, '/assets/product_logo/WIZEbMC4SMCvjVZ.webp', '2024-09-26 12:28:28', '2024-09-26 12:28:28'),
(3998, 158, 6716, '/assets/product_logo/cPn7geNbwsGCOUu.webp', '2024-09-26 12:28:38', '2024-09-26 12:28:38');
INSERT INTO `paket_layanans` (`id`, `paket_id`, `layanan_id`, `product_logo`, `created_at`, `updated_at`) VALUES
(3999, 162, 6717, '/assets/product_logo/ub9XkojZZxBptQ3.webp', '2024-09-26 12:35:05', '2024-09-26 12:35:05'),
(4000, 162, 6718, '/assets/product_logo/SHZejITuxzYOrb3.webp', '2024-09-26 12:39:02', '2024-09-26 12:39:02'),
(4001, 162, 6719, '/assets/product_logo/SdS1LlamFPcZhpl.webp', '2024-09-26 12:39:20', '2024-09-26 12:39:20'),
(4002, 124, 6608, '/assets/product_logo/ADt0Is5ZS81ryHW.webp', '2024-09-26 16:34:55', '2024-09-26 16:34:55'),
(4003, 124, 6610, '/assets/product_logo/ADt0Is5ZS81ryHW.webp', '2024-09-26 16:34:55', '2024-09-26 16:34:55'),
(4004, 124, 6611, '/assets/product_logo/ADt0Is5ZS81ryHW.webp', '2024-09-26 16:34:55', '2024-09-26 16:34:55'),
(4005, 124, 6612, '/assets/product_logo/ADt0Is5ZS81ryHW.webp', '2024-09-26 16:34:55', '2024-09-26 16:34:55'),
(4006, 124, 6613, '/assets/product_logo/ADt0Is5ZS81ryHW.webp', '2024-09-26 16:34:55', '2024-09-26 16:34:55'),
(4007, 124, 6614, '/assets/product_logo/ADt0Is5ZS81ryHW.webp', '2024-09-26 16:34:55', '2024-09-26 16:34:55'),
(4008, 124, 6615, '/assets/product_logo/ADt0Is5ZS81ryHW.webp', '2024-09-26 16:34:55', '2024-09-26 16:34:55'),
(4009, 124, 6616, '/assets/product_logo/ADt0Is5ZS81ryHW.webp', '2024-09-26 16:34:55', '2024-09-26 16:34:55'),
(4010, 124, 6617, '/assets/product_logo/ADt0Is5ZS81ryHW.webp', '2024-09-26 16:34:55', '2024-09-26 16:34:55'),
(4011, 124, 6609, '/assets/product_logo/ADt0Is5ZS81ryHW.webp', '2024-09-26 16:34:55', '2024-09-26 16:34:55'),
(4012, 124, 6582, '/assets/product_logo/VrEBlRE4pRQfNnY.webp', '2024-09-26 16:36:06', '2024-09-26 16:36:06'),
(4013, 124, 6583, '/assets/product_logo/VrEBlRE4pRQfNnY.webp', '2024-09-26 16:36:06', '2024-09-26 16:36:06'),
(4014, 124, 6584, '/assets/product_logo/VrEBlRE4pRQfNnY.webp', '2024-09-26 16:36:06', '2024-09-26 16:36:06'),
(4015, 124, 6585, '/assets/product_logo/VrEBlRE4pRQfNnY.webp', '2024-09-26 16:36:06', '2024-09-26 16:36:06'),
(4016, 124, 6586, '/assets/product_logo/VrEBlRE4pRQfNnY.webp', '2024-09-26 16:36:06', '2024-09-26 16:36:06'),
(4017, 124, 6587, '/assets/product_logo/VrEBlRE4pRQfNnY.webp', '2024-09-26 16:36:06', '2024-09-26 16:36:06'),
(4018, 124, 6588, '/assets/product_logo/VrEBlRE4pRQfNnY.webp', '2024-09-26 16:36:06', '2024-09-26 16:36:06'),
(4019, 124, 6589, '/assets/product_logo/VrEBlRE4pRQfNnY.webp', '2024-09-26 16:36:06', '2024-09-26 16:36:06'),
(4020, 124, 6598, '/assets/product_logo/ZXd6x4lG8et1HlP.webp', '2024-09-26 16:36:56', '2024-09-26 16:36:56'),
(4021, 124, 6599, '/assets/product_logo/ZXd6x4lG8et1HlP.webp', '2024-09-26 16:36:56', '2024-09-26 16:36:56'),
(4022, 124, 6600, '/assets/product_logo/ZXd6x4lG8et1HlP.webp', '2024-09-26 16:36:56', '2024-09-26 16:36:56'),
(4023, 124, 6601, '/assets/product_logo/ZXd6x4lG8et1HlP.webp', '2024-09-26 16:36:56', '2024-09-26 16:36:56'),
(4024, 124, 6602, '/assets/product_logo/ZXd6x4lG8et1HlP.webp', '2024-09-26 16:36:56', '2024-09-26 16:36:56'),
(4025, 124, 6603, '/assets/product_logo/ZXd6x4lG8et1HlP.webp', '2024-09-26 16:36:56', '2024-09-26 16:36:56'),
(4026, 124, 6604, '/assets/product_logo/ZXd6x4lG8et1HlP.webp', '2024-09-26 16:36:56', '2024-09-26 16:36:56'),
(4027, 124, 6605, '/assets/product_logo/ZXd6x4lG8et1HlP.webp', '2024-09-26 16:36:56', '2024-09-26 16:36:56'),
(4028, 124, 6590, '/assets/product_logo/JMZkQCs1zzGwpQ0.webp', '2024-09-26 16:37:28', '2024-09-26 16:37:28'),
(4029, 124, 6591, '/assets/product_logo/JMZkQCs1zzGwpQ0.webp', '2024-09-26 16:37:28', '2024-09-26 16:37:28'),
(4030, 124, 6592, '/assets/product_logo/JMZkQCs1zzGwpQ0.webp', '2024-09-26 16:37:28', '2024-09-26 16:37:28'),
(4031, 124, 6593, '/assets/product_logo/JMZkQCs1zzGwpQ0.webp', '2024-09-26 16:37:28', '2024-09-26 16:37:28'),
(4032, 157, 6767, '/assets/product_logo/DfBcE9K3sjbXrBj.webp', '2024-09-27 11:45:47', '2024-09-27 11:45:47'),
(4033, 157, 6768, '/assets/product_logo/DfBcE9K3sjbXrBj.webp', '2024-09-27 11:45:47', '2024-09-27 11:45:47'),
(4034, 157, 6769, '/assets/product_logo/DfBcE9K3sjbXrBj.webp', '2024-09-27 11:45:47', '2024-09-27 11:45:47'),
(4035, 157, 6770, '/assets/product_logo/DfBcE9K3sjbXrBj.webp', '2024-09-27 11:45:47', '2024-09-27 11:45:47'),
(4036, 157, 6771, '/assets/product_logo/DfBcE9K3sjbXrBj.webp', '2024-09-27 11:45:47', '2024-09-27 11:45:47'),
(4037, 157, 6772, '/assets/product_logo/DfBcE9K3sjbXrBj.webp', '2024-09-27 11:45:47', '2024-09-27 11:45:47'),
(4038, 157, 6773, '/assets/product_logo/DfBcE9K3sjbXrBj.webp', '2024-09-27 11:45:47', '2024-09-27 11:45:47'),
(4039, 157, 6732, '/assets/product_logo/rdVNuPUBXOkX6CZ.webp', '2024-09-27 11:47:28', '2024-09-27 11:47:28'),
(4040, 157, 6736, '/assets/product_logo/rdVNuPUBXOkX6CZ.webp', '2024-09-27 11:47:28', '2024-09-27 11:47:28'),
(4041, 157, 6737, '/assets/product_logo/rdVNuPUBXOkX6CZ.webp', '2024-09-27 11:47:28', '2024-09-27 11:47:28'),
(4042, 157, 6738, '/assets/product_logo/rdVNuPUBXOkX6CZ.webp', '2024-09-27 11:47:28', '2024-09-27 11:47:28'),
(4043, 157, 6739, '/assets/product_logo/rdVNuPUBXOkX6CZ.webp', '2024-09-27 11:47:28', '2024-09-27 11:47:28'),
(4044, 157, 6740, '/assets/product_logo/rdVNuPUBXOkX6CZ.webp', '2024-09-27 11:47:28', '2024-09-27 11:47:28'),
(4045, 157, 6741, '/assets/product_logo/rdVNuPUBXOkX6CZ.webp', '2024-09-27 11:47:28', '2024-09-27 11:47:28'),
(4046, 157, 6742, '/assets/product_logo/rdVNuPUBXOkX6CZ.webp', '2024-09-27 11:47:28', '2024-09-27 11:47:28'),
(4047, 157, 6743, '/assets/product_logo/rdVNuPUBXOkX6CZ.webp', '2024-09-27 11:47:28', '2024-09-27 11:47:28'),
(4048, 157, 6733, '/assets/product_logo/rdVNuPUBXOkX6CZ.webp', '2024-09-27 11:47:28', '2024-09-27 11:47:28'),
(4049, 157, 6734, '/assets/product_logo/rdVNuPUBXOkX6CZ.webp', '2024-09-27 11:47:28', '2024-09-27 11:47:28'),
(4050, 157, 6735, '/assets/product_logo/rdVNuPUBXOkX6CZ.webp', '2024-09-27 11:47:28', '2024-09-27 11:47:28'),
(4058, 157, 6823, '/assets/product_logo/sUsRo2xHWQMg1dW.webp', '2024-09-27 11:59:32', '2024-09-27 11:59:32'),
(4059, 157, 6824, '/assets/product_logo/sUsRo2xHWQMg1dW.webp', '2024-09-27 11:59:32', '2024-09-27 11:59:32'),
(4060, 157, 6825, '/assets/product_logo/sUsRo2xHWQMg1dW.webp', '2024-09-27 11:59:32', '2024-09-27 11:59:32'),
(4061, 157, 6826, '/assets/product_logo/sUsRo2xHWQMg1dW.webp', '2024-09-27 11:59:32', '2024-09-27 11:59:32'),
(4062, 157, 6827, '/assets/product_logo/sUsRo2xHWQMg1dW.webp', '2024-09-27 11:59:32', '2024-09-27 11:59:32'),
(4063, 157, 6828, '/assets/product_logo/sUsRo2xHWQMg1dW.webp', '2024-09-27 11:59:32', '2024-09-27 11:59:32'),
(4064, 157, 6829, '/assets/product_logo/sUsRo2xHWQMg1dW.webp', '2024-09-27 11:59:32', '2024-09-27 11:59:32'),
(4065, 157, 6782, '/assets/product_logo/q2HMfJSV0SYagn4.webp', '2024-09-27 12:00:44', '2024-09-27 12:00:44'),
(4066, 157, 6784, '/assets/product_logo/q2HMfJSV0SYagn4.webp', '2024-09-27 12:00:44', '2024-09-27 12:00:44'),
(4067, 157, 6785, '/assets/product_logo/q2HMfJSV0SYagn4.webp', '2024-09-27 12:00:44', '2024-09-27 12:00:44'),
(4068, 157, 6786, '/assets/product_logo/q2HMfJSV0SYagn4.webp', '2024-09-27 12:00:44', '2024-09-27 12:00:44'),
(4069, 157, 6817, '/assets/product_logo/63tuCMVRO42oaD9.webp', '2024-09-27 12:01:18', '2024-09-27 12:01:18'),
(4070, 157, 6818, '/assets/product_logo/63tuCMVRO42oaD9.webp', '2024-09-27 12:01:18', '2024-09-27 12:01:18'),
(4071, 157, 6819, '/assets/product_logo/63tuCMVRO42oaD9.webp', '2024-09-27 12:01:18', '2024-09-27 12:01:18'),
(4072, 157, 6820, '/assets/product_logo/63tuCMVRO42oaD9.webp', '2024-09-27 12:01:18', '2024-09-27 12:01:18'),
(4073, 157, 6821, '/assets/product_logo/63tuCMVRO42oaD9.webp', '2024-09-27 12:01:18', '2024-09-27 12:01:18'),
(4074, 157, 6822, '/assets/product_logo/63tuCMVRO42oaD9.webp', '2024-09-27 12:01:18', '2024-09-27 12:01:18'),
(4075, 157, 6805, '/assets/product_logo/JcHnEfXK8rlME4F.webp', '2024-09-27 12:02:04', '2024-09-27 12:02:04'),
(4076, 157, 6810, '/assets/product_logo/JcHnEfXK8rlME4F.webp', '2024-09-27 12:02:04', '2024-09-27 12:02:04'),
(4077, 157, 6812, '/assets/product_logo/JcHnEfXK8rlME4F.webp', '2024-09-27 12:02:04', '2024-09-27 12:02:04'),
(4078, 157, 6814, '/assets/product_logo/JcHnEfXK8rlME4F.webp', '2024-09-27 12:02:04', '2024-09-27 12:02:04'),
(4079, 157, 6815, '/assets/product_logo/JcHnEfXK8rlME4F.webp', '2024-09-27 12:02:04', '2024-09-27 12:02:04'),
(4080, 157, 6816, '/assets/product_logo/JcHnEfXK8rlME4F.webp', '2024-09-27 12:02:04', '2024-09-27 12:02:04'),
(4081, 157, 6806, '/assets/product_logo/JcHnEfXK8rlME4F.webp', '2024-09-27 12:02:04', '2024-09-27 12:02:04'),
(4082, 157, 6807, '/assets/product_logo/JcHnEfXK8rlME4F.webp', '2024-09-27 12:02:04', '2024-09-27 12:02:04'),
(4083, 157, 6808, '/assets/product_logo/JcHnEfXK8rlME4F.webp', '2024-09-27 12:02:04', '2024-09-27 12:02:04'),
(4084, 91, 6809, '/assets/product_logo/s4YvNPqGjfymIDi.webp', '2024-09-27 12:03:17', '2024-09-27 12:03:17'),
(4085, 91, 6811, '/assets/product_logo/AgDqpJLa9hLgDnH.webp', '2024-09-27 12:03:29', '2024-09-27 12:03:29'),
(4086, 91, 6813, '/assets/product_logo/Tzuc6hExS4vCmJ4.webp', '2024-09-27 12:03:44', '2024-09-27 12:03:44'),
(4087, 157, 6793, '/assets/product_logo/VErnsV9SMHEE6Bg.webp', '2024-09-27 12:04:36', '2024-09-27 12:04:36'),
(4088, 157, 6798, '/assets/product_logo/VErnsV9SMHEE6Bg.webp', '2024-09-27 12:04:36', '2024-09-27 12:04:36'),
(4089, 157, 6801, '/assets/product_logo/VErnsV9SMHEE6Bg.webp', '2024-09-27 12:04:36', '2024-09-27 12:04:36'),
(4090, 157, 6802, '/assets/product_logo/VErnsV9SMHEE6Bg.webp', '2024-09-27 12:04:36', '2024-09-27 12:04:36'),
(4091, 157, 6794, '/assets/product_logo/VErnsV9SMHEE6Bg.webp', '2024-09-27 12:04:36', '2024-09-27 12:04:36'),
(4092, 157, 6795, '/assets/product_logo/VErnsV9SMHEE6Bg.webp', '2024-09-27 12:04:36', '2024-09-27 12:04:36'),
(4093, 157, 6796, '/assets/product_logo/VErnsV9SMHEE6Bg.webp', '2024-09-27 12:04:36', '2024-09-27 12:04:36'),
(4094, 91, 6797, '/assets/product_logo/Khw4xC1HunhdRna.webp', '2024-09-27 12:05:16', '2024-09-27 12:05:16'),
(4095, 91, 6799, '/assets/product_logo/Khw4xC1HunhdRna.webp', '2024-09-27 12:05:16', '2024-09-27 12:05:16'),
(4096, 91, 6800, '/assets/product_logo/Khw4xC1HunhdRna.webp', '2024-09-27 12:05:16', '2024-09-27 12:05:16'),
(4097, 91, 6803, '/assets/product_logo/Khw4xC1HunhdRna.webp', '2024-09-27 12:05:16', '2024-09-27 12:05:16'),
(4098, 91, 6804, '/assets/product_logo/Khw4xC1HunhdRna.webp', '2024-09-27 12:05:16', '2024-09-27 12:05:16'),
(4099, 91, 6844, '/assets/product_logo/uGUionb5wyha7rp.webp', '2024-09-27 12:08:44', '2024-09-27 12:08:44'),
(4100, 119, 6837, '/assets/product_logo/QZIdNOjBfdPQ4M7.webp', '2024-09-27 12:09:18', '2024-09-27 12:09:18'),
(4101, 119, 6846, '/assets/product_logo/QZIdNOjBfdPQ4M7.webp', '2024-09-27 12:09:18', '2024-09-27 12:09:18'),
(4102, 119, 6848, '/assets/product_logo/QZIdNOjBfdPQ4M7.webp', '2024-09-27 12:09:18', '2024-09-27 12:09:18'),
(4103, 119, 6840, '/assets/product_logo/QZIdNOjBfdPQ4M7.webp', '2024-09-27 12:09:18', '2024-09-27 12:09:18'),
(4104, 119, 6841, '/assets/product_logo/QZIdNOjBfdPQ4M7.webp', '2024-09-27 12:09:18', '2024-09-27 12:09:18'),
(4105, 120, 6843, '/assets/product_logo/DVAV0wBKY58SATG.webp', '2024-09-27 12:10:05', '2024-09-27 12:10:05'),
(4106, 120, 6845, '/assets/product_logo/DVAV0wBKY58SATG.webp', '2024-09-27 12:10:05', '2024-09-27 12:10:05'),
(4107, 120, 6847, '/assets/product_logo/DVAV0wBKY58SATG.webp', '2024-09-27 12:10:05', '2024-09-27 12:10:05'),
(4108, 120, 6849, '/assets/product_logo/DVAV0wBKY58SATG.webp', '2024-09-27 12:10:05', '2024-09-27 12:10:05'),
(4109, 120, 6838, '/assets/product_logo/DVAV0wBKY58SATG.webp', '2024-09-27 12:10:05', '2024-09-27 12:10:05'),
(4110, 120, 6839, '/assets/product_logo/DVAV0wBKY58SATG.webp', '2024-09-27 12:10:05', '2024-09-27 12:10:05'),
(4111, 120, 6842, '/assets/product_logo/DVAV0wBKY58SATG.webp', '2024-09-27 12:10:05', '2024-09-27 12:10:05'),
(4112, 157, 6774, '/assets/product_logo/STbVW155EhzJwX4.webp', '2024-09-27 12:13:58', '2024-09-27 12:13:58'),
(4113, 157, 6775, '/assets/product_logo/STbVW155EhzJwX4.webp', '2024-09-27 12:13:58', '2024-09-27 12:13:58'),
(4114, 157, 6776, '/assets/product_logo/STbVW155EhzJwX4.webp', '2024-09-27 12:13:58', '2024-09-27 12:13:58'),
(4115, 157, 6777, '/assets/product_logo/STbVW155EhzJwX4.webp', '2024-09-27 12:13:58', '2024-09-27 12:13:58'),
(4116, 157, 6778, '/assets/product_logo/STbVW155EhzJwX4.webp', '2024-09-27 12:13:58', '2024-09-27 12:13:58'),
(4117, 157, 6779, '/assets/product_logo/STbVW155EhzJwX4.webp', '2024-09-27 12:13:58', '2024-09-27 12:13:58'),
(4118, 157, 6780, '/assets/product_logo/STbVW155EhzJwX4.webp', '2024-09-27 12:13:58', '2024-09-27 12:13:58'),
(4119, 157, 6781, '/assets/product_logo/STbVW155EhzJwX4.webp', '2024-09-27 12:13:58', '2024-09-27 12:13:58'),
(4120, 157, 6759, '/assets/product_logo/niWsKxHWpR395KG.webp', '2024-09-27 12:14:50', '2024-09-27 12:14:50'),
(4121, 157, 6760, '/assets/product_logo/niWsKxHWpR395KG.webp', '2024-09-27 12:14:50', '2024-09-27 12:14:50'),
(4122, 157, 6761, '/assets/product_logo/niWsKxHWpR395KG.webp', '2024-09-27 12:14:50', '2024-09-27 12:14:50'),
(4123, 157, 6762, '/assets/product_logo/niWsKxHWpR395KG.webp', '2024-09-27 12:14:50', '2024-09-27 12:14:50'),
(4124, 157, 6763, '/assets/product_logo/niWsKxHWpR395KG.webp', '2024-09-27 12:14:50', '2024-09-27 12:14:50'),
(4125, 157, 6764, '/assets/product_logo/niWsKxHWpR395KG.webp', '2024-09-27 12:14:50', '2024-09-27 12:14:50'),
(4126, 157, 6765, '/assets/product_logo/niWsKxHWpR395KG.webp', '2024-09-27 12:14:50', '2024-09-27 12:14:50'),
(4127, 157, 6766, '/assets/product_logo/niWsKxHWpR395KG.webp', '2024-09-27 12:14:50', '2024-09-27 12:14:50'),
(4128, 157, 6752, '/assets/product_logo/dbbvTkJs8rmc2Tn.webp', '2024-09-27 12:18:24', '2024-09-27 12:18:24'),
(4129, 157, 6753, '/assets/product_logo/dbbvTkJs8rmc2Tn.webp', '2024-09-27 12:18:24', '2024-09-27 12:18:24'),
(4130, 157, 6754, '/assets/product_logo/dbbvTkJs8rmc2Tn.webp', '2024-09-27 12:18:24', '2024-09-27 12:18:24'),
(4131, 157, 6755, '/assets/product_logo/dbbvTkJs8rmc2Tn.webp', '2024-09-27 12:18:24', '2024-09-27 12:18:24'),
(4132, 157, 6756, '/assets/product_logo/dbbvTkJs8rmc2Tn.webp', '2024-09-27 12:18:24', '2024-09-27 12:18:24'),
(4133, 157, 6757, '/assets/product_logo/dbbvTkJs8rmc2Tn.webp', '2024-09-27 12:18:24', '2024-09-27 12:18:24'),
(4134, 157, 6758, '/assets/product_logo/dbbvTkJs8rmc2Tn.webp', '2024-09-27 12:18:24', '2024-09-27 12:18:24'),
(4135, 157, 6744, '/assets/product_logo/EDs0rrA5GUWrDGb.webp', '2024-09-27 12:19:08', '2024-09-27 12:19:08'),
(4136, 157, 6745, '/assets/product_logo/EDs0rrA5GUWrDGb.webp', '2024-09-27 12:19:08', '2024-09-27 12:19:08'),
(4137, 157, 6746, '/assets/product_logo/EDs0rrA5GUWrDGb.webp', '2024-09-27 12:19:08', '2024-09-27 12:19:08'),
(4138, 157, 6747, '/assets/product_logo/EDs0rrA5GUWrDGb.webp', '2024-09-27 12:19:08', '2024-09-27 12:19:08'),
(4139, 157, 6748, '/assets/product_logo/EDs0rrA5GUWrDGb.webp', '2024-09-27 12:19:08', '2024-09-27 12:19:08'),
(4140, 157, 6749, '/assets/product_logo/EDs0rrA5GUWrDGb.webp', '2024-09-27 12:19:08', '2024-09-27 12:19:08'),
(4141, 157, 6750, '/assets/product_logo/EDs0rrA5GUWrDGb.webp', '2024-09-27 12:19:08', '2024-09-27 12:19:08'),
(4142, 157, 6751, '/assets/product_logo/EDs0rrA5GUWrDGb.webp', '2024-09-27 12:19:08', '2024-09-27 12:19:08'),
(4148, 155, 6855, '/assets/product_logo/3YJtevA8ukC8uqI.webp', '2024-09-29 12:04:01', '2024-09-29 12:04:01'),
(4149, 155, 6856, '/assets/product_logo/3YJtevA8ukC8uqI.webp', '2024-09-29 12:04:01', '2024-09-29 12:04:01'),
(4150, 155, 6857, '/assets/product_logo/d74vlHCTDE6nKcw.jpg', '2024-09-29 13:35:53', '2024-09-29 13:35:53'),
(4151, 155, 6859, '/assets/product_logo/d74vlHCTDE6nKcw.jpg', '2024-09-29 13:35:53', '2024-09-29 13:35:53'),
(4152, 155, 6860, '/assets/product_logo/d74vlHCTDE6nKcw.jpg', '2024-09-29 13:35:53', '2024-09-29 13:35:53'),
(4153, 155, 6861, '/assets/product_logo/d74vlHCTDE6nKcw.jpg', '2024-09-29 13:35:53', '2024-09-29 13:35:53'),
(4154, 155, 6862, '/assets/product_logo/d74vlHCTDE6nKcw.jpg', '2024-09-29 13:35:53', '2024-09-29 13:35:53'),
(4155, 155, 6863, '/assets/product_logo/d74vlHCTDE6nKcw.jpg', '2024-09-29 13:35:53', '2024-09-29 13:35:53'),
(4156, 155, 6864, '/assets/product_logo/d74vlHCTDE6nKcw.jpg', '2024-09-29 13:35:53', '2024-09-29 13:35:53'),
(4157, 155, 6865, '/assets/product_logo/d74vlHCTDE6nKcw.jpg', '2024-09-29 13:35:53', '2024-09-29 13:35:53'),
(4158, 155, 6858, '/assets/product_logo/d74vlHCTDE6nKcw.jpg', '2024-09-29 13:35:53', '2024-09-29 13:35:53'),
(4159, 155, 6866, '/assets/product_logo/5LZBhdBnfuv5xyv.jpg', '2024-09-29 13:38:01', '2024-09-29 13:38:01'),
(4160, 155, 6873, '/assets/product_logo/5LZBhdBnfuv5xyv.jpg', '2024-09-29 13:38:01', '2024-09-29 13:38:01'),
(4161, 155, 6874, '/assets/product_logo/5LZBhdBnfuv5xyv.jpg', '2024-09-29 13:38:01', '2024-09-29 13:38:01'),
(4162, 155, 6875, '/assets/product_logo/5LZBhdBnfuv5xyv.jpg', '2024-09-29 13:38:01', '2024-09-29 13:38:01'),
(4163, 155, 6876, '/assets/product_logo/5LZBhdBnfuv5xyv.jpg', '2024-09-29 13:38:01', '2024-09-29 13:38:01'),
(4164, 155, 6877, '/assets/product_logo/5LZBhdBnfuv5xyv.jpg', '2024-09-29 13:38:01', '2024-09-29 13:38:01'),
(4165, 155, 6878, '/assets/product_logo/5LZBhdBnfuv5xyv.jpg', '2024-09-29 13:38:01', '2024-09-29 13:38:01'),
(4166, 155, 6879, '/assets/product_logo/5LZBhdBnfuv5xyv.jpg', '2024-09-29 13:38:01', '2024-09-29 13:38:01'),
(4167, 155, 6867, '/assets/product_logo/5LZBhdBnfuv5xyv.jpg', '2024-09-29 13:38:01', '2024-09-29 13:38:01'),
(4168, 155, 6868, '/assets/product_logo/5LZBhdBnfuv5xyv.jpg', '2024-09-29 13:38:01', '2024-09-29 13:38:01'),
(4169, 155, 6869, '/assets/product_logo/5LZBhdBnfuv5xyv.jpg', '2024-09-29 13:38:01', '2024-09-29 13:38:01'),
(4170, 155, 6870, '/assets/product_logo/5LZBhdBnfuv5xyv.jpg', '2024-09-29 13:38:01', '2024-09-29 13:38:01'),
(4171, 155, 6871, '/assets/product_logo/5LZBhdBnfuv5xyv.jpg', '2024-09-29 13:38:01', '2024-09-29 13:38:01'),
(4172, 155, 6880, '/assets/product_logo/qEbV2ZyjydnJMAk.jpg', '2024-09-29 13:38:58', '2024-09-29 13:38:58'),
(4173, 155, 6883, '/assets/product_logo/qEbV2ZyjydnJMAk.jpg', '2024-09-29 13:38:58', '2024-09-29 13:38:58'),
(4174, 155, 6884, '/assets/product_logo/qEbV2ZyjydnJMAk.jpg', '2024-09-29 13:38:58', '2024-09-29 13:38:58'),
(4175, 155, 6885, '/assets/product_logo/qEbV2ZyjydnJMAk.jpg', '2024-09-29 13:38:58', '2024-09-29 13:38:58'),
(4176, 155, 6886, '/assets/product_logo/qEbV2ZyjydnJMAk.jpg', '2024-09-29 13:38:58', '2024-09-29 13:38:58'),
(4177, 155, 6887, '/assets/product_logo/qEbV2ZyjydnJMAk.jpg', '2024-09-29 13:38:58', '2024-09-29 13:38:58'),
(4178, 155, 6888, '/assets/product_logo/qEbV2ZyjydnJMAk.jpg', '2024-09-29 13:38:58', '2024-09-29 13:38:58'),
(4179, 155, 6889, '/assets/product_logo/qEbV2ZyjydnJMAk.jpg', '2024-09-29 13:38:58', '2024-09-29 13:38:58'),
(4180, 155, 6890, '/assets/product_logo/qEbV2ZyjydnJMAk.jpg', '2024-09-29 13:38:58', '2024-09-29 13:38:58'),
(4181, 155, 6881, '/assets/product_logo/qEbV2ZyjydnJMAk.jpg', '2024-09-29 13:38:58', '2024-09-29 13:38:58'),
(4182, 155, 6882, '/assets/product_logo/qEbV2ZyjydnJMAk.jpg', '2024-09-29 13:38:58', '2024-09-29 13:38:58'),
(4183, 155, 6891, '/assets/product_logo/UzfuPTV6ArRT55C.webp', '2024-09-29 13:46:49', '2024-09-29 13:46:49'),
(4184, 155, 6893, '/assets/product_logo/UzfuPTV6ArRT55C.webp', '2024-09-29 13:46:49', '2024-09-29 13:46:49'),
(4185, 155, 6894, '/assets/product_logo/UzfuPTV6ArRT55C.webp', '2024-09-29 13:46:49', '2024-09-29 13:46:49'),
(4186, 155, 6895, '/assets/product_logo/UzfuPTV6ArRT55C.webp', '2024-09-29 13:46:49', '2024-09-29 13:46:49'),
(4187, 155, 6896, '/assets/product_logo/UzfuPTV6ArRT55C.webp', '2024-09-29 13:46:49', '2024-09-29 13:46:49'),
(4188, 155, 6897, '/assets/product_logo/UzfuPTV6ArRT55C.webp', '2024-09-29 13:46:49', '2024-09-29 13:46:49'),
(4189, 155, 6898, '/assets/product_logo/UzfuPTV6ArRT55C.webp', '2024-09-29 13:46:49', '2024-09-29 13:46:49'),
(4190, 155, 6899, '/assets/product_logo/UzfuPTV6ArRT55C.webp', '2024-09-29 13:46:49', '2024-09-29 13:46:49'),
(4191, 155, 6900, '/assets/product_logo/UzfuPTV6ArRT55C.webp', '2024-09-29 13:46:49', '2024-09-29 13:46:49'),
(4192, 155, 6892, '/assets/product_logo/UzfuPTV6ArRT55C.webp', '2024-09-29 13:46:49', '2024-09-29 13:46:49'),
(4193, 155, 6787, '/assets/product_logo/1U07RxIc9eXSdr8.webp', '2024-09-29 13:47:23', '2024-09-29 13:47:23'),
(4194, 155, 6788, '/assets/product_logo/1U07RxIc9eXSdr8.webp', '2024-09-29 13:47:23', '2024-09-29 13:47:23'),
(4195, 155, 6789, '/assets/product_logo/1U07RxIc9eXSdr8.webp', '2024-09-29 13:47:23', '2024-09-29 13:47:23'),
(4196, 155, 6790, '/assets/product_logo/1U07RxIc9eXSdr8.webp', '2024-09-29 13:47:23', '2024-09-29 13:47:23'),
(4197, 155, 6791, '/assets/product_logo/1U07RxIc9eXSdr8.webp', '2024-09-29 13:47:23', '2024-09-29 13:47:23'),
(4198, 155, 6792, '/assets/product_logo/1U07RxIc9eXSdr8.webp', '2024-09-29 13:47:23', '2024-09-29 13:47:23'),
(4199, 124, 6908, '/assets/product_logo/cg21IiuZR2TDCay.webp', '2024-09-29 15:47:31', '2024-09-29 15:47:31'),
(4200, 124, 6909, '/assets/product_logo/cg21IiuZR2TDCay.webp', '2024-09-29 15:47:31', '2024-09-29 15:47:31'),
(4201, 124, 6910, '/assets/product_logo/cg21IiuZR2TDCay.webp', '2024-09-29 15:47:31', '2024-09-29 15:47:31'),
(4202, 124, 6911, '/assets/product_logo/cg21IiuZR2TDCay.webp', '2024-09-29 15:47:31', '2024-09-29 15:47:31'),
(4203, 124, 6912, '/assets/product_logo/cg21IiuZR2TDCay.webp', '2024-09-29 15:47:31', '2024-09-29 15:47:31'),
(4204, 124, 6913, '/assets/product_logo/cg21IiuZR2TDCay.webp', '2024-09-29 15:47:31', '2024-09-29 15:47:31'),
(4205, 124, 6914, '/assets/product_logo/cg21IiuZR2TDCay.webp', '2024-09-29 15:47:31', '2024-09-29 15:47:31'),
(4206, 124, 6915, '/assets/product_logo/ykEH4nvvNc0FVZX.webp', '2024-09-29 16:05:06', '2024-09-29 16:05:06'),
(4207, 124, 6916, '/assets/product_logo/ykEH4nvvNc0FVZX.webp', '2024-09-29 16:05:06', '2024-09-29 16:05:06'),
(4208, 124, 6917, '/assets/product_logo/ykEH4nvvNc0FVZX.webp', '2024-09-29 16:05:06', '2024-09-29 16:05:06'),
(4209, 124, 6918, '/assets/product_logo/ykEH4nvvNc0FVZX.webp', '2024-09-29 16:05:06', '2024-09-29 16:05:06'),
(4210, 124, 6919, '/assets/product_logo/ykEH4nvvNc0FVZX.webp', '2024-09-29 16:05:06', '2024-09-29 16:05:06'),
(4211, 124, 6920, '/assets/product_logo/ykEH4nvvNc0FVZX.webp', '2024-09-29 16:05:06', '2024-09-29 16:05:06'),
(4212, 124, 6921, '/assets/product_logo/diaW388KJuNt8qm.webp', '2024-09-29 16:05:33', '2024-09-29 16:05:33'),
(4213, 124, 6922, '/assets/product_logo/diaW388KJuNt8qm.webp', '2024-09-29 16:05:33', '2024-09-29 16:05:33'),
(4214, 124, 6923, '/assets/product_logo/diaW388KJuNt8qm.webp', '2024-09-29 16:05:33', '2024-09-29 16:05:33'),
(4215, 124, 6924, '/assets/product_logo/diaW388KJuNt8qm.webp', '2024-09-29 16:05:33', '2024-09-29 16:05:33'),
(4216, 124, 6925, '/assets/product_logo/diaW388KJuNt8qm.webp', '2024-09-29 16:05:33', '2024-09-29 16:05:33'),
(4217, 124, 6926, '/assets/product_logo/diaW388KJuNt8qm.webp', '2024-09-29 16:05:33', '2024-09-29 16:05:33'),
(4218, 124, 6927, '/assets/product_logo/T84thgGDg5r8g6f.webp', '2024-09-29 16:06:27', '2024-09-29 16:06:27'),
(4219, 124, 6928, '/assets/product_logo/T84thgGDg5r8g6f.webp', '2024-09-29 16:06:27', '2024-09-29 16:06:27'),
(4220, 124, 6929, '/assets/product_logo/T84thgGDg5r8g6f.webp', '2024-09-29 16:06:27', '2024-09-29 16:06:27'),
(4221, 124, 6930, '/assets/product_logo/T84thgGDg5r8g6f.webp', '2024-09-29 16:06:27', '2024-09-29 16:06:27'),
(4222, 124, 6931, '/assets/product_logo/T84thgGDg5r8g6f.webp', '2024-09-29 16:06:27', '2024-09-29 16:06:27'),
(4223, 124, 6932, '/assets/product_logo/jAz4rRIVHIK3j77.jpg', '2024-09-29 16:07:05', '2024-09-29 16:07:05'),
(4224, 124, 6933, '/assets/product_logo/jAz4rRIVHIK3j77.jpg', '2024-09-29 16:07:05', '2024-09-29 16:07:05'),
(4225, 155, 6934, '/assets/product_logo/AYPpEDHnnLnWAhc.webp', '2024-10-02 21:49:36', '2024-10-02 21:49:36'),
(4226, 155, 6935, '/assets/product_logo/AYPpEDHnnLnWAhc.webp', '2024-10-02 21:49:36', '2024-10-02 21:49:36'),
(4227, 155, 6936, '/assets/product_logo/AYPpEDHnnLnWAhc.webp', '2024-10-02 21:49:36', '2024-10-02 21:49:36'),
(4228, 155, 6937, '/assets/product_logo/AYPpEDHnnLnWAhc.webp', '2024-10-02 21:49:36', '2024-10-02 21:49:36'),
(4229, 155, 6938, '/assets/product_logo/AYPpEDHnnLnWAhc.webp', '2024-10-02 21:49:36', '2024-10-02 21:49:36'),
(4230, 155, 6939, '/assets/product_logo/AYPpEDHnnLnWAhc.webp', '2024-10-02 21:49:36', '2024-10-02 21:49:36'),
(4231, 155, 6940, '/assets/product_logo/AYPpEDHnnLnWAhc.webp', '2024-10-02 21:49:36', '2024-10-02 21:49:36'),
(4232, 155, 6941, '/assets/product_logo/QidqZJNPrm9wcNJ.webp', '2024-10-02 22:59:32', '2024-10-02 22:59:32'),
(4233, 155, 6942, '/assets/product_logo/QidqZJNPrm9wcNJ.webp', '2024-10-02 22:59:32', '2024-10-02 22:59:32'),
(4234, 155, 6943, '/assets/product_logo/QidqZJNPrm9wcNJ.webp', '2024-10-02 22:59:32', '2024-10-02 22:59:32'),
(4235, 155, 6944, '/assets/product_logo/QidqZJNPrm9wcNJ.webp', '2024-10-02 22:59:32', '2024-10-02 22:59:32'),
(4236, 155, 6945, '/assets/product_logo/QidqZJNPrm9wcNJ.webp', '2024-10-02 22:59:32', '2024-10-02 22:59:32'),
(4237, 155, 6946, '/assets/product_logo/QidqZJNPrm9wcNJ.webp', '2024-10-02 22:59:32', '2024-10-02 22:59:32'),
(4238, 155, 6947, '/assets/product_logo/QidqZJNPrm9wcNJ.webp', '2024-10-02 22:59:32', '2024-10-02 22:59:32'),
(4239, 130, 6948, '/assets/product_logo/nS3WDSyPNQwrdFS.webp', '2025-04-01 12:32:57', '2025-04-01 12:32:57'),
(4240, 130, 6949, '/assets/product_logo/2CAr0tL6E1kETzk.webp', '2025-04-05 11:17:14', '2025-04-05 11:17:14'),
(4241, 158, 6950, '/assets/product_logo/tcYpuVd1XGtnHQL.jpg', '2025-04-11 08:59:19', '2025-04-11 08:59:19');

-- --------------------------------------------------------

--
-- Table structure for table `pembayarans`
--

CREATE TABLE `pembayarans` (
  `id` bigint(20) UNSIGNED NOT NULL,
  `order_id` varchar(255) NOT NULL,
  `harga` varchar(255) NOT NULL,
  `no_pembayaran` text NOT NULL,
  `no_pembeli` varchar(20) NOT NULL,
  `status` varchar(255) NOT NULL,
  `metode` varchar(255) NOT NULL,
  `reference` varchar(255) DEFAULT NULL,
  `created_at` timestamp NULL DEFAULT NULL,
  `updated_at` timestamp NULL DEFAULT NULL
) ENGINE=InnoDB DEFAULT CHARSET=utf8mb4 COLLATE=utf8mb4_unicode_ci;

-- --------------------------------------------------------

--
-- Table structure for table `pembelians`
--

CREATE TABLE `pembelians` (
  `id` bigint(20) UNSIGNED NOT NULL,
  `order_id` varchar(255) NOT NULL,
  `username` varchar(255) DEFAULT NULL,
  `user_id` varchar(255) NOT NULL,
  `zone` varchar(255) DEFAULT NULL,
  `nickname` varchar(255) DEFAULT NULL,
  `layanan` varchar(255) NOT NULL,
  `harga` int(11) NOT NULL,
  `profit` int(11) NOT NULL,
  `provider_order_id` varchar(255) DEFAULT NULL,
  `status` varchar(255) NOT NULL,
  `log` varchar(1000) DEFAULT NULL,
  `voucher` varchar(255) DEFAULT NULL,
  `message` varchar(255) DEFAULT NULL,
  `tipe_transaksi` varchar(255) NOT NULL DEFAULT 'game',
  `ip_address` varchar(2225) DEFAULT NULL,
  `created_at` timestamp NULL DEFAULT NULL,
  `updated_at` timestamp NULL DEFAULT NULL
) ENGINE=InnoDB DEFAULT CHARSET=utf8mb4 COLLATE=utf8mb4_unicode_ci;

-- --------------------------------------------------------

--
-- Table structure for table `ratings`
--

CREATE TABLE `ratings` (
  `id` bigint(20) UNSIGNED NOT NULL,
  `rating_id` varchar(255) CHARACTER SET utf8mb4 COLLATE utf8mb4_unicode_ci NOT NULL,
  `kategori_id` varchar(225) CHARACTER SET utf8mb4 COLLATE utf8mb4_unicode_ci NOT NULL,
  `bintang` varchar(255) CHARACTER SET utf8mb4 COLLATE utf8mb4_unicode_ci NOT NULL,
  `comment` varchar(255) CHARACTER SET utf8mb4 COLLATE utf8mb4_unicode_ci NOT NULL,
  `username` varchar(225) CHARACTER SET utf8mb4 COLLATE utf8mb4_unicode_ci NOT NULL,
  `layanan` varchar(225) CHARACTER SET utf8mb4 COLLATE utf8mb4_unicode_ci NOT NULL,
  `no_pembeli` varchar(225) CHARACTER SET utf8mb4 COLLATE utf8mb4_unicode_ci NOT NULL,
  `created_at` timestamp NULL DEFAULT current_timestamp(),
  `updated_at` timestamp NULL DEFAULT current_timestamp()
) ENGINE=InnoDB DEFAULT CHARSET=latin1 COLLATE=latin1_swedish_ci;

-- --------------------------------------------------------

--
-- Table structure for table `vouchers`
--

CREATE TABLE `vouchers` (
  `id` int(11) NOT NULL,
  `kode` varchar(255) NOT NULL,
  `promo` int(11) NOT NULL,
  `stock` int(11) NOT NULL,
  `max_potongan` int(11) NOT NULL,
  `created_at` timestamp NULL DEFAULT NULL,
  `updated_at` timestamp NULL DEFAULT NULL
) ENGINE=InnoDB DEFAULT CHARSET=latin1 COLLATE=latin1_swedish_ci;

--
-- Dumping data for table `vouchers`
--

INSERT INTO `vouchers` (`id`, `kode`, `promo`, `stock`, `max_potongan`, `created_at`, `updated_at`) VALUES
(9, 'tes', 10, 10, 10000, '2025-04-05 10:47:53', '2025-04-05 10:47:53');

-- --------------------------------------------------------

--
-- Table structure for table `whitelisted_ips`
--

CREATE TABLE `whitelisted_ips` (
  `id` bigint(30) UNSIGNED NOT NULL,
  `ip_address` varchar(225) CHARACTER SET utf8mb4 COLLATE utf8mb4_unicode_ci NOT NULL,
  `created_at` timestamp NULL DEFAULT NULL,
  `updated_at` timestamp NULL DEFAULT NULL
) ENGINE=InnoDB DEFAULT CHARSET=latin1 COLLATE=latin1_swedish_ci;

--
-- Dumping data for table `whitelisted_ips`
--

INSERT INTO `whitelisted_ips` (`id`, `ip_address`, `created_at`, `updated_at`) VALUES
(74, '120.188.39.173', '2025-03-09 03:56:44', '2025-03-09 03:56:44'),
(75, '114.10.74.159', '2025-04-01 10:26:25', '2025-04-01 10:26:25'),
(76, '114.10.70.122', '2025-04-05 10:23:22', '2025-04-05 10:23:22'),
(77, '114.4.214.107', '2025-04-05 14:20:23', '2025-04-05 14:20:23'),
(78, '120.188.36.140', '2025-04-08 04:16:39', '2025-04-08 04:16:39'),
(79, '140.213.42.189', '2025-04-09 13:45:28', '2025-04-09 13:45:28'),
(80, '114.10.118.37', '2025-04-09 13:46:14', '2025-04-09 13:46:14'),
(81, '118.136.128.46', '2025-04-11 08:47:58', '2025-04-11 08:47:58'),
(82, '114.4.215.29', '2025-04-11 08:48:34', '2025-04-11 08:48:34');

-- --------------------------------------------------------

--
-- Table structure for table `withdrawals`
--

CREATE TABLE `withdrawals` (
  `id` int(30) NOT NULL,
  `rekening` varchar(225) NOT NULL,
  `total_transfer` decimal(15,2) NOT NULL,
  `biaya_admin` decimal(10,2) NOT NULL,
  `status` varchar(255) NOT NULL,
  `created_at` timestamp NULL DEFAULT NULL,
  `updated_at` timestamp NULL DEFAULT NULL
) ENGINE=InnoDB DEFAULT CHARSET=utf8mb4 COLLATE=utf8mb4_unicode_ci;

--
-- Indexes for dumped tables
--

--
-- Indexes for table `beritas`
--
ALTER TABLE `beritas`
  ADD PRIMARY KEY (`id`);

--
-- Indexes for table `custom_inputs`
--
ALTER TABLE `custom_inputs`
  ADD PRIMARY KEY (`id`);

--
-- Indexes for table `data_joki`
--
ALTER TABLE `data_joki`
  ADD PRIMARY KEY (`id`);

--
-- Indexes for table `deposits`
--
ALTER TABLE `deposits`
  ADD PRIMARY KEY (`id`);

--
-- Indexes for table `failed_jobs`
--
ALTER TABLE `failed_jobs`
  ADD PRIMARY KEY (`id`),
  ADD UNIQUE KEY `failed_jobs_uuid_unique` (`uuid`);

--
-- Indexes for table `kategoris`
--
ALTER TABLE `kategoris`
  ADD PRIMARY KEY (`id`);

--
-- Indexes for table `layanans`
--
ALTER TABLE `layanans`
  ADD PRIMARY KEY (`id`);

--
-- Indexes for table `methods`
--
ALTER TABLE `methods`
  ADD PRIMARY KEY (`id`);

--
-- Indexes for table `migrations`
--
ALTER TABLE `migrations`
  ADD PRIMARY KEY (`id`);

--
-- Indexes for table `pakets`
--
ALTER TABLE `pakets`
  ADD PRIMARY KEY (`id`);

--
-- Indexes for table `paket_layanans`
--
ALTER TABLE `paket_layanans`
  ADD PRIMARY KEY (`id`),
  ADD KEY `paket_id` (`paket_id`),
  ADD KEY `layanan_id` (`layanan_id`);

--
-- Indexes for table `pembayarans`
--
ALTER TABLE `pembayarans`
  ADD PRIMARY KEY (`id`);

--
-- Indexes for table `pembelians`
--
ALTER TABLE `pembelians`
  ADD PRIMARY KEY (`id`);

--
-- Indexes for table `ratings`
--
ALTER TABLE `ratings`
  ADD PRIMARY KEY (`id`);

--
-- Indexes for table `vouchers`
--
ALTER TABLE `vouchers`
  ADD PRIMARY KEY (`id`);

--
-- Indexes for table `whitelisted_ips`
--
ALTER TABLE `whitelisted_ips`
  ADD PRIMARY KEY (`id`);

--
-- Indexes for table `withdrawals`
--
ALTER TABLE `withdrawals`
  ADD PRIMARY KEY (`id`);

--
-- AUTO_INCREMENT for dumped tables
--

--
-- AUTO_INCREMENT for table `beritas`
--
ALTER TABLE `beritas`
  MODIFY `id` bigint(20) UNSIGNED NOT NULL AUTO_INCREMENT, AUTO_INCREMENT=280;

--
-- AUTO_INCREMENT for table `custom_inputs`
--
ALTER TABLE `custom_inputs`
  MODIFY `id` bigint(20) UNSIGNED NOT NULL AUTO_INCREMENT, AUTO_INCREMENT=187;

--
-- AUTO_INCREMENT for table `data_joki`
--
ALTER TABLE `data_joki`
  MODIFY `id` bigint(20) UNSIGNED NOT NULL AUTO_INCREMENT, AUTO_INCREMENT=133;

--
-- AUTO_INCREMENT for table `deposits`
--
ALTER TABLE `deposits`
  MODIFY `id` bigint(20) UNSIGNED NOT NULL AUTO_INCREMENT, AUTO_INCREMENT=173;

--
-- AUTO_INCREMENT for table `failed_jobs`
--
ALTER TABLE `failed_jobs`
  MODIFY `id` bigint(20) UNSIGNED NOT NULL AUTO_INCREMENT;

--
-- AUTO_INCREMENT for table `kategoris`
--
ALTER TABLE `kategoris`
  MODIFY `id` bigint(20) UNSIGNED NOT NULL AUTO_INCREMENT, AUTO_INCREMENT=8672;

--
-- AUTO_INCREMENT for table `layanans`
--
ALTER TABLE `layanans`
  MODIFY `id` bigint(20) UNSIGNED NOT NULL AUTO_INCREMENT, AUTO_INCREMENT=6951;

--
-- AUTO_INCREMENT for table `methods`
--
ALTER TABLE `methods`
  MODIFY `id` int(11) NOT NULL AUTO_INCREMENT, AUTO_INCREMENT=105;

--
-- AUTO_INCREMENT for table `migrations`
--
ALTER TABLE `migrations`
  MODIFY `id` int(10) UNSIGNED NOT NULL AUTO_INCREMENT, AUTO_INCREMENT=22;

--
-- AUTO_INCREMENT for table `pakets`
--
ALTER TABLE `pakets`
  MODIFY `id` bigint(20) UNSIGNED NOT NULL AUTO_INCREMENT, AUTO_INCREMENT=163;

--
-- AUTO_INCREMENT for table `paket_layanans`
--
ALTER TABLE `paket_layanans`
  MODIFY `id` int(10) UNSIGNED NOT NULL AUTO_INCREMENT, AUTO_INCREMENT=4242;

--
-- AUTO_INCREMENT for table `pembayarans`
--
ALTER TABLE `pembayarans`
  MODIFY `id` bigint(20) UNSIGNED NOT NULL AUTO_INCREMENT, AUTO_INCREMENT=1986;

--
-- AUTO_INCREMENT for table `pembelians`
--
ALTER TABLE `pembelians`
  MODIFY `id` bigint(20) UNSIGNED NOT NULL AUTO_INCREMENT, AUTO_INCREMENT=1823;

--
-- AUTO_INCREMENT for table `ratings`
--
ALTER TABLE `ratings`
  MODIFY `id` bigint(20) UNSIGNED NOT NULL AUTO_INCREMENT, AUTO_INCREMENT=500;

--
-- AUTO_INCREMENT for table `vouchers`
--
ALTER TABLE `vouchers`
  MODIFY `id` int(11) NOT NULL AUTO_INCREMENT, AUTO_INCREMENT=10;

--
-- AUTO_INCREMENT for table `whitelisted_ips`
--
ALTER TABLE `whitelisted_ips`
  MODIFY `id` bigint(30) UNSIGNED NOT NULL AUTO_INCREMENT, AUTO_INCREMENT=83;

--
-- AUTO_INCREMENT for table `withdrawals`
--
ALTER TABLE `withdrawals`
  MODIFY `id` int(30) NOT NULL AUTO_INCREMENT;
COMMIT;

